INSERT INTO `mentorposts` (`ID`, `post_author`, `post_date`, `post_date_gmt`, `post_content`, `post_title`, `post_excerpt`, `post_status`, `comment_status`, `ping_status`, `post_password`, `post_name`, `to_ping`, `pinged`, `post_modified`, `post_modified_gmt`, `post_content_filtered`, `post_parent`, `guid`, `menu_order`, `post_type`, `post_mime_type`, `comment_count`) VALUES
(2213, 1, '2024-03-06 09:10:33', '2024-03-06 09:10:33', '<!-- wp:woocommerce/cart -->\n<div class=\"wp-block-woocommerce-cart alignwide is-loading\"><!-- wp:woocommerce/filled-cart-block -->\n<div class=\"wp-block-woocommerce-filled-cart-block\"><!-- wp:woocommerce/cart-items-block -->\n<div class=\"wp-block-woocommerce-cart-items-block\"><!-- wp:woocommerce/cart-line-items-block -->\n<div class=\"wp-block-woocommerce-cart-line-items-block\"></div>\n<!-- /wp:woocommerce/cart-line-items-block -->\n\n<!-- wp:woocommerce/cart-cross-sells-block -->\n<div class=\"wp-block-woocommerce-cart-cross-sells-block\"><!-- wp:heading {\"fontSize\":\"large\"} -->\n<h2 class=\"wp-block-heading has-large-font-size\">You may be interested in…</h2>\n<!-- /wp:heading -->\n\n<!-- wp:woocommerce/cart-cross-sells-products-block -->\n<div class=\"wp-block-woocommerce-cart-cross-sells-products-block\"></div>\n<!-- /wp:woocommerce/cart-cross-sells-products-block --></div>\n<!-- /wp:woocommerce/cart-cross-sells-block --></div>\n<!-- /wp:woocommerce/cart-items-block -->\n\n<!-- wp:woocommerce/cart-totals-block -->\n<div class=\"wp-block-woocommerce-cart-totals-block\"><!-- wp:woocommerce/cart-order-summary-block -->\n<div class=\"wp-block-woocommerce-cart-order-summary-block\"><!-- wp:woocommerce/cart-order-summary-heading-block -->\n<div class=\"wp-block-woocommerce-cart-order-summary-heading-block\"></div>\n<!-- /wp:woocommerce/cart-order-summary-heading-block -->\n\n<!-- wp:woocommerce/cart-order-summary-coupon-form-block -->\n<div class=\"wp-block-woocommerce-cart-order-summary-coupon-form-block\"></div>\n<!-- /wp:woocommerce/cart-order-summary-coupon-form-block -->\n\n<!-- wp:woocommerce/cart-order-summary-subtotal-block -->\n<div class=\"wp-block-woocommerce-cart-order-summary-subtotal-block\"></div>\n<!-- /wp:woocommerce/cart-order-summary-subtotal-block -->\n\n<!-- wp:woocommerce/cart-order-summary-fee-block -->\n<div class=\"wp-block-woocommerce-cart-order-summary-fee-block\"></div>\n<!-- /wp:woocommerce/cart-order-summary-fee-block -->\n\n<!-- wp:woocommerce/cart-order-summary-discount-block -->\n<div class=\"wp-block-woocommerce-cart-order-summary-discount-block\"></div>\n<!-- /wp:woocommerce/cart-order-summary-discount-block -->\n\n<!-- wp:woocommerce/cart-order-summary-shipping-block -->\n<div class=\"wp-block-woocommerce-cart-order-summary-shipping-block\"></div>\n<!-- /wp:woocommerce/cart-order-summary-shipping-block -->\n\n<!-- wp:woocommerce/cart-order-summary-taxes-block -->\n<div class=\"wp-block-woocommerce-cart-order-summary-taxes-block\"></div>\n<!-- /wp:woocommerce/cart-order-summary-taxes-block --></div>\n<!-- /wp:woocommerce/cart-order-summary-block -->\n\n<!-- wp:woocommerce/cart-express-payment-block -->\n<div class=\"wp-block-woocommerce-cart-express-payment-block\"></div>\n<!-- /wp:woocommerce/cart-express-payment-block -->\n\n<!-- wp:woocommerce/proceed-to-checkout-block -->\n<div class=\"wp-block-woocommerce-proceed-to-checkout-block\"></div>\n<!-- /wp:woocommerce/proceed-to-checkout-block -->\n\n<!-- wp:woocommerce/cart-accepted-payment-methods-block -->\n<div class=\"wp-block-woocommerce-cart-accepted-payment-methods-block\"></div>\n<!-- /wp:woocommerce/cart-accepted-payment-methods-block --></div>\n<!-- /wp:woocommerce/cart-totals-block --></div>\n<!-- /wp:woocommerce/filled-cart-block -->\n\n<!-- wp:woocommerce/empty-cart-block -->\n<div class=\"wp-block-woocommerce-empty-cart-block\"><!-- wp:heading {\"textAlign\":\"center\",\"className\":\"with-empty-cart-icon wc-block-cart__empty-cart__title\"} -->\n<h2 class=\"wp-block-heading has-text-align-center with-empty-cart-icon wc-block-cart__empty-cart__title\">Your cart is currently empty!</h2>\n<!-- /wp:heading -->\n\n<!-- wp:separator {\"className\":\"is-style-dots\"} -->\n<hr class=\"wp-block-separator has-alpha-channel-opacity is-style-dots\"/>\n<!-- /wp:separator -->\n\n<!-- wp:heading {\"textAlign\":\"center\"} -->\n<h2 class=\"wp-block-heading has-text-align-center\">New in store</h2>\n<!-- /wp:heading -->\n\n<!-- wp:woocommerce/product-new {\"columns\":4,\"rows\":1} /--></div>\n<!-- /wp:woocommerce/empty-cart-block --></div>\n<!-- /wp:woocommerce/cart -->', 'Cart', '', 'publish', 'closed', 'closed', '', 'cart', '', '', '2024-03-06 09:10:33', '2024-03-06 09:10:33', '', 0, 'https://demo.mentor.in/index.php/cart/', 0, 'page', '', 0),
(2214, 1, '2024-03-06 09:10:33', '2024-03-06 09:10:33', ' ', '', '', 'publish', 'closed', 'closed', '', '2214', '', '', '2024-03-06 09:10:33', '2024-03-06 09:10:33', '', 0, 'https://demo.mentor.in/index.php/2024/03/06/2214/', 19, 'nav_menu_item', '', 0),
(2216, 1, '2024-03-06 09:10:33', '2024-03-06 09:10:33', '<!-- wp:woocommerce/checkout -->\n<div class=\"wp-block-woocommerce-checkout alignwide wc-block-checkout is-loading\"><!-- wp:woocommerce/checkout-fields-block -->\n<div class=\"wp-block-woocommerce-checkout-fields-block\"><!-- wp:woocommerce/checkout-express-payment-block -->\n<div class=\"wp-block-woocommerce-checkout-express-payment-block\"></div>\n<!-- /wp:woocommerce/checkout-express-payment-block -->\n\n<!-- wp:woocommerce/checkout-contact-information-block -->\n<div class=\"wp-block-woocommerce-checkout-contact-information-block\"></div>\n<!-- /wp:woocommerce/checkout-contact-information-block -->\n\n<!-- wp:woocommerce/checkout-shipping-method-block -->\n<div class=\"wp-block-woocommerce-checkout-shipping-method-block\"></div>\n<!-- /wp:woocommerce/checkout-shipping-method-block -->\n\n<!-- wp:woocommerce/checkout-pickup-options-block -->\n<div class=\"wp-block-woocommerce-checkout-pickup-options-block\"></div>\n<!-- /wp:woocommerce/checkout-pickup-options-block -->\n\n<!-- wp:woocommerce/checkout-shipping-address-block -->\n<div class=\"wp-block-woocommerce-checkout-shipping-address-block\"></div>\n<!-- /wp:woocommerce/checkout-shipping-address-block -->\n\n<!-- wp:woocommerce/checkout-billing-address-block -->\n<div class=\"wp-block-woocommerce-checkout-billing-address-block\"></div>\n<!-- /wp:woocommerce/checkout-billing-address-block -->\n\n<!-- wp:woocommerce/checkout-shipping-methods-block -->\n<div class=\"wp-block-woocommerce-checkout-shipping-methods-block\"></div>\n<!-- /wp:woocommerce/checkout-shipping-methods-block -->\n\n<!-- wp:woocommerce/checkout-payment-block -->\n<div class=\"wp-block-woocommerce-checkout-payment-block\"></div>\n<!-- /wp:woocommerce/checkout-payment-block -->\n\n<!-- wp:woocommerce/checkout-additional-information-block -->\n<div class=\"wp-block-woocommerce-checkout-additional-information-block\"></div>\n<!-- /wp:woocommerce/checkout-additional-information-block -->\n\n<!-- wp:woocommerce/checkout-order-note-block -->\n<div class=\"wp-block-woocommerce-checkout-order-note-block\"></div>\n<!-- /wp:woocommerce/checkout-order-note-block -->\n\n<!-- wp:woocommerce/checkout-terms-block -->\n<div class=\"wp-block-woocommerce-checkout-terms-block\"></div>\n<!-- /wp:woocommerce/checkout-terms-block -->\n\n<!-- wp:woocommerce/checkout-actions-block -->\n<div class=\"wp-block-woocommerce-checkout-actions-block\"></div>\n<!-- /wp:woocommerce/checkout-actions-block --></div>\n<!-- /wp:woocommerce/checkout-fields-block -->\n\n<!-- wp:woocommerce/checkout-totals-block -->\n<div class=\"wp-block-woocommerce-checkout-totals-block\"><!-- wp:woocommerce/checkout-order-summary-block -->\n<div class=\"wp-block-woocommerce-checkout-order-summary-block\"><!-- wp:woocommerce/checkout-order-summary-cart-items-block -->\n<div class=\"wp-block-woocommerce-checkout-order-summary-cart-items-block\"></div>\n<!-- /wp:woocommerce/checkout-order-summary-cart-items-block -->\n\n<!-- wp:woocommerce/checkout-order-summary-coupon-form-block -->\n<div class=\"wp-block-woocommerce-checkout-order-summary-coupon-form-block\"></div>\n<!-- /wp:woocommerce/checkout-order-summary-coupon-form-block -->\n\n<!-- wp:woocommerce/checkout-order-summary-subtotal-block -->\n<div class=\"wp-block-woocommerce-checkout-order-summary-subtotal-block\"></div>\n<!-- /wp:woocommerce/checkout-order-summary-subtotal-block -->\n\n<!-- wp:woocommerce/checkout-order-summary-fee-block -->\n<div class=\"wp-block-woocommerce-checkout-order-summary-fee-block\"></div>\n<!-- /wp:woocommerce/checkout-order-summary-fee-block -->\n\n<!-- wp:woocommerce/checkout-order-summary-discount-block -->\n<div class=\"wp-block-woocommerce-checkout-order-summary-discount-block\"></div>\n<!-- /wp:woocommerce/checkout-order-summary-discount-block -->\n\n<!-- wp:woocommerce/checkout-order-summary-shipping-block -->\n<div class=\"wp-block-woocommerce-checkout-order-summary-shipping-block\"></div>\n<!-- /wp:woocommerce/checkout-order-summary-shipping-block -->\n\n<!-- wp:woocommerce/checkout-order-summary-taxes-block -->\n<div class=\"wp-block-woocommerce-checkout-order-summary-taxes-block\"></div>\n<!-- /wp:woocommerce/checkout-order-summary-taxes-block --></div>\n<!-- /wp:woocommerce/checkout-order-summary-block --></div>\n<!-- /wp:woocommerce/checkout-totals-block --></div>\n<!-- /wp:woocommerce/checkout -->', 'Checkout', '', 'publish', 'closed', 'closed', '', 'checkout', '', '', '2024-03-06 09:10:33', '2024-03-06 09:10:33', '', 0, 'https://demo.mentor.in/index.php/checkout/', 0, 'page', '', 0),
(2217, 1, '2024-03-06 09:10:33', '2024-03-06 09:10:33', ' ', '', '', 'publish', 'closed', 'closed', '', '2217', '', '', '2024-03-06 09:10:33', '2024-03-06 09:10:33', '', 0, 'https://demo.mentor.in/index.php/2024/03/06/2217/', 20, 'nav_menu_item', '', 0),
(2219, 1, '2024-03-06 09:10:33', '2024-03-06 09:10:33', '<!-- wp:shortcode -->[woocommerce_my_account]<!-- /wp:shortcode -->', 'My account', '', 'publish', 'closed', 'closed', '', 'my-account', '', '', '2024-03-06 09:10:33', '2024-03-06 09:10:33', '', 0, 'https://demo.mentor.in/index.php/my-account/', 0, 'page', '', 0),
(2220, 1, '2024-03-06 09:10:33', '2024-03-06 09:10:33', ' ', '', '', 'publish', 'closed', 'closed', '', '2220', '', '', '2024-03-06 09:10:33', '2024-03-06 09:10:33', '', 0, 'https://demo.mentor.in/index.php/2024/03/06/2220/', 21, 'nav_menu_item', '', 0),
(2222, 1, '2024-03-06 09:10:33', '0000-00-00 00:00:00', '<!-- wp:paragraph -->\n<p><b>This is a sample page.</b></p>\n<!-- /wp:paragraph -->\n\n<!-- wp:paragraph -->\n<h3>Overview</h3>\n<!-- /wp:paragraph -->\n\n<!-- wp:paragraph -->\n<p>Our refund and returns policy lasts 30 days. If 30 days have passed since your purchase, we can’t offer you a full refund or exchange.</p>\n<!-- /wp:paragraph -->\n\n<!-- wp:paragraph -->\n<p>To be eligible for a return, your item must be unused and in the same condition that you received it. It must also be in the original packaging.</p>\n<!-- /wp:paragraph -->\n\n<!-- wp:paragraph -->\n<p>Several types of goods are exempt from being returned. Perishable goods such as food, flowers, newspapers or magazines cannot be returned. We also do not accept products that are intimate or sanitary goods, hazardous materials, or flammable liquids or gases.</p>\n<!-- /wp:paragraph -->\n\n<!-- wp:paragraph -->\n<p>Additional non-returnable items:</p>\n<!-- /wp:paragraph -->\n\n<!-- wp:list -->\n<ul>\n<li>Gift cards</li>\n<li>Downloadable software products</li>\n<li>Some health and personal care items</li>\n</ul>\n<!-- /wp:list -->\n\n<!-- wp:paragraph -->\n<p>To complete your return, we require a receipt or proof of purchase.</p>\n<!-- /wp:paragraph -->\n\n<!-- wp:paragraph -->\n<p>Please do not send your purchase back to the manufacturer.</p>\n<!-- /wp:paragraph -->\n\n<!-- wp:paragraph -->\n<p>There are certain situations where only partial refunds are granted:</p>\n<!-- /wp:paragraph -->\n\n<!-- wp:list -->\n<ul>\n<li>Book with obvious signs of use</li>\n<li>CD, DVD, VHS tape, software, video game, cassette tape, or vinyl record that has been opened.</li>\n<li>Any item not in its original condition, is damaged or missing parts for reasons not due to our error.</li>\n<li>Any item that is returned more than 30 days after delivery</li>\n</ul>\n<!-- /wp:list -->\n\n<!-- wp:paragraph -->\n<h2>Refunds</h2>\n<!-- /wp:paragraph -->\n\n<!-- wp:paragraph -->\n<p>Once your return is received and inspected, we will send you an email to notify you that we have received your returned item. We will also notify you of the approval or rejection of your refund.</p>\n<!-- /wp:paragraph -->\n\n<!-- wp:paragraph -->\n<p>If you are approved, then your refund will be processed, and a credit will automatically be applied to your credit card or original method of payment, within a certain amount of days.</p>\n<!-- /wp:paragraph -->\n\n<!-- wp:paragraph -->\n<b>Late or missing refunds</b>\n<!-- /wp:paragraph -->\n\n<!-- wp:paragraph -->\n<p>If you haven’t received a refund yet, first check your bank account again.</p>\n<!-- /wp:paragraph -->\n\n<!-- wp:paragraph -->\n<p>Then contact your credit card company, it may take some time before your refund is officially posted.</p>\n<!-- /wp:paragraph -->\n\n<!-- wp:paragraph -->\n<p>Next contact your bank. There is often some processing time before a refund is posted.</p>\n<!-- /wp:paragraph -->\n\n<!-- wp:paragraph -->\n<p>If you’ve done all of this and you still have not received your refund yet, please contact us at {email address}.</p>\n<!-- /wp:paragraph -->\n\n<!-- wp:paragraph -->\n<b>Sale items</b>\n<!-- /wp:paragraph -->\n\n<!-- wp:paragraph -->\n<p>Only regular priced items may be refunded. Sale items cannot be refunded.</p>\n<!-- /wp:paragraph -->\n\n<!-- wp:paragraph -->\n<h2>Exchanges</h2>\n<!-- /wp:paragraph -->\n\n<!-- wp:paragraph -->\n<p>We only replace items if they are defective or damaged. If you need to exchange it for the same item, send us an email at {email address} and send your item to: {physical address}.</p>\n<!-- /wp:paragraph -->\n\n<!-- wp:paragraph -->\n<h2>Gifts</h2>\n<!-- /wp:paragraph -->\n\n<!-- wp:paragraph -->\n<p>If the item was marked as a gift when purchased and shipped directly to you, you’ll receive a gift credit for the value of your return. Once the returned item is received, a gift certificate will be mailed to you.</p>\n<!-- /wp:paragraph -->\n\n<!-- wp:paragraph -->\n<p>If the item wasn’t marked as a gift when purchased, or the gift giver had the order shipped to themselves to give to you later, we will send a refund to the gift giver and they will find out about your return.</p>\n<!-- /wp:paragraph -->\n\n<!-- wp:paragraph -->\n<h2>Shipping returns</h2>\n<!-- /wp:paragraph -->\n\n<!-- wp:paragraph -->\n<p>To return your product, you should mail your product to: {physical address}.</p>\n<!-- /wp:paragraph -->\n\n<!-- wp:paragraph -->\n<p>You will be responsible for paying for your own shipping costs for returning your item. Shipping costs are non-refundable. If you receive a refund, the cost of return shipping will be deducted from your refund.</p>\n<!-- /wp:paragraph -->\n\n<!-- wp:paragraph -->\n<p>Depending on where you live, the time it may take for your exchanged product to reach you may vary.</p>\n<!-- /wp:paragraph -->\n\n<!-- wp:paragraph -->\n<p>If you are returning more expensive items, you may consider using a trackable shipping service or purchasing shipping insurance. We don’t guarantee that we will receive your returned item.</p>\n<!-- /wp:paragraph -->\n\n<!-- wp:paragraph -->\n<h2>Need help?</h2>\n<!-- /wp:paragraph -->\n\n<!-- wp:paragraph -->\n<p>Contact us at {email} for questions related to refunds and returns.</p>\n<!-- /wp:paragraph -->', 'Refund and Returns Policy', '', 'draft', 'closed', 'closed', '', 'refund_returns', '', '', '2024-03-06 09:10:33', '0000-00-00 00:00:00', '', 0, 'https://demo.mentor.in/?page_id=2222', 0, 'page', '', 0),
(2223, 1, '2024-03-06 09:14:17', '2024-03-06 09:14:17', 'Test Product 1', 'Test Product 1', '', 'trash', 'open', 'closed', '', 'test-product-1__trashed', '', '', '2024-03-21 09:00:39', '2024-03-21 09:00:39', '', 0, 'https://demo.mentor.in/?post_type=product&#038;p=2223', 0, 'product', '', 0),
(2224, 1, '2024-03-06 09:18:36', '2024-03-06 09:18:36', '[mailpoet_page]', 'MailPoet Page', '', 'publish', 'closed', 'closed', '', 'subscriptions', '', '', '2024-03-06 09:18:36', '2024-03-06 09:18:36', '', 0, 'https://demo.mentor.in/?p=2224', 0, 'mailpoet_page', '', 0),
(2225, 1, '2024-03-06 09:21:56', '2024-03-06 09:21:56', 'Test Product 2', 'Test Product 2', '', 'trash', 'open', 'closed', '', 'test-product-2__trashed', '', '', '2024-03-21 09:00:36', '2024-03-21 09:00:36', '', 0, 'https://demo.mentor.in/?post_type=product&#038;p=2225', 0, 'product', '', 0),
(2227, 1, '2024-03-22 06:44:42', '2024-03-06 10:04:45', ' ', '', '', 'publish', 'closed', 'closed', '', '2227', '', '', '2024-03-22 06:44:42', '2024-03-22 06:44:42', '', 0, 'https://demo.mentor.in/?p=2227', 23, 'nav_menu_item', '', 0),
(2229, 0, '2024-03-06 11:05:29', '2024-03-06 11:05:29', '', '', '', 'draft', 'closed', 'closed', '', '', '', '', '2024-03-06 11:05:29', '2024-03-06 11:05:29', '', 0, 'https://demo.mentor.in/?post_type=shop_order_placehold&p=2229', 0, 'shop_order_placehold', '', 4),
(2233, 1, '2024-03-10 04:09:49', '2024-03-10 04:09:49', '', '', '', 'draft', 'closed', 'closed', '', '', '', '', '2024-03-10 04:09:49', '2024-03-10 04:09:49', '', 0, 'https://demo.mentor.in/?post_type=shop_order_placehold&p=2233', 0, 'shop_order_placehold', '', 4),
(2234, 0, '2024-03-10 04:10:33', '2024-03-10 04:10:33', '', '', '', 'draft', 'closed', 'closed', '', '', '', '', '2024-03-10 04:10:33', '2024-03-10 04:10:33', '', 0, 'https://demo.mentor.in/?post_type=shop_order_placehold&p=2234', 0, 'shop_order_placehold', '', 4),
(2235, 4, '2024-03-10 04:12:44', '2024-03-10 04:12:44', '', '', '', 'draft', 'closed', 'closed', '', '', '', '', '2024-03-10 04:12:44', '2024-03-10 04:12:44', '', 0, 'https://demo.mentor.in/?post_type=shop_order_placehold&p=2235', 0, 'shop_order_placehold', '', 4),
(2239, 0, '2024-03-12 07:19:39', '2024-03-12 07:19:39', '', '', '', 'draft', 'closed', 'closed', '', '', '', '', '2024-03-12 07:19:39', '2024-03-12 07:19:39', '', 0, 'https://demo.mentor.in/?post_type=shop_order_placehold&p=2239', 0, 'shop_order_placehold', '', 4),
(2240, 1, '2024-03-12 11:16:37', '2024-03-12 11:16:37', 'Test Product 3', 'Test Product 3', 'This is short description', 'trash', 'open', 'closed', '', 'test-product-3__trashed', '', '', '2024-03-21 09:00:32', '2024-03-21 09:00:32', '', 0, 'https://demo.mentor.in/?post_type=product&#038;p=2240', 0, 'product', '', 0),
(2241, 0, '2024-03-13 12:12:15', '2024-03-13 12:12:15', '', '', '', 'draft', 'closed', 'closed', '', '', '', '', '2024-03-13 12:12:15', '2024-03-13 12:12:15', '', 0, 'https://demo.mentor.in/?post_type=shop_order_placehold&p=2241', 0, 'shop_order_placehold', '', 2),
(2244, 0, '2024-03-13 16:16:38', '2024-03-13 16:16:38', '', '', '', 'draft', 'closed', 'closed', '', '', '', '', '2024-03-13 16:16:38', '2024-03-13 16:16:38', '', 0, 'https://demo.mentor.in/?post_type=shop_order_placehold&p=2244', 0, 'shop_order_placehold', '', 4),
(2246, 1, '2024-03-13 17:11:06', '2024-03-13 17:11:06', '', '', '', 'draft', 'closed', 'closed', '', '', '', '', '2024-03-13 17:11:06', '2024-03-13 17:11:06', '', 0, 'https://demo.mentor.in/?post_type=shop_order_placehold&p=2246', 0, 'shop_order_placehold', '', 4),
(2247, 0, '2024-03-14 09:53:52', '2024-03-14 09:53:52', '', '', '', 'draft', 'closed', 'closed', '', '', '', '', '2024-03-14 09:53:52', '2024-03-14 09:53:52', '', 0, 'https://demo.mentor.in/?post_type=shop_order_placehold&p=2247', 0, 'shop_order_placehold', '', 2),
(2248, 0, '2024-03-14 09:53:55', '2024-03-14 09:53:55', '', '', '', 'draft', 'closed', 'closed', '', '', '', '', '2024-03-14 09:53:55', '2024-03-14 09:53:55', '', 0, 'https://demo.mentor.in/?post_type=shop_order_placehold&p=2248', 0, 'shop_order_placehold', '', 2),
(2249, 0, '2024-03-14 09:54:00', '2024-03-14 09:54:00', '', '', '', 'draft', 'closed', 'closed', '', '', '', '', '2024-03-14 09:54:00', '2024-03-14 09:54:00', '', 0, 'https://demo.mentor.in/?post_type=shop_order_placehold&p=2249', 0, 'shop_order_placehold', '', 4),
(2252, 1, '2024-03-15 08:52:11', '2024-03-15 08:52:11', '<em><span style=\"text-decoration: underline;\">The iMentor Personal Behaviour profile</span></em> is an assessment tool to analyze an individual\'s personality and behavior. By examining various aspects such as behavior orientation, motivators, stress triggers and interpersonal behaviours, this assessment provides insights into why individuals behave as they do and how others perceive them. The report generated from this assessment indicates strengths and areas for self-development, helping individuals better understand themselves and others.\r\n<strong>The iMentor TrAP</strong> assessment aids in increasing self-awareness, thus enabling individuals to manage team members more effectively.\r\n\r\n&nbsp;\r\n<blockquote>We suggest you to <strong><a href=\"https://www.youtube.com/watch?v=T0t0thr9IJw\" target=\"_blank\" rel=\"noopener\"><span style=\"text-decoration: underline;\">click here</span> </a></strong>and watch the instruction video before filling out your RESPONSES.</blockquote>', 'iMentor Personal Behavioural Profile', '', 'publish', 'open', 'closed', '', 'imentor-personal-behavioural-profile', '', '', '2024-04-17 16:00:28', '2024-04-17 16:00:28', '', 0, 'https://demo.mentor.in/?post_type=product&#038;p=2252', 0, 'product', '', 0),
(2253, 1, '2024-03-15 08:53:35', '2024-03-15 08:53:35', '', 'Leading Self', '', 'inherit', 'open', 'closed', '', 'leading-self', '', '', '2024-03-15 08:53:35', '2024-03-15 08:53:35', '', 2252, 'https://demo.mentor.in/wp-content/uploads/2024/03/Leading-Self.png', 0, 'attachment', 'image/png', 0),
(2254, 1, '2024-03-15 08:57:34', '2024-03-15 08:57:34', '<em><span style=\"text-decoration: underline;\">The iMentor Personal Behaviour profile</span></em> is an assessment tool to analyze an individual\'s personality and behavior. By examining various aspects such as behavior orientation, motivators, stress triggers and interpersonal behaviours, this assessment provides insights into why individuals behave as they do and how others perceive them. The report generated from this assessment indicates strengths and areas for self-development, helping individuals better understand themselves and others.\n<strong>The iMentor TrAP</strong> assessment aids in increasing self-awareness, thus enabling individuals to manage team members more effectively.\n\nWe suggest you to <strong><a href=\"https://www.youtube.com/watch?v=T0t0thr9IJw\" target=\"_blank\" rel=\"noopener\">click here </a></strong>and watch the instruction video before filling out your RESPONSES.', 'iMentor Personal Behavioural Profile', '', 'inherit', 'closed', 'closed', '', '2252-autosave-v1', '', '', '2024-03-15 08:57:34', '2024-03-15 08:57:34', '', 2252, 'https://demo.mentor.in/?p=2254', 0, 'revision', '', 0),
(2255, 1, '2024-03-15 09:26:51', '2024-03-15 09:26:51', '', '', '', 'draft', 'closed', 'closed', '', '', '', '', '2024-03-15 09:26:51', '2024-03-15 09:26:51', '', 0, 'https://demo.mentor.in/?post_type=shop_order_placehold&p=2255', 0, 'shop_order_placehold', '', 4),
(2257, 7, '2024-03-16 04:14:12', '2024-03-16 04:14:12', '', '', '', 'draft', 'closed', 'closed', '', '', '', '', '2024-03-16 04:14:12', '2024-03-16 04:14:12', '', 0, 'https://demo.mentor.in/?post_type=shop_order_placehold&p=2257', 0, 'shop_order_placehold', '', 2),
(2261, 1, '2024-03-22 06:43:33', '2024-03-22 06:43:33', '', 'Behaviour Mirror', '', 'inherit', 'closed', 'closed', '', '2210-revision-v1', '', '', '2024-03-22 06:43:33', '2024-03-22 06:43:33', '', 2210, 'https://demo.mentor.in/?p=2261', 0, 'revision', '', 0),
(2262, 1, '2024-03-22 06:44:39', '2024-03-22 06:44:39', '', 'Assessment', '', 'publish', 'closed', 'closed', '', 'assessment', '', '', '2024-03-22 06:44:39', '2024-03-22 06:44:39', '', 0, 'https://demo.mentor.in/?p=2262', 22, 'nav_menu_item', '', 0),
(2264, 1, '2024-03-22 07:25:52', '2024-03-22 07:25:52', 'In the Hersey &amp; Blanchard Situational Leadership Model the four typical leadership styles - <strong>Telling, Coaching, Selling &amp; Delegating</strong> - are described.\r\n\r\nThis tool provides you a clear idea of which of these are your preferred styles, how flexible you are in using the four and most importantly how effective are you in diagnosing the right style for the situation. There is actionable feedback on all the three aspects.', 'iMentor™ Personal Leadership Profile', '', 'publish', 'open', 'closed', '', 'imentor-personal-leadership-profile', '', '', '2024-04-17 15:58:25', '2024-04-17 15:58:25', '', 0, 'https://demo.mentor.in/?post_type=product&#038;p=2264', 0, 'product', '', 0),
(2265, 1, '2024-03-22 07:22:01', '2024-03-22 07:22:01', '', 'Leadership', '', 'inherit', 'open', 'closed', '', 'leadership', '', '', '2024-03-22 07:22:01', '2024-03-22 07:22:01', '', 2264, 'https://demo.mentor.in/wp-content/uploads/2024/03/Leadership.png', 0, 'attachment', 'image/png', 0),
(2266, 11, '2024-03-22 08:15:58', '2024-03-22 08:15:58', '', '', '', 'draft', 'closed', 'closed', '', '', '', '', '2024-03-22 08:15:58', '2024-03-22 08:15:58', '', 0, 'https://demo.mentor.in/?post_type=shop_order_placehold&p=2266', 0, 'shop_order_placehold', '', 4),
(2267, 11, '2024-03-22 08:22:51', '2024-03-22 08:22:51', '', '', '', 'draft', 'closed', 'closed', '', '', '', '', '2024-03-22 08:22:51', '2024-03-22 08:22:51', '', 0, 'https://demo.mentor.in/?post_type=shop_order_placehold&p=2267', 0, 'shop_order_placehold', '', 4),
(2268, 12, '2024-03-22 08:35:09', '2024-03-22 08:35:09', '', '', '', 'draft', 'closed', 'closed', '', '', '', '', '2024-03-22 08:35:09', '2024-03-22 08:35:09', '', 0, 'https://demo.mentor.in/?post_type=shop_order_placehold&p=2268', 0, 'shop_order_placehold', '', 4),
(2269, 9, '2024-03-22 08:36:00', '2024-03-22 08:36:00', '', '', '', 'draft', 'closed', 'closed', '', '', '', '', '2024-03-22 08:36:00', '2024-03-22 08:36:00', '', 0, 'https://demo.mentor.in/?post_type=shop_order_placehold&p=2269', 0, 'shop_order_placehold', '', 4),
(2270, 13, '2024-03-22 10:40:21', '2024-03-22 10:40:21', '', '', '', 'draft', 'closed', 'closed', '', '', '', '', '2024-03-22 10:40:21', '2024-03-22 10:40:21', '', 0, 'https://demo.mentor.in/?post_type=shop_order_placehold&p=2270', 0, 'shop_order_placehold', '', 4),
(2271, 13, '2024-03-22 10:46:41', '2024-03-22 10:46:41', '', '', '', 'draft', 'closed', 'closed', '', '', '', '', '2024-03-22 10:46:41', '2024-03-22 10:46:41', '', 0, 'https://demo.mentor.in/?post_type=shop_order_placehold&p=2271', 0, 'shop_order_placehold', '', 4),
(2274, 14, '2024-03-27 05:23:29', '2024-03-27 05:23:29', '', '', '', 'draft', 'closed', 'closed', '', '', '', '', '2024-03-27 05:23:29', '2024-03-27 05:23:29', '', 0, 'https://demo.mentor.in/?post_type=shop_order_placehold&p=2274', 0, 'shop_order_placehold', '', 4),
(2278, 7, '2024-04-02 07:40:50', '2024-04-02 07:40:50', '', '', '', 'draft', 'closed', 'closed', '', '', '', '', '2024-04-02 07:40:50', '2024-04-02 07:40:50', '', 0, 'https://demo.mentor.in/?post_type=shop_order_placehold&p=2278', 0, 'shop_order_placehold', '', 4),
(2283, 1, '2024-04-11 05:42:03', '0000-00-00 00:00:00', '', 'Auto Draft', '', 'auto-draft', 'open', 'open', '', '', '', '', '2024-04-11 05:42:03', '0000-00-00 00:00:00', '', 0, 'https://demo.mentor.in/?p=2283', 0, 'post', '', 0),
(2284, 1, '2024-04-11 05:46:59', '2024-04-11 05:46:59', '', '', '', 'draft', 'closed', 'closed', '', '', '', '', '2024-04-11 05:46:59', '2024-04-11 05:46:59', '', 0, 'https://demo.mentor.in/?post_type=shop_order_placehold&p=2284', 0, 'shop_order_placehold', '', 16),
(2286, 1, '2024-04-17 15:50:40', '2024-04-17 15:50:40', '', '', '', 'draft', 'closed', 'closed', '', '', '', '', '2024-04-17 15:50:40', '2024-04-17 15:50:40', '', 0, 'https://demo.mentor.in/?post_type=shop_order_placehold&p=2286', 0, 'shop_order_placehold', '', 5),
(2288, 1, '2024-04-17 16:14:45', '2024-04-17 16:14:45', '', '', '', 'draft', 'closed', 'closed', '', '', '', '', '2024-04-17 16:14:45', '2024-04-17 16:14:45', '', 0, 'https://demo.mentor.in/?post_type=shop_order_placehold&p=2288', 0, 'shop_order_placehold', '', 4),
(2289, 1, '2024-04-17 16:24:44', '2024-04-17 16:24:44', '', '', '', 'draft', 'closed', 'closed', '', '', '', '', '2024-04-17 16:24:44', '2024-04-17 16:24:44', '', 0, 'https://demo.mentor.in/?post_type=shop_order_placehold&p=2289', 0, 'shop_order_placehold', '', 4),
(2290, 1, '2024-04-17 17:02:15', '2024-04-17 17:02:15', '', '', '', 'draft', 'closed', 'closed', '', '', '', '', '2024-04-17 17:02:15', '2024-04-17 17:02:15', '', 0, 'https://demo.mentor.in/?post_type=shop_order_placehold&p=2290', 0, 'shop_order_placehold', '', 5),
(2291, 1, '2024-04-18 06:09:42', '2024-04-18 06:09:42', '', '', '', 'draft', 'closed', 'closed', '', '', '', '', '2024-04-18 06:09:42', '2024-04-18 06:09:42', '', 0, 'https://demo.mentor.in/?post_type=shop_order_placehold&p=2291', 0, 'shop_order_placehold', '', 0),
(2292, 19, '2024-04-18 06:14:38', '2024-04-18 06:14:38', '', '', '', 'draft', 'closed', 'closed', '', '', '', '', '2024-04-18 06:14:38', '2024-04-18 06:14:38', '', 0, 'https://demo.mentor.in/?post_type=shop_order_placehold&p=2292', 0, 'shop_order_placehold', '', 4);

-- --------------------------------------------------------

--
-- Table structure for table `mentortermmeta`
--

CREATE TABLE `mentortermmeta` (
  `meta_id` bigint(20) UNSIGNED NOT NULL,
  `term_id` bigint(20) UNSIGNED NOT NULL DEFAULT 0,
  `meta_key` varchar(255) COLLATE utf8mb4_unicode_ci DEFAULT NULL,
  `meta_value` longtext COLLATE utf8mb4_unicode_ci DEFAULT NULL
) ENGINE=MyISAM DEFAULT CHARSET=utf8mb4 COLLATE=utf8mb4_unicode_ci;

--
-- Dumping data for table `mentortermmeta`
--

INSERT INTO `mentortermmeta` (`meta_id`, `term_id`, `meta_key`, `meta_value`) VALUES
(1, 10, 'image_id', '0'),
(2, 10, 'exclude_search_form', '0'),
(3, 11, 'image_id', '0'),
(4, 11, 'exclude_search_form', '0'),
(5, 25, 'product_count_product_cat', '2');

-- --------------------------------------------------------

--
-- Table structure for table `mentorterms`
--

CREATE TABLE `mentorterms` (
  `term_id` bigint(20) UNSIGNED NOT NULL,
  `name` varchar(200) COLLATE utf8mb4_unicode_ci NOT NULL DEFAULT '',
  `slug` varchar(200) COLLATE utf8mb4_unicode_ci NOT NULL DEFAULT '',
  `term_group` bigint(10) NOT NULL DEFAULT 0
) ENGINE=InnoDB DEFAULT CHARSET=utf8mb4 COLLATE=utf8mb4_unicode_ci;

--
-- Dumping data for table `mentorterms`
--

INSERT INTO `mentorterms` (`term_id`, `name`, `slug`, `term_group`) VALUES
(1, 'Uncategorized', 'uncategorized', 0),
(2, 'main', 'main', 0),
(3, 'footer', 'footer', 0),
(4, 'Leadership', 'leadership', 0),
(5, 'offerings', 'offerings', 0),
(6, 'about', 'about', 0),
(7, 'Mani\'s Thoughts', 'manis-thoughts', 0),
(8, 'Resources', 'resources', 0),
(9, 'header', 'header', 0),
(10, 'android', 'android', 0),
(11, 'iphone', 'iphone', 0),
(12, 'simple', 'simple', 0),
(13, 'grouped', 'grouped', 0),
(14, 'variable', 'variable', 0),
(15, 'external', 'external', 0),
(16, 'exclude-from-search', 'exclude-from-search', 0),
(17, 'exclude-from-catalog', 'exclude-from-catalog', 0),
(18, 'featured', 'featured', 0),
(19, 'outofstock', 'outofstock', 0),
(20, 'rated-1', 'rated-1', 0),
(21, 'rated-2', 'rated-2', 0),
(22, 'rated-3', 'rated-3', 0),
(23, 'rated-4', 'rated-4', 0),
(24, 'rated-5', 'rated-5', 0),
(25, 'Uncategorized', 'uncategorized', 0);

-- --------------------------------------------------------

--
-- Table structure for table `mentorterm_relationships`
--

CREATE TABLE `mentorterm_relationships` (
  `object_id` bigint(20) UNSIGNED NOT NULL DEFAULT 0,
  `term_taxonomy_id` bigint(20) UNSIGNED NOT NULL DEFAULT 0,
  `term_order` int(11) NOT NULL DEFAULT 0
) ENGINE=InnoDB DEFAULT CHARSET=utf8;

--
-- Dumping data for table `mentorterm_relationships`
--

INSERT INTO `mentorterm_relationships` (`object_id`, `term_taxonomy_id`, `term_order`) VALUES
(22, 2, 0),
(25, 2, 0),
(26, 2, 0),
(61, 3, 0),
(64, 3, 0),
(159, 2, 0),
(169, 2, 0),
(184, 4, 0),
(192, 4, 0),
(566, 6, 0),
(567, 6, 0),
(652, 2, 0),
(657, 2, 0),
(700, 6, 0),
(740, 7, 0),
(748, 7, 0),
(752, 7, 0),
(757, 7, 0),
(941, 3, 0),
(946, 2, 0),
(1040, 2, 0),
(1043, 2, 0),
(1145, 8, 0),
(1146, 8, 0),
(1148, 8, 0),
(1160, 8, 0),
(1171, 8, 0),
(1421, 6, 0),
(1422, 6, 0),
(1426, 2, 0),
(1427, 2, 0),
(1429, 2, 0),
(1430, 2, 0),
(1431, 2, 0),
(1432, 2, 0),
(1434, 2, 0),
(1435, 2, 0),
(1706, 7, 0),
(1816, 2, 0),
(1817, 2, 0),
(1818, 2, 0),
(1819, 2, 0),
(1820, 5, 0),
(1821, 5, 0),
(1822, 5, 0),
(1823, 5, 0),
(1922, 9, 0),
(1924, 9, 0),
(1925, 9, 0),
(1926, 9, 0),
(1927, 9, 0),
(1928, 9, 0),
(1929, 9, 0),
(1930, 9, 0),
(1969, 9, 0),
(1979, 9, 0),
(2056, 9, 0),
(2059, 9, 0),
(2062, 9, 0),
(2065, 9, 0),
(2068, 9, 0),
(2071, 9, 0),
(2152, 9, 0),
(2211, 9, 0),
(2214, 9, 0),
(2217, 9, 0),
(2220, 9, 0),
(2223, 12, 0),
(2223, 25, 0),
(2225, 12, 0),
(2225, 25, 0),
(2227, 2, 0),
(2240, 12, 0),
(2240, 25, 0),
(2252, 12, 0),
(2252, 25, 0),
(2262, 2, 0),
(2264, 12, 0),
(2264, 25, 0);

-- --------------------------------------------------------

--
-- Table structure for table `mentorterm_taxonomy`
--

CREATE TABLE `mentorterm_taxonomy` (
  `term_taxonomy_id` bigint(20) UNSIGNED NOT NULL,
  `term_id` bigint(20) UNSIGNED NOT NULL DEFAULT 0,
  `taxonomy` varchar(32) COLLATE utf8mb4_unicode_ci NOT NULL DEFAULT '',
  `description` longtext COLLATE utf8mb4_unicode_ci NOT NULL,
  `parent` bigint(20) UNSIGNED NOT NULL DEFAULT 0,
  `count` bigint(20) NOT NULL DEFAULT 0
) ENGINE=InnoDB DEFAULT CHARSET=utf8mb4 COLLATE=utf8mb4_unicode_ci;

--
-- Dumping data for table `mentorterm_taxonomy`
--

INSERT INTO `mentorterm_taxonomy` (`term_taxonomy_id`, `term_id`, `taxonomy`, `description`, `parent`, `count`) VALUES
(1, 1, 'category', '', 0, 0),
(2, 2, 'nav_menu', '', 0, 24),
(3, 3, 'nav_menu', '', 0, 3),
(4, 4, 'team-category', '', 0, 2),
(5, 5, 'nav_menu', '', 0, 4),
(6, 6, 'nav_menu', '', 0, 5),
(7, 7, 'category', '', 0, 5),
(8, 8, 'nav_menu', '', 0, 5),
(9, 9, 'nav_menu', '', 0, 21),
(10, 10, 'aiovg_categories', '', 0, 0),
(11, 11, 'aiovg_categories', '', 0, 0),
(12, 12, 'product_type', '', 0, 2),
(13, 13, 'product_type', '', 0, 0),
(14, 14, 'product_type', '', 0, 0),
(15, 15, 'product_type', '', 0, 0),
(16, 16, 'product_visibility', '', 0, 0),
(17, 17, 'product_visibility', '', 0, 0),
(18, 18, 'product_visibility', '', 0, 0),
(19, 19, 'product_visibility', '', 0, 0),
(20, 20, 'product_visibility', '', 0, 0),
(21, 21, 'product_visibility', '', 0, 0),
(22, 22, 'product_visibility', '', 0, 0),
(23, 23, 'product_visibility', '', 0, 0),
(24, 24, 'product_visibility', '', 0, 0),
(25, 25, 'product_cat', '', 0, 2);

-- --------------------------------------------------------

--
-- Table structure for table `mentorusermeta`
--

CREATE TABLE `mentorusermeta` (
  `umeta_id` bigint(20) UNSIGNED NOT NULL,
  `user_id` bigint(20) UNSIGNED NOT NULL DEFAULT 0,
  `meta_key` varchar(255) COLLATE utf8mb4_unicode_ci DEFAULT NULL,
  `meta_value` longtext COLLATE utf8mb4_unicode_ci DEFAULT NULL
) ENGINE=InnoDB DEFAULT CHARSET=utf8mb4 COLLATE=utf8mb4_unicode_ci;

--
-- Dumping data for table `mentorusermeta`
--

INSERT INTO `mentorusermeta` (`umeta_id`, `user_id`, `meta_key`, `meta_value`) VALUES
(1, 1, 'nickname', 'Desikamani'),
(2, 1, 'first_name', 'Mentor'),
(3, 1, 'last_name', 'Learning'),
(4, 1, 'description', ''),
(5, 1, 'rich_editing', 'true'),
(6, 1, 'comment_shortcuts', 'false'),
(7, 1, 'admin_color', 'fresh'),
(8, 1, 'use_ssl', '0'),
(9, 1, 'show_admin_bar_front', 'true'),
(10, 1, 'mentorcapabilities', 'a:1:{s:13:\"administrator\";b:1;}'),
(11, 1, 'mentoruser_level', '10'),
(12, 1, 'dismissed_wp_pointers', 'wp360_locks,wp390_widgets,wp410_dfw,wp496_privacy,theme_editor_notice,plugin_editor_notice'),
(13, 1, 'show_welcome_panel', '0'),
(15, 1, 'mentordashboard_quick_press_last_post_id', '2283'),
(16, 1, 'managenav-menuscolumnshidden', 'a:1:{i:0;s:0:\"\";}'),
(17, 1, 'metaboxhidden_nav-menus', 'a:0:{}'),
(18, 1, 'mentoruser-settings', 'libraryContent=browse&editor=tinymce&hidetb=0&urlbutton=none&align=center&imgsize=full&post_dfw=off&uploader=1&wplink=1&advImgDetails=show&posts_list_mode=list'),
(19, 1, 'mentoruser-settings-time', '1712226099'),
(20, 1, 'nav_menu_recently_edited', '2'),
(21, 1, 'closedpostboxes_page', 'a:2:{i:0;s:12:\"revisionsdiv\";i:1;s:16:\"commentstatusdiv\";}'),
(22, 1, 'metaboxhidden_page', 'a:6:{i:0;s:24:\"page_background_meta_box\";i:1;s:15:\"slider_meta_box\";i:2;s:13:\"page_meta_box\";i:3;s:10:\"postcustom\";i:4;s:7:\"slugdiv\";i:5;s:9:\"authordiv\";}'),
(23, 1, 'mentorli_user_loves', 'a:1:{i:0;s:3:\"752\";}'),
(24, 1, 'tgmpa_dismissed_notice', '1'),
(25, 1, 'closedpostboxes_nav-menus', 'a:0:{}'),
(27, 1, 'closedpostboxes_dashboard', 'a:0:{}'),
(28, 1, 'metaboxhidden_dashboard', 'a:0:{}'),
(29, 1, 'closedpostboxes_post', 'a:0:{}'),
(30, 1, 'metaboxhidden_post', 'a:5:{i:0;s:18:\"swift_page_builder\";i:1;s:18:\"thumbnail_meta_box\";i:2;s:21:\"detail_media_meta_box\";i:3;s:21:\"page_heading_meta_box\";i:4;s:13:\"post_meta_box\";}'),
(31, 1, 'mentormedia_library_mode', 'grid'),
(33, 1, 'community-events-location', 'a:1:{s:2:\"ip\";s:12:\"122.164.82.0\";}'),
(35, 1, 'default_password_nag', ''),
(36, 1, '_new_email', 'a:2:{s:4:\"hash\";s:32:\"42ffa9bb9949c4003e5f104a5ef10786\";s:8:\"newemail\";s:14:\"giri@mentor.in\";}'),
(37, 1, 'syntax_highlighting', 'true'),
(38, 1, 'locale', ''),
(40, 1, 'session_tokens', 'a:6:{s:64:\"7e9faf0320c9109e754760f951845c75f621e2b5be1dbbd398a556ee6c604bc0\";a:4:{s:10:\"expiration\";i:1713522165;s:2:\"ip\";s:13:\"49.47.242.220\";s:2:\"ua\";s:131:\"Mozilla/5.0 (Macintosh; Intel Mac OS X 10_15_7) AppleWebKit/537.36 (KHTML, like Gecko) Chrome/123.0.0.0 Safari/537.36 Edg/123.0.0.0\";s:5:\"login\";i:1712312565;}s:64:\"79f589aef74c037a5dc092f47bd2642ae822c6ef67a83670c07949e312dd44ec\";a:4:{s:10:\"expiration\";i:1713526934;s:2:\"ip\";s:13:\"49.47.242.220\";s:2:\"ua\";s:131:\"Mozilla/5.0 (Macintosh; Intel Mac OS X 10_15_7) AppleWebKit/537.36 (KHTML, like Gecko) Chrome/123.0.0.0 Safari/537.36 Edg/123.0.0.0\";s:5:\"login\";i:1712317334;}s:64:\"47e80040f5621b4c2f783b542fb28e3d704d35b8aa3356c3ad6848486ea29352\";a:4:{s:10:\"expiration\";i:1713608168;s:2:\"ip\";s:13:\"59.91.154.122\";s:2:\"ua\";s:111:\"Mozilla/5.0 (Windows NT 10.0; Win64; x64) AppleWebKit/537.36 (KHTML, like Gecko) Chrome/123.0.0.0 Safari/537.36\";s:5:\"login\";i:1712398568;}s:64:\"8cf168636cc231d9b239600fd349946a2df5896f234a8fc035c1f911fa60777b\";a:4:{s:10:\"expiration\";i:1714023695;s:2:\"ip\";s:14:\"120.60.160.200\";s:2:\"ua\";s:111:\"Mozilla/5.0 (Windows NT 10.0; Win64; x64) AppleWebKit/537.36 (KHTML, like Gecko) Chrome/123.0.0.0 Safari/537.36\";s:5:\"login\";i:1712814095;}s:64:\"1b614a718b71fe50efaa3c273349f40439e390f3f027d8c924a1ffe9f341ff7a\";a:4:{s:10:\"expiration\";i:1714123146;s:2:\"ip\";s:13:\"49.37.200.221\";s:2:\"ua\";s:117:\"Mozilla/5.0 (Macintosh; Intel Mac OS X 10_15_7) AppleWebKit/537.36 (KHTML, like Gecko) Chrome/123.0.0.0 Safari/537.36\";s:5:\"login\";i:1712913546;}s:64:\"3831ed3dad132994f70e58a2673f030a24c8c48392a73becdb21f59765668443\";a:4:{s:10:\"expiration\";i:1714123801;s:2:\"ip\";s:13:\"49.37.200.221\";s:2:\"ua\";s:117:\"Mozilla/5.0 (Macintosh; Intel Mac OS X 10_15_7) AppleWebKit/537.36 (KHTML, like Gecko) Chrome/123.0.0.0 Safari/537.36\";s:5:\"login\";i:1712914201;}}'),
(41, 1, 'meta-box-order_page', 'a:3:{s:4:\"side\";s:36:\"pageparentdiv,submitdiv,postimagediv\";s:6:\"normal\";s:141:\"swift_page_builder,page_heading_meta_box,page_background_meta_box,slider_meta_box,page_meta_box,postcustom,commentstatusdiv,slugdiv,authordiv\";s:8:\"advanced\";s:0:\"\";}'),
(42, 1, 'screen_layout_page', '2'),
(43, 1, '_woocommerce_tracks_anon_id', 'woo:QJ79jhT4httg/nFqYYsvvT1e'),
(44, 1, 'jetpack_tracks_anon_id', 'woo:QJ79jhT4httg/nFqYYsvvT1e'),
(45, 1, 'last_update', '1713373345'),
(46, 1, 'woocommerce_admin_task_list_tracked_started_tasks', '{\"products\":1,\"tax\":2}'),
(47, 1, 'meta-box-order_product', 'a:3:{s:4:\"side\";s:84:\"submitdiv,postimagediv,woocommerce-product-images,product_catdiv,tagsdiv-product_tag\";s:6:\"normal\";s:55:\"woocommerce-product-data,postcustom,slugdiv,postexcerpt\";s:8:\"advanced\";s:0:\"\";}'),
(48, 1, 'wc_last_active', '1713398400'),
(50, 1, 'mentorpersisted_preferences', 'a:2:{s:17:\"core/edit-widgets\";a:2:{s:26:\"isComplementaryAreaVisible\";b:1;s:12:\"welcomeGuide\";b:0;}s:9:\"_modified\";s:24:\"2024-03-06T09:38:22.606Z\";}'),
(51, 2, 'nickname', 'yesjosephraja'),
(52, 2, 'first_name', 'Joseph'),
(53, 2, 'last_name', 'Raja'),
(54, 2, 'description', ''),
(55, 2, 'rich_editing', 'true'),
(56, 2, 'syntax_highlighting', 'true'),
(57, 2, 'comment_shortcuts', 'false'),
(58, 2, 'admin_color', 'fresh'),
(59, 2, 'use_ssl', '0'),
(60, 2, 'show_admin_bar_front', 'true'),
(61, 2, 'locale', ''),
(62, 2, 'mentorcapabilities', 'a:1:{s:8:\"customer\";b:1;}'),
(63, 2, 'mentoruser_level', '0'),
(64, 2, 'default_password_nag', ''),
(65, 2, 'last_update', '1709733989'),
(66, 2, 'wc_last_active', '1709683200'),
(67, 2, 'session_tokens', 'a:2:{s:64:\"21a0dadcc9a7d5992f580fcf68e160723b21a1dfc70d5eb152b3925f9be6043f\";a:4:{s:10:\"expiration\";i:1710932816;s:2:\"ip\";s:13:\"49.37.192.154\";s:2:\"ua\";s:117:\"Mozilla/5.0 (Macintosh; Intel Mac OS X 10_15_7) AppleWebKit/537.36 (KHTML, like Gecko) Chrome/122.0.0.0 Safari/537.36\";s:5:\"login\";i:1709723216;}s:64:\"7e12c3be574eded4a9f6e57cd80608418c312ee72a9463fcc2fcac7a3e7ebcf8\";a:4:{s:10:\"expiration\";i:1709906799;s:2:\"ip\";s:15:\"117.193.201.110\";s:2:\"ua\";s:117:\"Mozilla/5.0 (Macintosh; Intel Mac OS X 10_15_7) AppleWebKit/537.36 (KHTML, like Gecko) Chrome/122.0.0.0 Safari/537.36\";s:5:\"login\";i:1709733999;}}'),
(68, 2, 'billing_first_name', 'Joseph'),
(69, 2, 'billing_last_name', 'Raja'),
(70, 2, 'billing_address_1', '1/134 Kalaiyarangam Street'),
(71, 2, 'billing_city', 'Tiruchendur'),
(72, 2, 'billing_state', 'TN'),
(73, 2, 'billing_postcode', '628216'),
(74, 2, 'billing_country', 'IN'),
(75, 2, 'billing_email', 'yesjosephraja@gmail.com'),
(76, 2, 'shipping_first_name', 'Joseph'),
(77, 2, 'shipping_last_name', 'Raja'),
(78, 2, 'shipping_address_1', '1/134 Kalaiyarangam Street'),
(79, 2, 'shipping_city', 'Tiruchendur'),
(80, 2, 'shipping_state', 'TN'),
(81, 2, 'shipping_postcode', '628216'),
(82, 2, 'shipping_country', 'IN'),
(84, 2, 'paying_customer', '1'),
(85, 2, 'billing_company', ''),
(86, 2, 'billing_address_2', ''),
(87, 2, 'billing_phone', ''),
(88, 2, 'shipping_company', ''),
(89, 2, 'shipping_address_2', ''),
(90, 2, 'shipping_phone', ''),
(92, 2, 'wfls-last-login', '1709734016'),
(93, 2, '_woocommerce_persistent_cart_1', 'a:1:{s:4:\"cart\";a:0:{}}'),
(95, 1, 'wfls-last-login', '1713420648'),
(96, 3, 'nickname', 'mktest'),
(97, 3, 'first_name', 'MK'),
(98, 3, 'last_name', 'Rhytha'),
(99, 3, 'description', ''),
(100, 3, 'rich_editing', 'true'),
(101, 3, 'syntax_highlighting', 'true'),
(102, 3, 'comment_shortcuts', 'false'),
(103, 3, 'admin_color', 'fresh'),
(104, 3, 'use_ssl', '0'),
(105, 3, 'show_admin_bar_front', 'true'),
(106, 3, 'locale', ''),
(107, 3, 'mentorcapabilities', 'a:1:{s:8:\"customer\";b:1;}'),
(108, 3, 'mentoruser_level', '0'),
(109, 3, 'dismissed_wp_pointers', ''),
(110, 3, 'last_update', '1709868655'),
(111, 3, 'session_tokens', 'a:1:{s:64:\"a8b8264cb5b6c4f5fa1791d1e6813861b598c75210768614f8dc1cc9353767af\";a:4:{s:10:\"expiration\";i:1710041717;s:2:\"ip\";s:14:\"110.233.19.214\";s:2:\"ua\";s:84:\"Mozilla/5.0 (Macintosh; Intel Mac OS X 10.15; rv:123.0) Gecko/20100101 Firefox/123.0\";s:5:\"login\";i:1709868917;}}'),
(112, 3, 'wc_last_active', '1709856000'),
(114, 3, 'wfls-last-login', '1709868917'),
(115, 3, '_woocommerce_persistent_cart_1', 'a:1:{s:4:\"cart\";a:0:{}}'),
(117, 4, 'nickname', 'josephs'),
(118, 4, 'first_name', 'JosephAsir'),
(119, 4, 'last_name', 'Raja'),
(120, 4, 'description', ''),
(121, 4, 'rich_editing', 'true'),
(122, 4, 'syntax_highlighting', 'true'),
(123, 4, 'comment_shortcuts', 'false'),
(124, 4, 'admin_color', 'fresh'),
(125, 4, 'use_ssl', '0'),
(126, 4, 'show_admin_bar_front', 'true'),
(127, 4, 'locale', ''),
(128, 4, 'mentorcapabilities', 'a:1:{s:8:\"customer\";b:1;}'),
(129, 4, 'mentoruser_level', '0'),
(130, 4, 'default_password_nag', '1'),
(131, 4, 'last_update', '1710225911'),
(132, 4, 'wc_last_active', '1710201600'),
(133, 4, 'session_tokens', 'a:1:{s:64:\"b95e6fac3d8a6aacafa72df62fbd8376a69a63096d11af31043e96ccee2dfe4f\";a:4:{s:10:\"expiration\";i:1711253453;s:2:\"ip\";s:14:\"117.193.201.22\";s:2:\"ua\";s:117:\"Mozilla/5.0 (Macintosh; Intel Mac OS X 10_15_7) AppleWebKit/537.36 (KHTML, like Gecko) Chrome/122.0.0.0 Safari/537.36\";s:5:\"login\";i:1710043853;}}'),
(134, 4, 'billing_first_name', 'JosephAsir'),
(135, 4, 'billing_last_name', 'Raja'),
(136, 4, 'billing_address_1', '180 Veeraragavapuram Streat'),
(137, 4, 'billing_city', 'Tiruchendur'),
(138, 4, 'billing_state', 'TN'),
(139, 4, 'billing_postcode', '628215'),
(140, 4, 'billing_country', 'IN'),
(141, 4, 'billing_email', 'josephs@atomlines.com'),
(142, 4, 'billing_phone', '08148770155'),
(143, 4, 'shipping_first_name', 'JosephAsir'),
(144, 4, 'shipping_last_name', 'Raja'),
(145, 4, 'shipping_address_1', '180 Veeraragavapuram Streat'),
(146, 4, 'shipping_city', 'Tiruchendur'),
(147, 4, 'shipping_state', 'TN'),
(148, 4, 'shipping_postcode', '628215'),
(149, 4, 'shipping_country', 'IN'),
(150, 4, 'shipping_phone', '08148770155'),
(151, 4, 'paying_customer', '1'),
(153, 1, 'billing_first_name', 'JosephAsir'),
(154, 1, 'billing_last_name', 'Raja'),
(155, 1, 'billing_address_1', '180 Veeraragavapuram Streat'),
(156, 1, 'billing_city', 'Tiruchendur'),
(157, 1, 'billing_state', 'TN'),
(158, 1, 'billing_postcode', '628215'),
(159, 1, 'billing_country', 'IN'),
(160, 1, 'billing_email', 'josephs@atomlines.com'),
(161, 1, 'billing_phone', '08148770155'),
(162, 1, 'shipping_first_name', 'JosephAsir'),
(163, 1, 'shipping_last_name', 'Raja'),
(164, 1, 'shipping_address_1', '180 Veeraragavapuram Streat'),
(165, 1, 'shipping_city', 'Tiruchendur'),
(166, 1, 'shipping_state', 'TN'),
(167, 1, 'shipping_postcode', '628215'),
(168, 1, 'shipping_country', 'IN'),
(169, 1, 'shipping_phone', '08148770155'),
(170, 1, 'paying_customer', '1'),
(175, 4, 'wfls-last-login', '1710227656'),
(176, 4, '_woocommerce_persistent_cart_1', 'a:1:{s:4:\"cart\";a:0:{}}'),
(220, 6, 'nickname', 'muthukumarp'),
(221, 6, 'first_name', 'Muthu'),
(222, 6, 'last_name', 'Kumar'),
(223, 6, 'description', ''),
(224, 6, 'rich_editing', 'true'),
(225, 6, 'syntax_highlighting', 'true'),
(226, 6, 'comment_shortcuts', 'false'),
(227, 6, 'admin_color', 'fresh'),
(228, 6, 'use_ssl', '0'),
(229, 6, 'show_admin_bar_front', 'true'),
(230, 6, 'locale', ''),
(231, 6, 'mentorcapabilities', 'a:1:{s:8:\"customer\";b:1;}'),
(232, 6, 'mentoruser_level', '0'),
(233, 6, '_wc_order_attribution_source_type', 'typein'),
(234, 6, '_wc_order_attribution_utm_source', '(direct)'),
(235, 6, '_wc_order_attribution_session_entry', 'https://demo.mentor.in/index.php/my-account/'),
(236, 6, '_wc_order_attribution_session_start_time', '2024-03-12 06:08:52'),
(237, 6, '_wc_order_attribution_session_pages', '17'),
(238, 6, '_wc_order_attribution_session_count', '2'),
(239, 6, '_wc_order_attribution_user_agent', 'Mozilla/5.0 (Macintosh; Intel Mac OS X 10_15_7) AppleWebKit/537.36 (KHTML, like Gecko) Chrome/122.0.0.0 Safari/537.36'),
(240, 6, '_wc_order_attribution_device_type', 'Desktop'),
(241, 6, 'last_update', '1710240320'),
(242, 6, 'session_tokens', 'a:1:{s:64:\"8bac801f31346051e55410858a92a622f056edfa9e606fa5454fedfd15031f0b\";a:4:{s:10:\"expiration\";i:1711449883;s:2:\"ip\";s:11:\"49.37.193.6\";s:2:\"ua\";s:117:\"Mozilla/5.0 (Macintosh; Intel Mac OS X 10_15_7) AppleWebKit/537.36 (KHTML, like Gecko) Chrome/122.0.0.0 Safari/537.36\";s:5:\"login\";i:1710240283;}}'),
(243, 6, 'wc_last_active', '1710201600'),
(244, 6, 'billing_first_name', 'Muthu'),
(245, 6, 'billing_last_name', 'Kumar'),
(246, 1, 'woocommerce_admin_help_panel_highlight_shown', '\"yes\"'),
(311, 9, 'nickname', 'accounts'),
(312, 9, 'first_name', 'GOPALADESIKAN'),
(313, 9, 'last_name', 'DESIKAMANI'),
(314, 9, 'description', ''),
(315, 9, 'rich_editing', 'true'),
(316, 9, 'syntax_highlighting', 'true'),
(317, 9, 'comment_shortcuts', 'false'),
(318, 9, 'admin_color', 'fresh'),
(319, 9, 'use_ssl', '0'),
(320, 9, 'show_admin_bar_front', 'true'),
(321, 9, 'locale', ''),
(322, 9, 'mentorcapabilities', 'a:1:{s:8:\"customer\";b:1;}'),
(323, 9, 'mentoruser_level', '0'),
(324, 9, 'default_password_nag', '1'),
(325, 9, 'last_update', '1711096610'),
(326, 9, 'wc_last_active', '1711065600'),
(327, 9, 'session_tokens', 'a:2:{s:64:\"7a1292dbb28d0c7088722bbf2a22161e6f90aa9651fc28cb00192e028e47b3fd\";a:4:{s:10:\"expiration\";i:1711619684;s:2:\"ip\";s:13:\"122.164.87.30\";s:2:\"ua\";s:125:\"Mozilla/5.0 (Windows NT 10.0; Win64; x64) AppleWebKit/537.36 (KHTML, like Gecko) Chrome/122.0.0.0 Safari/537.36 Edg/122.0.0.0\";s:5:\"login\";i:1710410084;}s:64:\"b25e67912a6e148466d4884cae852b6e3da8c4984e2c9c4e8ae96021379e2aeb\";a:4:{s:10:\"expiration\";i:1711269316;s:2:\"ip\";s:12:\"49.37.212.91\";s:2:\"ua\";s:111:\"Mozilla/5.0 (Windows NT 10.0; Win64; x64) AppleWebKit/537.36 (KHTML, like Gecko) Chrome/123.0.0.0 Safari/537.36\";s:5:\"login\";i:1711096516;}}'),
(328, 9, 'billing_first_name', 'Malathy'),
(329, 9, 'billing_last_name', 'V'),
(330, 9, 'billing_address_1', 'NO 4, DHANDEESWARAR NAGAR'),
(331, 9, 'billing_city', 'DIRECTOR'),
(332, 9, 'billing_state', 'TN'),
(333, 9, 'billing_postcode', '600042'),
(334, 9, 'billing_country', 'IN'),
(335, 9, 'billing_email', 'accounts@mentor.in'),
(336, 9, 'billing_phone', '09940055987'),
(337, 9, 'shipping_first_name', 'Malathy'),
(338, 9, 'shipping_last_name', 'V'),
(339, 9, 'shipping_address_1', 'NO 4, DHANDEESWARAR NAGAR'),
(340, 9, 'shipping_city', 'DIRECTOR'),
(341, 9, 'shipping_state', 'TN'),
(342, 9, 'shipping_postcode', '600042'),
(343, 9, 'shipping_country', 'IN'),
(344, 9, 'shipping_phone', '09940055987'),
(345, 9, 'paying_customer', '1'),
(375, 10, 'nickname', 'mani'),
(376, 10, 'first_name', ''),
(377, 10, 'last_name', ''),
(378, 10, 'description', ''),
(379, 10, 'rich_editing', 'true'),
(380, 10, 'syntax_highlighting', 'true'),
(381, 10, 'comment_shortcuts', 'false'),
(382, 10, 'admin_color', 'fresh'),
(383, 10, 'use_ssl', '0'),
(384, 10, 'show_admin_bar_front', 'true'),
(385, 10, 'locale', ''),
(386, 10, 'mentorcapabilities', 'a:1:{s:8:\"customer\";b:1;}'),
(387, 10, 'mentoruser_level', '0'),
(388, 10, '_wc_order_attribution_source_type', 'typein'),
(389, 10, '_wc_order_attribution_utm_source', '(direct)'),
(390, 10, '_wc_order_attribution_session_entry', 'https://demo.mentor.in/index.php/behaviour-mirror/'),
(391, 10, '_wc_order_attribution_session_start_time', '2024-03-22 07:08:29'),
(392, 10, '_wc_order_attribution_session_pages', '2'),
(393, 10, '_wc_order_attribution_session_count', '1'),
(394, 10, '_wc_order_attribution_user_agent', 'Mozilla/5.0 (Linux; Android 10; K) AppleWebKit/537.36 (KHTML, like Gecko) Chrome/122.0.0.0 Mobile Safari/537.36'),
(395, 10, '_wc_order_attribution_device_type', 'Mobile'),
(396, 10, 'last_update', '1711093149'),
(397, 10, 'session_tokens', 'a:1:{s:64:\"ae7758e34bba8e90e0a2b8374bbc998eff858c6dd416821bf618b355820dc355\";a:4:{s:10:\"expiration\";i:1712302753;s:2:\"ip\";s:12:\"49.37.212.91\";s:2:\"ua\";s:111:\"Mozilla/5.0 (Linux; Android 10; K) AppleWebKit/537.36 (KHTML, like Gecko) Chrome/122.0.0.0 Mobile Safari/537.36\";s:5:\"login\";i:1711093153;}}'),
(398, 11, 'nickname', 'hema'),
(399, 11, 'first_name', ''),
(400, 11, 'last_name', ''),
(401, 11, 'description', ''),
(402, 11, 'rich_editing', 'true'),
(403, 11, 'syntax_highlighting', 'true'),
(404, 11, 'comment_shortcuts', 'false'),
(405, 11, 'admin_color', 'fresh'),
(406, 11, 'use_ssl', '0'),
(407, 11, 'show_admin_bar_front', 'true'),
(408, 11, 'locale', ''),
(409, 11, 'mentorcapabilities', 'a:1:{s:8:\"customer\";b:1;}'),
(410, 11, 'mentoruser_level', '0'),
(411, 11, '_wc_order_attribution_source_type', 'typein'),
(412, 11, '_wc_order_attribution_utm_source', '(direct)'),
(413, 11, '_wc_order_attribution_session_entry', 'https://demo.mentor.in/index.php/behaviour-mirror/'),
(414, 11, '_wc_order_attribution_session_start_time', '2024-03-22 07:45:04'),
(415, 11, '_wc_order_attribution_session_pages', '2'),
(416, 11, '_wc_order_attribution_session_count', '1'),
(417, 11, '_wc_order_attribution_user_agent', 'Mozilla/5.0 (Windows NT 10.0; Win64; x64) AppleWebKit/537.36 (KHTML, like Gecko) Chrome/122.0.0.0 Safari/537.36 Edg/122.0.0.0'),
(418, 11, '_wc_order_attribution_device_type', 'Desktop'),
(419, 11, 'last_update', '1711095782'),
(420, 11, 'session_tokens', 'a:1:{s:64:\"a4e72392d0919f187fc030af0c084052282b2e9e9a93b7934f030ebf5e6ab1d7\";a:4:{s:10:\"expiration\";i:1712304955;s:2:\"ip\";s:14:\"122.164.87.114\";s:2:\"ua\";s:125:\"Mozilla/5.0 (Windows NT 10.0; Win64; x64) AppleWebKit/537.36 (KHTML, like Gecko) Chrome/122.0.0.0 Safari/537.36 Edg/122.0.0.0\";s:5:\"login\";i:1711095355;}}'),
(421, 11, 'wc_last_active', '1711065600'),
(422, 11, 'billing_first_name', 'First Name'),
(423, 11, 'billing_last_name', 'Last Name'),
(424, 11, 'billing_address_1', 'Chennai'),
(425, 11, 'billing_city', 'Chennai'),
(426, 11, 'billing_state', 'TN'),
(427, 11, 'billing_postcode', '600033'),
(428, 11, 'billing_country', 'IN'),
(429, 11, 'billing_email', 'hema@mentor.in'),
(430, 11, 'shipping_first_name', 'First Name'),
(431, 11, 'shipping_last_name', 'Last Name'),
(432, 11, 'shipping_address_1', 'Chennai'),
(433, 11, 'shipping_city', 'Chennai'),
(434, 11, 'shipping_state', 'TN'),
(435, 11, 'shipping_postcode', '600033'),
(436, 11, 'shipping_country', 'IN'),
(437, 11, 'paying_customer', '1'),
(438, 11, '_woocommerce_persistent_cart_1', 'a:1:{s:4:\"cart\";a:1:{s:32:\"635440afdfc39fe37995fed127d7df4f\";a:6:{s:3:\"key\";s:32:\"635440afdfc39fe37995fed127d7df4f\";s:10:\"product_id\";i:2252;s:12:\"variation_id\";i:0;s:9:\"variation\";a:0:{}s:8:\"quantity\";s:1:\"1\";s:9:\"data_hash\";s:32:\"b5c1d5ca8bae6d4896cf1807cdf763f0\";}}}'),
(439, 12, 'nickname', 'vidhya'),
(440, 12, 'first_name', ''),
(441, 12, 'last_name', ''),
(442, 12, 'description', ''),
(443, 12, 'rich_editing', 'true'),
(444, 12, 'syntax_highlighting', 'true'),
(445, 12, 'comment_shortcuts', 'false'),
(446, 12, 'admin_color', 'fresh'),
(447, 12, 'use_ssl', '0'),
(448, 12, 'show_admin_bar_front', 'true'),
(449, 12, 'locale', ''),
(450, 12, 'mentorcapabilities', 'a:1:{s:8:\"customer\";b:1;}'),
(451, 12, 'mentoruser_level', '0'),
(452, 12, '_wc_order_attribution_source_type', 'typein'),
(453, 12, '_wc_order_attribution_utm_source', '(direct)'),
(454, 12, '_wc_order_attribution_session_entry', 'https://demo.mentor.in/index.php/behaviour-mirror/'),
(455, 12, '_wc_order_attribution_session_start_time', '2024-03-22 08:03:36'),
(456, 12, '_wc_order_attribution_session_pages', '4'),
(457, 12, '_wc_order_attribution_session_count', '1'),
(458, 12, '_wc_order_attribution_user_agent', 'Mozilla/5.0 (Windows NT 10.0; Win64; x64) AppleWebKit/537.36 (KHTML, like Gecko) Chrome/123.0.0.0 Safari/537.36'),
(459, 12, '_wc_order_attribution_device_type', 'Desktop'),
(460, 12, 'last_update', '1711096679'),
(461, 12, 'session_tokens', 'a:1:{s:64:\"285c3d19973f48bf5fb6c8eafb8c8ebbf2e8acfaba6bcfc37ceab2d44a67d9d5\";a:4:{s:10:\"expiration\";i:1712306107;s:2:\"ip\";s:12:\"49.37.212.91\";s:2:\"ua\";s:111:\"Mozilla/5.0 (Windows NT 10.0; Win64; x64) AppleWebKit/537.36 (KHTML, like Gecko) Chrome/123.0.0.0 Safari/537.36\";s:5:\"login\";i:1711096507;}}'),
(462, 12, 'wc_last_active', '1711065600'),
(464, 9, 'wfls-last-login', '1711096516'),
(466, 12, 'billing_first_name', 'Vidhya'),
(467, 12, 'billing_last_name', 'Lakshmi'),
(468, 12, 'billing_address_1', 'Block 1, Flat 3, Sai Gardens, 10th Cross Street, Dandeeswaram Nagar, Velachery'),
(469, 12, 'billing_address_2', 'Dandeeswaram Nagar, Velachery'),
(470, 12, 'billing_city', 'Chennai'),
(471, 12, 'billing_state', 'TN'),
(472, 12, 'billing_postcode', '600042'),
(473, 12, 'billing_country', 'IN'),
(474, 12, 'billing_email', 'vidhya@mentor.in'),
(475, 12, 'billing_phone', '+919841980610'),
(476, 12, 'shipping_first_name', 'Vidhya'),
(477, 12, 'shipping_last_name', 'Lakshmi'),
(478, 12, 'shipping_address_1', 'Block 1, Flat 3, Sai Gardens, 10th Cross Street, Dandeeswaram Nagar, Velachery'),
(479, 12, 'shipping_address_2', 'Dandeeswaram Nagar, Velachery'),
(480, 12, 'shipping_city', 'Chennai'),
(481, 12, 'shipping_state', 'TN'),
(482, 12, 'shipping_postcode', '600042'),
(483, 12, 'shipping_country', 'IN'),
(484, 12, 'shipping_phone', '+919841980610'),
(485, 12, 'paying_customer', '1'),
(486, 13, 'nickname', 'sumithra47'),
(487, 13, 'first_name', ''),
(488, 13, 'last_name', ''),
(489, 13, 'description', ''),
(490, 13, 'rich_editing', 'true'),
(491, 13, 'syntax_highlighting', 'true'),
(492, 13, 'comment_shortcuts', 'false'),
(493, 13, 'admin_color', 'fresh'),
(494, 13, 'use_ssl', '0'),
(495, 13, 'show_admin_bar_front', 'true'),
(496, 13, 'locale', ''),
(497, 13, 'mentorcapabilities', 'a:1:{s:8:\"customer\";b:1;}'),
(498, 13, 'mentoruser_level', '0'),
(499, 13, '_wc_order_attribution_source_type', 'typein'),
(500, 13, '_wc_order_attribution_utm_source', '(direct)'),
(501, 13, '_wc_order_attribution_session_entry', 'https://demo.mentor.in/index.php/behaviour-mirror/'),
(502, 13, '_wc_order_attribution_session_start_time', '2024-03-22 09:27:32'),
(503, 13, '_wc_order_attribution_session_pages', '2'),
(504, 13, '_wc_order_attribution_session_count', '2'),
(505, 13, '_wc_order_attribution_user_agent', 'Mozilla/5.0 (Windows NT 10.0; Win64; x64) AppleWebKit/537.36 (KHTML, like Gecko) Chrome/122.0.0.0 Safari/537.36'),
(506, 13, '_wc_order_attribution_device_type', 'Desktop'),
(507, 13, 'last_update', '1711104415'),
(508, 13, 'session_tokens', 'a:1:{s:64:\"e4ddcae58e08ac920b17666afa0a831fbd487e3f76c202053e7d7c50996d33ba\";a:4:{s:10:\"expiration\";i:1712313619;s:2:\"ip\";s:14:\"122.164.87.114\";s:2:\"ua\";s:111:\"Mozilla/5.0 (Windows NT 10.0; Win64; x64) AppleWebKit/537.36 (KHTML, like Gecko) Chrome/122.0.0.0 Safari/537.36\";s:5:\"login\";i:1711104019;}}'),
(509, 13, 'wc_last_active', '1711065600'),
(510, 13, 'billing_first_name', 'Sumithra'),
(511, 13, 'billing_last_name', 'D'),
(512, 13, 'billing_address_1', 'adsfd'),
(513, 13, 'billing_city', 'chennai'),
(514, 13, 'billing_state', 'TN'),
(515, 13, 'billing_postcode', '600042'),
(516, 13, 'billing_country', 'IN'),
(517, 13, 'billing_email', 'sumithra47@gmail.com'),
(518, 13, 'shipping_first_name', 'Sumithra'),
(519, 13, 'shipping_last_name', 'D'),
(520, 13, 'shipping_address_1', 'adsfd'),
(521, 13, 'shipping_city', 'chennai'),
(522, 13, 'shipping_state', 'TN'),
(523, 13, 'shipping_postcode', '600042'),
(524, 13, 'shipping_country', 'IN'),
(525, 13, 'paying_customer', '1'),
(526, 13, '_woocommerce_persistent_cart_1', 'a:1:{s:4:\"cart\";a:1:{s:32:\"ccbd8ca962b80445df1f7f38c57759f0\";a:6:{s:3:\"key\";s:32:\"ccbd8ca962b80445df1f7f38c57759f0\";s:10:\"product_id\";i:2264;s:12:\"variation_id\";i:0;s:9:\"variation\";a:0:{}s:8:\"quantity\";s:1:\"1\";s:9:\"data_hash\";s:32:\"b5c1d5ca8bae6d4896cf1807cdf763f0\";}}}'),
(528, 14, 'nickname', 'sarathyvatsan'),
(529, 14, 'first_name', ''),
(530, 14, 'last_name', ''),
(531, 14, 'description', ''),
(532, 14, 'rich_editing', 'true'),
(533, 14, 'syntax_highlighting', 'true'),
(534, 14, 'comment_shortcuts', 'false'),
(535, 14, 'admin_color', 'fresh'),
(536, 14, 'use_ssl', '0'),
(537, 14, 'show_admin_bar_front', 'true'),
(538, 14, 'locale', ''),
(539, 14, 'mentorcapabilities', 'a:1:{s:8:\"customer\";b:1;}'),
(540, 14, 'mentoruser_level', '0'),
(541, 14, '_wc_order_attribution_source_type', 'typein'),
(542, 14, '_wc_order_attribution_utm_source', '(direct)'),
(543, 14, '_wc_order_attribution_session_entry', 'https://demo.mentor.in/index.php/behaviour-mirror/'),
(544, 14, '_wc_order_attribution_session_start_time', '2024-03-27 04:46:32'),
(545, 14, '_wc_order_attribution_session_pages', '2'),
(546, 14, '_wc_order_attribution_session_count', '1'),
(547, 14, '_wc_order_attribution_user_agent', 'Mozilla/5.0 (Linux; Android 10; K) AppleWebKit/537.36 (KHTML, like Gecko) Chrome/111.0.0.0 Mobile Safari/537.36'),
(548, 14, '_wc_order_attribution_device_type', 'Mobile'),
(549, 14, 'last_update', '1711517272'),
(550, 14, 'session_tokens', 'a:2:{s:64:\"23e3e3239f0a549b19029c1ccb09346b6f53330b064338f21f7675e4395ad0e7\";a:4:{s:10:\"expiration\";i:1712726268;s:2:\"ip\";s:13:\"122.164.82.21\";s:2:\"ua\";s:111:\"Mozilla/5.0 (Linux; Android 10; K) AppleWebKit/537.36 (KHTML, like Gecko) Chrome/111.0.0.0 Mobile Safari/537.36\";s:5:\"login\";i:1711516668;}s:64:\"59c3abfffd1aa1e9a6e1d794712563958c79ebb8f3e4101e26166a3048bd1675\";a:4:{s:10:\"expiration\";i:1711689800;s:2:\"ip\";s:13:\"49.37.210.173\";s:2:\"ua\";s:111:\"Mozilla/5.0 (Windows NT 10.0; Win64; x64) AppleWebKit/537.36 (KHTML, like Gecko) Chrome/122.0.0.0 Safari/537.36\";s:5:\"login\";i:1711517000;}}'),
(552, 14, 'wc_last_active', '1711497600'),
(554, 14, 'wfls-last-login', '1711517000'),
(581, 14, 'billing_first_name', 'Srivatsan'),
(582, 14, 'billing_last_name', 'P'),
(583, 14, 'billing_address_1', 'No 14/25, Amirtham Flats, Balaraman street, Hasthinapuram, Chromepet, Chennai 64.'),
(584, 14, 'billing_city', 'chennai'),
(585, 14, 'billing_state', 'TN'),
(586, 14, 'billing_postcode', '600064'),
(587, 14, 'billing_country', 'IN'),
(588, 14, 'billing_email', 'sarathyvatsan@gmail.com'),
(589, 14, 'shipping_first_name', 'Srivatsan'),
(590, 14, 'shipping_last_name', 'P'),
(591, 14, 'shipping_address_1', 'No 14/25, Amirtham Flats, Balaraman street, Hasthinapuram, Chromepet, Chennai 64.'),
(592, 14, 'shipping_city', 'chennai'),
(593, 14, 'shipping_state', 'TN'),
(594, 14, 'shipping_postcode', '600064'),
(595, 14, 'shipping_country', 'IN'),
(596, 14, 'paying_customer', '1'),
(617, 1, 'wfls-dismiss-wfls-woocommerce-integration-notice', '1'),
(618, 1, 'dismissed_update_notice', '1'),
(619, 1, 'dismissed_template_files_notice', '1'),
(633, 16, 'nickname', 'yesjosephraja1'),
(634, 16, 'first_name', ''),
(635, 16, 'last_name', ''),
(636, 16, 'description', ''),
(637, 16, 'rich_editing', 'true'),
(638, 16, 'syntax_highlighting', 'true'),
(639, 16, 'comment_shortcuts', 'false'),
(640, 16, 'admin_color', 'fresh'),
(641, 16, 'use_ssl', '0'),
(642, 16, 'show_admin_bar_front', 'true'),
(643, 16, 'locale', ''),
(644, 16, 'mentorcapabilities', 'a:1:{s:8:\"customer\";b:1;}'),
(645, 16, 'mentoruser_level', '0'),
(646, 16, '_wc_order_attribution_source_type', 'typein'),
(647, 16, '_wc_order_attribution_utm_source', '(direct)'),
(648, 16, '_wc_order_attribution_session_entry', 'https://demo.mentor.in/index.php/behaviour-mirror/'),
(649, 16, '_wc_order_attribution_session_start_time', '2024-04-12 09:06:02'),
(650, 16, '_wc_order_attribution_session_pages', '3'),
(651, 16, '_wc_order_attribution_session_count', '1'),
(652, 16, '_wc_order_attribution_user_agent', 'Mozilla/5.0 (Macintosh; Intel Mac OS X 10_15_7) AppleWebKit/537.36 (KHTML, like Gecko) Chrome/123.0.0.0 Safari/537.36'),
(653, 16, '_wc_order_attribution_device_type', 'Desktop'),
(654, 16, 'last_update', '1712914616'),
(656, 16, 'wc_last_active', '1712880000'),
(681, 18, 'nickname', 'atomlines.com'),
(682, 18, 'first_name', ''),
(683, 18, 'last_name', ''),
(684, 18, 'description', ''),
(685, 18, 'rich_editing', 'true'),
(686, 18, 'syntax_highlighting', 'true'),
(687, 18, 'comment_shortcuts', 'false'),
(688, 18, 'admin_color', 'fresh'),
(689, 18, 'use_ssl', '0'),
(690, 18, 'show_admin_bar_front', 'true'),
(691, 18, 'locale', ''),
(692, 18, 'mentorcapabilities', 'a:1:{s:8:\"customer\";b:1;}'),
(693, 18, 'mentoruser_level', '0'),
(694, 18, '_wc_order_attribution_source_type', 'typein'),
(695, 18, '_wc_order_attribution_utm_source', '(direct)'),
(696, 18, '_wc_order_attribution_session_entry', 'https://demo.mentor.in/'),
(697, 18, '_wc_order_attribution_session_start_time', '2024-04-12 09:10:49'),
(698, 18, '_wc_order_attribution_session_pages', '4'),
(699, 18, '_wc_order_attribution_session_count', '2'),
(700, 18, '_wc_order_attribution_user_agent', 'Mozilla/5.0 (Macintosh; Intel Mac OS X 10_15_7) AppleWebKit/537.36 (KHTML, like Gecko) Chrome/123.0.0.0 Safari/537.36'),
(701, 18, '_wc_order_attribution_device_type', 'Desktop'),
(702, 18, 'last_update', '1712917156'),
(704, 18, 'wc_last_active', '1712880000'),
(709, 1, '_woocommerce_persistent_cart_1', 'a:1:{s:4:\"cart\";a:2:{s:32:\"635440afdfc39fe37995fed127d7df4f\";a:11:{s:3:\"key\";s:32:\"635440afdfc39fe37995fed127d7df4f\";s:10:\"product_id\";i:2252;s:12:\"variation_id\";i:0;s:9:\"variation\";a:0:{}s:8:\"quantity\";i:1;s:9:\"data_hash\";s:32:\"b5c1d5ca8bae6d4896cf1807cdf763f0\";s:13:\"line_tax_data\";a:2:{s:8:\"subtotal\";a:0:{}s:5:\"total\";a:0:{}}s:13:\"line_subtotal\";d:9;s:17:\"line_subtotal_tax\";d:0;s:10:\"line_total\";d:9;s:8:\"line_tax\";d:0;}s:32:\"ccbd8ca962b80445df1f7f38c57759f0\";a:11:{s:3:\"key\";s:32:\"ccbd8ca962b80445df1f7f38c57759f0\";s:10:\"product_id\";i:2264;s:12:\"variation_id\";i:0;s:9:\"variation\";a:0:{}s:8:\"quantity\";i:1;s:9:\"data_hash\";s:32:\"b5c1d5ca8bae6d4896cf1807cdf763f0\";s:13:\"line_tax_data\";a:2:{s:8:\"subtotal\";a:0:{}s:5:\"total\";a:0:{}}s:13:\"line_subtotal\";d:9;s:17:\"line_subtotal_tax\";d:0;s:10:\"line_total\";d:9;s:8:\"line_tax\";d:0;}}}'),
(711, 19, 'nickname', 'kbgiriprasad'),
(712, 19, 'first_name', ''),
(713, 19, 'last_name', ''),
(714, 19, 'description', ''),
(715, 19, 'rich_editing', 'true'),
(716, 19, 'syntax_highlighting', 'true'),
(717, 19, 'comment_shortcuts', 'false'),
(718, 19, 'admin_color', 'fresh'),
(719, 19, 'use_ssl', '0'),
(720, 19, 'show_admin_bar_front', 'true'),
(721, 19, 'locale', ''),
(722, 19, 'mentorcapabilities', 'a:1:{s:8:\"customer\";b:1;}'),
(723, 19, 'mentoruser_level', '0'),
(724, 19, '_wc_order_attribution_source_type', 'typein'),
(725, 19, '_wc_order_attribution_utm_source', '(direct)'),
(726, 19, '_wc_order_attribution_session_entry', 'https://demo.mentor.in/'),
(727, 19, '_wc_order_attribution_session_start_time', '2024-03-28 04:30:51'),
(728, 19, '_wc_order_attribution_session_pages', '12'),
(729, 19, '_wc_order_attribution_session_count', '23'),
(730, 19, '_wc_order_attribution_user_agent', 'Mozilla/5.0 (Windows NT 10.0; Win64; x64) AppleWebKit/537.36 (KHTML, like Gecko) Chrome/123.0.0.0 Safari/537.36'),
(731, 19, '_wc_order_attribution_device_type', 'Desktop'),
(732, 19, 'last_update', '1713420970'),
(734, 19, 'wc_last_active', '1713398400'),
(736, 19, 'billing_first_name', 'Giri'),
(737, 19, 'billing_last_name', 'KB'),
(738, 19, 'billing_address_1', '22'),
(739, 19, 'billing_address_2', 'Kolathur'),
(740, 19, 'billing_city', 'Chennai'),
(741, 19, 'billing_state', 'TN'),
(742, 19, 'billing_postcode', '600099'),
(743, 19, 'billing_country', 'IN'),
(744, 19, 'billing_email', 'kbgiriprasad@gmail.com'),
(745, 19, 'shipping_first_name', 'Giri'),
(746, 19, 'shipping_last_name', 'KB'),
(747, 19, 'shipping_address_1', '22'),
(748, 19, 'shipping_address_2', 'Kolathur'),
(749, 19, 'shipping_city', 'Chennai'),
(750, 19, 'shipping_state', 'TN'),
(751, 19, 'shipping_postcode', '600099'),
(752, 19, 'shipping_country', 'IN'),
(753, 19, 'paying_customer', '1');

-- --------------------------------------------------------

--
-- Table structure for table `mentorusers`
--

CREATE TABLE `mentorusers` (
  `ID` bigint(20) UNSIGNED NOT NULL,
  `user_login` varchar(60) COLLATE utf8mb4_unicode_ci NOT NULL DEFAULT '',
  `user_pass` varchar(255) COLLATE utf8mb4_unicode_ci NOT NULL DEFAULT '',
  `user_nicename` varchar(50) COLLATE utf8mb4_unicode_ci NOT NULL DEFAULT '',
  `user_email` varchar(100) COLLATE utf8mb4_unicode_ci NOT NULL DEFAULT '',
  `user_url` varchar(100) COLLATE utf8mb4_unicode_ci NOT NULL DEFAULT '',
  `user_registered` datetime NOT NULL DEFAULT '0000-00-00 00:00:00',
  `user_activation_key` varchar(255) COLLATE utf8mb4_unicode_ci NOT NULL DEFAULT '',
  `user_status` int(11) NOT NULL DEFAULT 0,
  `display_name` varchar(250) COLLATE utf8mb4_unicode_ci NOT NULL DEFAULT ''
) ENGINE=InnoDB DEFAULT CHARSET=utf8mb4 COLLATE=utf8mb4_unicode_ci;

--
-- Dumping data for table `mentorusers`
--

INSERT INTO `mentorusers` (`ID`, `user_login`, `user_pass`, `user_nicename`, `user_email`, `user_url`, `user_registered`, `user_activation_key`, `user_status`, `display_name`) VALUES
(1, 'admin', '$P$BbabxPFc9YU5iE3EOQ3x6KFdNAbSoV/', 'admin', 'giri@mentor.in', '', '2015-08-13 06:54:29', '1702549533:$P$B12Ef3/CHYNLSE6W273XqXXfIn.ggD1', 0, 'Desikamani'),
(2, 'yesjosephraja', '$P$BcAst8eZTYeu4.jYHOKE.5u1W3Pgcf.', 'yesjosephraja', 'yesjosephraja@gmail.com', '', '2024-03-06 11:06:56', '', 0, 'Joseph Raja'),
(3, 'mktest', '$P$BaKNd1QhRdpuoU1mCGVssXyQvftIbI.', 'mktest', 'mk@rhytha.org', 'http://rhytha.com', '2024-03-08 03:30:55', '1709868655:$P$BwNbNMwaWES.swSPHl0BmXph3janJG1', 0, 'MK Rhytha'),
(4, 'josephs', '$P$BRJQANsWyFxxtmQHjaRrTdfHeaM7Th0', 'josephs', 'josephs@atomlines.com', '', '2024-03-10 04:10:53', '', 0, 'JosephAsir Raja'),
(6, 'muthukumarp', '$P$BtJLZpsKuga/04Qc87DkSuNzLZedUu/', 'muthukumarp', 'muthukumarp@atomlines.com', '', '2024-03-12 10:43:59', '1710240240:$P$Bk5M2jxT8PQNaw0b/sNmx1bRKOKHeP/', 0, 'muthukumarp'),
(9, 'accounts', '$P$BjKkJw93g.Oo5prfPZSHYeMl2kVJqQ.', 'accounts', 'accounts@mentor.in', '', '2024-03-14 09:54:41', '', 0, 'GOPALADESIKAN DESIKAMANI'),
(10, 'mani', '$P$BULnZcpMnAwZJncKZfP0AVxB.0SwPf1', 'mani', 'mani@mentor.in', '', '2024-03-22 07:39:09', '1711093149:$P$Bj3EzQopTtyw2n5FNK8CCQOPRHMaZN0', 0, 'mani'),
(11, 'hema', '$P$BQ7wLZ0FnL6CUWdpYJbKGgVpEg9GOa1', 'hema', 'hema@mentor.in', '', '2024-03-22 08:15:51', '1711095351:$P$B9M.Y0gLOkHbSet.1N8POdjCA8Xo62.', 0, 'hema'),
(12, 'vidhya', '$P$BdFOje6CnLFyJFGbQ89PvB7EEDStqk1', 'vidhya', 'vidhya@mentor.in', '', '2024-03-22 08:35:03', '1711096503:$P$BPWW1mvNNNpB3TXKL8bHHi1KuJZaYU/', 0, 'vidhya'),
(13, 'sumithra47', '$P$BY0F/q5a8LK2NHhVC03AtDN4Umjp5L.', 'sumithra47', 'sumithra47@gmail.com', '', '2024-03-22 10:40:15', '1711104015:$P$BL6OReflII3QIWNfNxaj67WHMIFBG.1', 0, 'sumithra47'),
(14, 'sarathyvatsan', '$P$BEOoASH02B4NDvP06JrVXVmavkPXjt0', 'sarathyvatsan', 'sarathyvatsan@gmail.com', '', '2024-03-27 05:17:45', '', 0, 'sarathyvatsan'),
(16, 'yesjosephraja1', '$P$BS.Q4.Q1v8.r/0nBshpCaztiSvUGaA1', 'yesjosephraja1', 'yesjosephraja1@gmail.com', '', '2024-04-12 09:36:56', '1712914616:$P$BGoJnSHI2MC6F56.AdnoUdZ22wRzBg1', 0, 'yesjosephraja1'),
(18, 'atomlines.com', '$P$BgHakmmXNRtEqz1MSlhR3s7dbsUN5j1', 'atomlines-com', 'contact@atomlines.com', '', '2024-04-12 10:19:16', '1712917156:$P$B5TE67W0DenptuyNqRArqMWWOqGcqU0', 0, 'atomlines.com'),
(19, 'kbgiriprasad', '$P$Bd7CXwsyhwT0QfvcKpVLM13mQrSrAT1', 'kbgiriprasad', 'kbgiriprasad@gmail.com', '', '2024-04-18 06:14:04', '1713420845:$P$B94Owwr28PjKzzJmVjBZg3tIorw4sI.', 0, 'kbgiriprasad');

-- --------------------------------------------------------

--
-- Table structure for table `mentorwc_admin_notes`
--

CREATE TABLE `mentorwc_admin_notes` (
  `note_id` bigint(20) UNSIGNED NOT NULL,
  `name` varchar(255) COLLATE utf8mb4_unicode_520_ci NOT NULL,
  `type` varchar(20) COLLATE utf8mb4_unicode_520_ci NOT NULL,
  `locale` varchar(20) COLLATE utf8mb4_unicode_520_ci NOT NULL,
  `title` longtext COLLATE utf8mb4_unicode_520_ci NOT NULL,
  `content` longtext COLLATE utf8mb4_unicode_520_ci NOT NULL,
  `content_data` longtext COLLATE utf8mb4_unicode_520_ci DEFAULT NULL,
  `status` varchar(200) COLLATE utf8mb4_unicode_520_ci NOT NULL,
  `source` varchar(200) COLLATE utf8mb4_unicode_520_ci NOT NULL,
  `date_created` datetime NOT NULL DEFAULT '0000-00-00 00:00:00',
  `date_reminder` datetime DEFAULT NULL,
  `is_snoozable` tinyint(1) NOT NULL DEFAULT 0,
  `layout` varchar(20) COLLATE utf8mb4_unicode_520_ci NOT NULL DEFAULT '',
  `image` varchar(200) COLLATE utf8mb4_unicode_520_ci DEFAULT NULL,
  `is_deleted` tinyint(1) NOT NULL DEFAULT 0,
  `is_read` tinyint(1) NOT NULL DEFAULT 0,
  `icon` varchar(200) COLLATE utf8mb4_unicode_520_ci NOT NULL DEFAULT 'info'
) ENGINE=InnoDB DEFAULT CHARSET=utf8mb4 COLLATE=utf8mb4_unicode_520_ci;

--
-- Dumping data for table `mentorwc_admin_notes`
--

INSERT INTO `mentorwc_admin_notes` (`note_id`, `name`, `type`, `locale`, `title`, `content`, `content_data`, `status`, `source`, `date_created`, `date_reminder`, `is_snoozable`, `layout`, `image`, `is_deleted`, `is_read`, `icon`) VALUES
(1, 'wayflyer_bnpl_q4_2021', 'marketing', 'en_US', 'Grow your business with funding through Wayflyer', 'Fast, flexible financing to boost cash flow and help your business grow – one fee, no interest rates, penalties, equity, or personal guarantees. Based on your store’s performance, Wayflyer provides funding and analytical insights to invest in your business.', '{}', 'pending', 'woocommerce.com', '2024-03-06 09:10:35', NULL, 0, 'plain', '', 0, 0, 'info'),
(2, 'wc_shipping_mobile_app_usps_q4_2021', 'marketing', 'en_US', 'Print and manage your shipping labels with WooCommerce Shipping and the WooCommerce Mobile App', 'Save time by printing, purchasing, refunding, and tracking shipping labels generated by <a href=\"https://woocommerce.com/woocommerce-shipping/\">WooCommerce Shipping</a> – all directly from your mobile device!', '{}', 'pending', 'woocommerce.com', '2024-03-06 09:10:35', NULL, 0, 'plain', '', 0, 0, 'info'),
(3, 'woocommerce-services', 'info', 'en_US', 'WooCommerce Shipping & Tax', 'WooCommerce Shipping &amp; Tax helps get your store \"ready to sell\" as quickly as possible. You create your products. We take care of tax calculation, payment processing, and shipping label printing! Learn more about the extension that you just installed.', '{}', 'pending', 'woocommerce.com', '2024-03-06 09:10:35', NULL, 0, 'plain', '', 0, 0, 'info'),
(4, 'your-first-product', 'info', 'en_US', 'Your first product', 'That’s huge! You’re well on your way to building a successful online store — now it’s time to think about how you’ll fulfill your orders.<br /><br />Read our shipping guide to learn best practices and options for putting together your shipping strategy. And for WooCommerce stores in the United States, you can print discounted shipping labels via USPS with <a href=\"https://href.li/?https://woocommerce.com/shipping\" target=\"_blank\">WooCommerce Shipping</a>.', '{}', 'pending', 'woocommerce.com', '2024-03-06 09:10:35', NULL, 0, 'plain', '', 0, 0, 'info'),
(5, 'wc-admin-optimizing-the-checkout-flow', 'info', 'en_US', 'Optimizing the checkout flow', 'It’s crucial to get your store’s checkout as smooth as possible to avoid losing sales. Let’s take a look at how you can optimize the checkout experience for your shoppers.', '{}', 'unactioned', 'woocommerce.com', '2024-03-09 16:53:53', NULL, 0, 'plain', '', 0, 1, 'info'),
(6, 'wc-payments-qualitative-feedback', 'info', 'en_US', 'WooCommerce Payments setup - let us know what you think', 'Congrats on enabling WooCommerce Payments for your store. Please share your feedback in this 2 minute survey to help us improve the setup process.', '{}', 'pending', 'woocommerce.com', '2024-03-06 09:10:35', NULL, 0, 'plain', '', 0, 0, 'info'),
(7, 'share-your-feedback-on-paypal', 'info', 'en_US', 'Share your feedback on PayPal', 'Share your feedback in this 2 minute survey about how we can make the process of accepting payments more useful for your store.', '{}', 'pending', 'woocommerce.com', '2024-03-06 09:10:35', NULL, 0, 'plain', '', 0, 0, 'info'),
(8, 'google_listings_and_ads_install', 'marketing', 'en_US', 'Drive traffic and sales with Google', 'Reach online shoppers to drive traffic and sales for your store by showcasing products across Google, for free or with ads.', '{}', 'unactioned', 'woocommerce.com', '2024-03-18 02:48:23', NULL, 0, 'plain', '', 0, 0, 'info'),
(9, 'wc-subscriptions-security-update-3-0-15', 'info', 'en_US', 'WooCommerce Subscriptions security update!', 'We recently released an important security update to WooCommerce Subscriptions. To ensure your site’s data is protected, please upgrade <strong>WooCommerce Subscriptions to version 3.0.15</strong> or later.<br /><br />Click the button below to view and update to the latest Subscriptions version, or log in to <a href=\"https://woocommerce.com/my-dashboard\">WooCommerce.com Dashboard</a> and navigate to your <strong>Downloads</strong> page.<br /><br />We recommend always using the latest version of WooCommerce Subscriptions, and other software running on your site, to ensure maximum security.<br /><br />If you have any questions we are here to help — just <a href=\"https://woocommerce.com/my-account/create-a-ticket/\">open a ticket</a>.', '{}', 'pending', 'woocommerce.com', '2024-03-06 09:10:35', NULL, 0, 'plain', '', 0, 0, 'info'),
(10, 'woocommerce-core-update-5-4-0', 'info', 'en_US', 'Update to WooCommerce 5.4.1 now', 'WooCommerce 5.4.1 addresses a checkout issue discovered in WooCommerce 5.4. We recommend upgrading to WooCommerce 5.4.1 as soon as possible.', '{}', 'pending', 'woocommerce.com', '2024-03-06 09:10:35', NULL, 0, 'plain', '', 0, 0, 'info'),
(11, 'wcpay-promo-2020-11', 'marketing', 'en_US', 'wcpay-promo-2020-11', 'wcpay-promo-2020-11', '{}', 'pending', 'woocommerce.com', '2024-03-06 09:10:35', NULL, 0, 'plain', '', 0, 0, 'info'),
(12, 'wcpay-promo-2020-12', 'marketing', 'en_US', 'wcpay-promo-2020-12', 'wcpay-promo-2020-12', '{}', 'pending', 'woocommerce.com', '2024-03-06 09:10:35', NULL, 0, 'plain', '', 0, 0, 'info'),
(13, 'ppxo-pps-upgrade-paypal-payments-1', 'info', 'en_US', 'Get the latest PayPal extension for WooCommerce', 'Heads up! There’s a new PayPal on the block!<br /><br />Now is a great time to upgrade to our latest <a href=\"https://woocommerce.com/products/woocommerce-paypal-payments/\" target=\"_blank\">PayPal extension</a> to continue to receive support and updates with PayPal.<br /><br />Get access to a full suite of PayPal payment methods, extensive currency and country coverage, and pay later options with the all-new PayPal extension for WooCommerce.', '{}', 'pending', 'woocommerce.com', '2024-03-06 09:10:35', NULL, 0, 'plain', '', 0, 0, 'info'),
(14, 'ppxo-pps-upgrade-paypal-payments-2', 'info', 'en_US', 'Upgrade your PayPal experience!', 'Get access to a full suite of PayPal payment methods, extensive currency and country coverage, offer subscription and recurring payments, and the new PayPal pay later options.<br /><br />Start using our <a href=\"https://woocommerce.com/products/woocommerce-paypal-payments/\" target=\"_blank\">latest PayPal today</a> to continue to receive support and updates.', '{}', 'pending', 'woocommerce.com', '2024-03-06 09:10:35', NULL, 0, 'plain', '', 0, 0, 'info'),
(15, 'woocommerce-core-sqli-july-2021-need-to-update', 'update', 'en_US', 'Action required: Critical vulnerabilities in WooCommerce', 'In response to a critical vulnerability identified on July 13, 2021, we are working with the WordPress Plugins Team to deploy software updates to stores running WooCommerce (versions 3.3 to 5.5) and the WooCommerce Blocks feature plugin (versions 2.5 to 5.5).<br /><br />Our investigation into this vulnerability is ongoing, but <strong>we wanted to let you know now about the importance of updating immediately</strong>.<br /><br />For more information on which actions you should take, as well as answers to FAQs, please urgently review our blog post detailing this issue.', '{}', 'pending', 'woocommerce.com', '2024-03-06 09:10:35', NULL, 0, 'plain', '', 0, 0, 'info'),
(16, 'woocommerce-blocks-sqli-july-2021-need-to-update', 'update', 'en_US', 'Action required: Critical vulnerabilities in WooCommerce Blocks', 'In response to a critical vulnerability identified on July 13, 2021, we are working with the WordPress Plugins Team to deploy software updates to stores running WooCommerce (versions 3.3 to 5.5) and the WooCommerce Blocks feature plugin (versions 2.5 to 5.5).<br /><br />Our investigation into this vulnerability is ongoing, but <strong>we wanted to let you know now about the importance of updating immediately</strong>.<br /><br />For more information on which actions you should take, as well as answers to FAQs, please urgently review our blog post detailing this issue.', '{}', 'pending', 'woocommerce.com', '2024-03-06 09:10:35', NULL, 0, 'plain', '', 0, 0, 'info'),
(17, 'woocommerce-core-sqli-july-2021-store-patched', 'update', 'en_US', 'Solved: Critical vulnerabilities patched in WooCommerce', 'In response to a critical vulnerability identified on July 13, 2021, we worked with the WordPress Plugins Team to deploy software updates to stores running WooCommerce (versions 3.3 to 5.5) and the WooCommerce Blocks feature plugin (versions 2.5 to 5.5).<br /><br /><strong>Your store has been updated to the latest secure version(s)</strong>. For more information and answers to FAQs, please review our blog post detailing this issue.', '{}', 'pending', 'woocommerce.com', '2024-03-06 09:10:35', NULL, 0, 'plain', '', 0, 0, 'info'),
(18, 'woocommerce-blocks-sqli-july-2021-store-patched', 'update', 'en_US', 'Solved: Critical vulnerabilities patched in WooCommerce Blocks', 'In response to a critical vulnerability identified on July 13, 2021, we worked with the WordPress Plugins Team to deploy software updates to stores running WooCommerce (versions 3.3 to 5.5) and the WooCommerce Blocks feature plugin (versions 2.5 to 5.5).<br /><br /><strong>Your store has been updated to the latest secure version(s)</strong>. For more information and answers to FAQs, please review our blog post detailing this issue.', '{}', 'pending', 'woocommerce.com', '2024-03-06 09:10:35', NULL, 0, 'plain', '', 0, 0, 'info'),
(19, 'habit-moment-survey', 'marketing', 'en_US', 'We’re all ears! Share your experience so far with WooCommerce', 'We’d love your input to shape the future of WooCommerce together. Feel free to share any feedback, ideas or suggestions that you have.', '{}', 'pending', 'woocommerce.com', '2024-03-06 09:10:35', NULL, 0, 'plain', '', 0, 0, 'info'),
(20, 'woocommerce-core-paypal-march-2022-updated', 'update', 'en_US', 'Security auto-update of WooCommerce', '<strong>Your store has been updated to the latest secure version of WooCommerce</strong>. We worked with WordPress to deploy PayPal Standard security updates for stores running WooCommerce (version 3.5 to 6.3). It’s recommended to disable PayPal Standard, and use <a href=\"https://woocommerce.com/products/woocommerce-paypal-payments/\" target=\"_blank\">PayPal Payments</a> to accept PayPal.', '{}', 'pending', 'woocommerce.com', '2024-03-06 09:10:35', NULL, 0, 'plain', '', 0, 0, 'info'),
(21, 'woocommerce-core-paypal-march-2022-updated-nopp', 'update', 'en_US', 'Security auto-update of WooCommerce', '<strong>Your store has been updated to the latest secure version of WooCommerce</strong>. We worked with WordPress to deploy security updates related to PayPal Standard payment gateway for stores running WooCommerce (version 3.5 to 6.3).', '{}', 'pending', 'woocommerce.com', '2024-03-06 09:10:35', NULL, 0, 'plain', '', 0, 0, 'info'),
(22, 'pinterest_03_2022_update', 'marketing', 'en_US', 'Your Pinterest for WooCommerce plugin is out of date!', 'Update to the latest version of Pinterest for WooCommerce to continue using this plugin and keep your store connected with Pinterest. To update, visit <strong>Plugins &gt; Installed Plugins</strong>, and click on “update now” under Pinterest for WooCommerce.', '{}', 'pending', 'woocommerce.com', '2024-03-06 09:10:35', NULL, 0, 'plain', '', 0, 0, 'info'),
(23, 'store_setup_survey_survey_q2_2022', 'survey', 'en_US', 'How is your store setup going?', 'Our goal is to make sure you have all the right tools to start setting up your store in the smoothest way possible.\r\nWe’d love to know if we hit our mark and how we can improve. To collect your thoughts, we made a 2-minute survey.', '{}', 'unactioned', 'woocommerce.com', '2024-03-14 04:51:46', NULL, 0, 'plain', '', 0, 0, 'info'),
(24, 'woocommerce-payments-august-2022-need-to-update', 'update', 'en_US', 'Action required: Please update WooCommerce Payments', 'An updated secure version of WooCommerce Payments is available – please ensure that you’re using the latest patch version. For more information on what action you need to take, please review the article below.', '{}', 'pending', 'woocommerce.com', '2024-03-06 09:10:35', NULL, 0, 'plain', '', 0, 0, 'info'),
(25, 'woocommerce-payments-august-2022-store-patched', 'update', 'en_US', 'WooCommerce Payments has been automatically updated', 'You’re now running the latest secure version of WooCommerce Payments. We’ve worked with the WordPress Plugins team to deploy a security update to stores running WooCommerce Payments (version 3.9 to 4.5). For further information, please review the article below.', '{}', 'pending', 'woocommerce.com', '2024-03-06 09:10:35', NULL, 0, 'plain', '', 0, 0, 'info'),
(26, 'needs-update-eway-payment-gateway-rin-2022-12-20', 'update', 'en_US', 'Security vulnerability patched in WooCommerce Eway Gateway', 'In response to a potential vulnerability identified in WooCommerce Eway Gateway versions 3.1.0 to 3.5.0, we’ve worked to deploy security fixes and have released an updated version.\r\nNo external exploits have been detected, but we recommend you update to your latest supported version 3.1.26, 3.2.3, 3.3.1, 3.4.6, or 3.5.1', '{}', 'pending', 'woocommerce.com', '2024-03-06 09:10:35', NULL, 0, 'plain', '', 0, 0, 'info'),
(27, 'updated-eway-payment-gateway-rin-2022-12-20', 'update', 'en_US', 'WooCommerce Eway Gateway has been automatically updated', 'Your store is now running the latest secure version of WooCommerce Eway Gateway. We worked with the WordPress Plugins team to deploy a software update to stores running WooCommerce Eway Gateway (versions 3.1.0 to 3.5.0) in response to a security vulnerability that was discovered.', '{}', 'pending', 'woocommerce.com', '2024-03-06 09:10:35', NULL, 0, 'plain', '', 0, 0, 'info'),
(28, 'ecomm-wc-navigation-survey-2023', 'info', 'en_US', 'Navigating WooCommerce on WordPress.com', 'We are improving the WooCommerce navigation on WordPress.com and would love your help to make it better! Please share your experience with us in this 2-minute survey.', '{}', 'pending', 'woocommerce.com', '2024-03-06 09:10:35', NULL, 0, 'plain', '', 0, 0, 'info'),
(29, 'woopay-beta-merchantrecruitment-04MAY23', 'info', 'en_US', 'Increase conversions with WooPay — our fastest checkout yet', 'WooPay, a new express checkout feature built into WooCommerce Payments, is now available —and we’re inviting you to be one of the first to try it. \r\n<br><br>\r\nBoost conversions by offering your customers a simple, secure way to pay with a single click.\r\n<br><br>\r\nGet started in seconds.', '{}', 'pending', 'woocommerce.com', '2024-03-06 09:10:35', NULL, 0, 'plain', '', 0, 0, 'info'),
(30, 'woocommerce-wcpay-march-2023-update-needed', 'update', 'en_US', 'Action required: Security update for WooCommerce Payments', '<strong>Your store requires a security update for WooCommerce Payments</strong>. Please update to the latest version of WooCommerce Payments immediately to address a potential vulnerability discovered on March 22. For more information on how to update, visit this WooCommerce Developer Blog Post.', '{}', 'pending', 'woocommerce.com', '2024-03-06 09:10:35', NULL, 0, 'plain', '', 0, 0, 'info'),
(31, 'tap_to_pay_iphone_q2_2023_no_wcpay', 'marketing', 'en_US', 'Accept in-person contactless payments on your iPhone', 'Tap to Pay on iPhone and WooCommerce Payments is quick, secure, and simple to set up — no extra terminals or card readers are needed. Accept contactless debit and credit cards, Apple Pay, and other NFC digital wallets in person.', '{}', 'pending', 'woocommerce.com', '2024-03-06 09:10:35', NULL, 0, 'plain', '', 0, 0, 'info'),
(32, 'woocommerce-WCPreOrders-april-2023-update-needed', 'update', 'en_US', 'Action required: Security update of WooCommerce Pre-Orders extension', '<strong>Your store requires a security update for the WooCommerce Pre-Orders extension</strong>. Please update the WooCommerce Pre-Orders extension immediately to address a potential vulnerability discovered on April 11.', '{}', 'pending', 'woocommerce.com', '2024-03-06 09:10:35', NULL, 0, 'plain', '', 0, 0, 'info'),
(33, 'woopay-beta-merchantrecruitment-update-04MAY23', 'info', 'en_US', 'Increase conversions with WooPay — our fastest checkout yet', 'WooPay, a new express checkout feature built into WooCommerce Payments, is now available — and you’re invited to try it. \r\n<br /><br />\r\nBoost conversions by offering your customers a simple, secure way to pay with a single click.\r\n<br /><br />\r\nUpdate WooCommerce Payments to get started.', '{}', 'pending', 'woocommerce.com', '2024-03-06 09:10:35', NULL, 0, 'plain', '', 0, 0, 'info'),
(34, 'woopay-beta-existingmerchants-noaction-27APR23', 'info', 'en_US', 'WooPay is back!', 'Thanks for previously trying WooPay, the express checkout feature built into WooCommerce Payments. We’re excited to announce that WooPay availability has resumed. No action is required on your part.\r\n<br /><br />\r\nYou can now continue boosting conversions by offering your customers a simple, secure way to pay with a single click.', '{}', 'pending', 'woocommerce.com', '2024-03-06 09:10:35', NULL, 0, 'plain', '', 0, 0, 'info'),
(35, 'woopay-beta-existingmerchants-update-27APR23', 'info', 'en_US', 'WooPay is back!', 'Thanks for previously trying WooPay, the express checkout feature built into WooCommerce Payments. We’re excited to announce that WooPay availability has resumed.\r\n<br /><br />\r\n\r\nUpdate to the latest WooCommerce Payments version to continue boosting conversions by offering your customers a simple, secure way to pay with a single click.', '{}', 'pending', 'woocommerce.com', '2024-03-06 09:10:35', NULL, 0, 'plain', '', 0, 0, 'info'),
(36, 'woopay-beta-merchantrecruitment-short-04MAY23', 'info', 'en_US', 'Increase conversions with WooPay — our fastest checkout yet', 'Be one of the first to try WooPay, a new express checkout feature for WooCommerce Payments. \r\n<br><br>\r\nBoost conversions by letting customers pay with a single click.', '{}', 'pending', 'woocommerce.com', '2024-03-06 09:10:35', NULL, 0, 'plain', '', 0, 0, 'info'),
(37, 'woopay-beta-merchantrecruitment-short-update-04MAY23', 'info', 'en_US', 'Increase conversions with WooPay — our fastest checkout yet', 'Be one of the first to try WooPay, our new express checkout feature. <br>Boost conversions by letting customers pay with a single click. <br><br>Update to the latest version of WooCommerce Payments to get started.', '{}', 'pending', 'woocommerce.com', '2024-03-06 09:10:35', NULL, 0, 'plain', '', 0, 0, 'info'),
(38, 'woopay-beta-merchantrecruitment-short-06MAY23-TESTA', 'info', 'en_US', 'Increase conversions with WooPay — our fastest checkout yet', 'Be one of the first to try WooPay, a new express checkout feature for WooCommerce Payments. \r\n<br><br>\r\nBoost conversions by letting customers pay with a single click.', '{}', 'pending', 'woocommerce.com', '2024-03-06 09:10:35', NULL, 0, 'plain', '', 0, 0, 'info'),
(39, 'woopay-beta-merchantrecruitment-short-06MAY23-TESTB', 'info', 'en_US', 'Increase conversions with WooPay — our fastest checkout yet', 'Be one of the first to try WooPay, a new express checkout feature for WooCommerce Payments. \r\n<br><br>\r\nBoost conversions by letting customers pay with a single click.', '{}', 'pending', 'woocommerce.com', '2024-03-06 09:10:35', NULL, 0, 'plain', '', 0, 0, 'info'),
(40, 'woopay-beta-merchantrecruitment-short-06MAY23-TESTC', 'info', 'en_US', 'Increase conversions with WooPay — our fastest checkout yet', 'Be one of the first to try WooPay, a new express checkout feature for WooCommerce Payments. \r\n<br><br>\r\nBoost conversions by letting customers pay with a single click.', '{}', 'pending', 'woocommerce.com', '2024-03-06 09:10:35', NULL, 0, 'plain', '', 0, 0, 'info'),
(41, 'woopay-beta-merchantrecruitment-short-06MAY23-TESTD', 'info', 'en_US', 'Increase conversions with WooPay — our fastest checkout yet', 'Be one of the first to try WooPay, a new express checkout feature for WooCommerce Payments. \r\n<br><br>\r\nBoost conversions by letting customers pay with a single click.', '{}', 'pending', 'woocommerce.com', '2024-03-06 09:10:35', NULL, 0, 'plain', '', 0, 0, 'info'),
(42, 'woopay-beta-merchantrecruitment-short-09MAY23', 'info', 'en_US', 'Increase conversions with WooPay — our fastest checkout yet', 'Be one of the first to try WooPay, a new express checkout feature for WooCommerce Payments. \r\n<br><br>\r\nBoost conversions by letting customers pay with a single click.', '{}', 'pending', 'woocommerce.com', '2024-03-06 09:10:35', NULL, 0, 'plain', '', 0, 0, 'info'),
(43, 'woopay-beta-merchantrecruitment-short-update-09MAY23', 'info', 'en_US', 'Increase conversions with WooPay — our fastest checkout yet', 'Be one of the first to try WooPay, our new express checkout feature. <br>Boost conversions by letting customers pay with a single click. <br><br>Update to the latest version of WooCommerce Payments to get started.', '{}', 'pending', 'woocommerce.com', '2024-03-06 09:10:35', NULL, 0, 'plain', '', 0, 0, 'info'),
(44, 'wc-refund-returns-page', 'info', 'en_US', 'Setup a Refund and Returns Policy page to boost your store\'s credibility.', 'We have created a sample draft Refund and Returns Policy page for you. Please have a look and update it to fit your store.', '{}', 'unactioned', 'woocommerce-core', '2024-03-06 09:10:35', NULL, 0, 'plain', '', 0, 0, 'info'),
(45, 'woocommerce-WCstripe-May-2023-updated-needed', 'update', 'en_US', 'Action required: Security update of WooCommerce Stripe plugin', '<strong>Your store requires a security update for the WooCommerce Stripe plugin</strong>. Please update the WooCommerce Stripe plugin immediately to address a potential vulnerability.', '{}', 'pending', 'woocommerce.com', '2024-03-06 09:10:35', NULL, 0, 'plain', '', 0, 0, 'info'),
(46, 'woocommerce-WCPayments-June-2023-updated-needed', 'update', 'en_US', 'Action required: Security update of WooCommerce Payments', '<strong>Your store requires a security update for the WooCommerce Payments plugin</strong>. Please update the WooCommerce Payments plugin immediately to address a potential vulnerability.', '{}', 'pending', 'woocommerce.com', '2024-03-06 09:10:35', NULL, 0, 'plain', '', 0, 0, 'info'),
(47, 'woocommerce-WCSubscriptions-June-2023-updated-needed', 'marketing', 'en_US', 'Action required: Security update of WooCommerce Subscriptions', '<strong>Your store requires a security update for the WooCommerce Subscriptions plugin</strong>. Please update the WooCommerce Subscriptions plugin immediately to address a potential vulnerability.', '{}', 'pending', 'woocommerce.com', '2024-03-06 09:10:35', NULL, 0, 'plain', '', 0, 0, 'info'),
(48, 'woocommerce-WCReturnsWarranty-June-2023-updated-needed', 'update', 'en_US', 'Action required: Security update of WooCommerce Returns and Warranty Requests extension', '<strong>Your store requires a security update for the Returns and Warranty Requests extension</strong>.  Please update to the latest version of the WooCommerce Returns and Warranty Requests extension immediately to address a potential vulnerability discovered on May 31.', '{}', 'pending', 'woocommerce.com', '2024-03-06 09:10:35', NULL, 0, 'plain', '', 0, 0, 'info'),
(49, 'woocommerce-WCOPC-June-2023-updated-needed', 'update', 'en_US', 'Action required: Security update of WooCommerce One Page Checkout', '<strong>Your shop requires a security update to address a vulnerability in the WooCommerce One Page Checkout extension</strong>. The fix for this vulnerability was released for this extension on June 13th. Please update immediately.', '{}', 'pending', 'woocommerce.com', '2024-03-06 09:10:35', NULL, 0, 'plain', '', 0, 0, 'info'),
(50, 'woocommerce-WCGC-July-2023-update-needed', 'update', 'en_US', 'Action required: Security update of WooCommerce GoCardless Extension', '<strong>Your shop requires a security update to address a vulnerability in the WooCommerce GoCardless extension</strong>. The fix for this vulnerability was released on July 4th. Please update immediately.', '{}', 'pending', 'woocommerce.com', '2024-03-06 09:10:35', NULL, 0, 'plain', '', 0, 0, 'info'),
(51, 'woocommerce-shipping-fedex-api-outage-2023-07-16', 'warning', 'en_US', 'Scheduled FedEx API outage — July 2023', 'On July 16 there will be a full outage of the FedEx API from 04:00 to 08:00 AM UTC. Due to planned maintenance by FedEx, you\'ll be unable to provide FedEx shipping rates during this time. Follow the link below for more information and recommendations on how to minimize impact.', '{}', 'pending', 'woocommerce.com', '2024-03-06 09:10:35', NULL, 0, 'plain', '', 0, 0, 'info'),
(52, 'wcship-2023-07-hazmat-update-needed', 'update', 'en_US', 'Action required: USPS HAZMAT compliance update for WooCommerce Shipping & Tax extension', '<strong>Your store requires an update for the WooCommerce Shipping extension</strong>. Please update to the latest version of the WooCommerce Shipping &amp; Tax extension immediately to ensure compliance with new USPS HAZMAT rules currently in effect.', '{}', 'pending', 'woocommerce.com', '2024-03-06 09:10:35', NULL, 0, 'plain', '', 0, 0, 'info'),
(53, 'woocommerce-WCStripe-Aug-2023-update-needed', 'update', 'en_US', 'Action required: Security update for WooCommerce Stripe plugin', '<strong>Your shop requires an important security update for the  WooCommerce Stripe plugin</strong>. The fix for this vulnerability was released on July 31. Please update immediately.', '{}', 'pending', 'woocommerce.com', '2024-03-06 09:10:35', NULL, 0, 'plain', '', 0, 0, 'info'),
(54, 'woocommerce-WCStripe-Aug-2023-security-updated', 'update', 'en_US', 'Security update of WooCommerce Stripe plugin', '<strong>Your store has been updated to the latest secure version of the WooCommerce Stripe plugin</strong>. This update was released on July 31.', '{}', 'pending', 'woocommerce.com', '2024-03-06 09:10:35', NULL, 0, 'plain', '', 0, 0, 'info'),
(55, 'woocommerce-WooPayments-Aug-2023-update-needed', 'update', 'en_US', 'Action required: Security update for WooPayments (WooCommerce Payments) plugin', '<strong>Your shop requires an important security update for the WooPayments (WooCommerce Payments) extension</strong>. The fix for this vulnerability was released on July 31. Please update immediately.', '{}', 'pending', 'woocommerce.com', '2024-03-06 09:10:35', NULL, 0, 'plain', '', 0, 0, 'info'),
(56, 'woocommerce-WooPayments-Aug-2023-security-updated', 'update', 'en_US', 'Security update of WooPayments (WooCommerce Payments) plugin', '<strong>Your store has been updated to the more secure version of WooPayments (WooCommerce Payments)</strong>. This update was released on July 31.', '{}', 'pending', 'woocommerce.com', '2024-03-06 09:10:35', NULL, 0, 'plain', '', 0, 0, 'info'),
(57, 'avalara_q3-2023_noAvaTax', 'marketing', 'en_US', 'Automatically calculate VAT in real time', 'Take the effort out of determining tax rates and sell confidently across borders with automated tax management from Avalara AvaTax— including built-in VAT calculation when you sell into or across the EU and UK. Save time and stay compliant when you let Avalara do the heavy lifting.', '{}', 'pending', 'woocommerce.com', '2024-03-06 09:10:35', NULL, 0, 'plain', '', 0, 0, 'info'),
(58, 'woo-activation-survey-blockers-22AUG23', 'info', 'en_US', 'How can we help you get that first sale?', 'Your feedback is vital. Please take a minute to share your experience of setting up your new store and whether anything is preventing you from making those first few sales. Together, we can make Woo even better!', '{}', 'unactioned', 'woocommerce.com', '2024-03-06 11:02:38', NULL, 0, 'plain', '', 0, 0, 'info'),
(59, 'woocommerce-usermeta-Sept2023-productvendors', 'update', 'en_US', 'Your store requires a security update', '<strong>Your shop needs an update to address a vulnerability in WooCommerce.</strong> The fix was released on Sept 15. Please update WooCommerce to the latest version immediately. <a href=\"https://developer.woocommerce.com/2023/09/16/woocommerce-vulnerability-reintroduced-from-7-0-1/\" />Read our developer update</a> for more information.', '{}', 'pending', 'woocommerce.com', '2024-03-06 09:10:35', NULL, 0, 'plain', '', 0, 0, 'info'),
(60, 'woocommerce-STRIPE-Oct-2023-update-needed', 'update', 'en_US', 'Action required: Security update for WooCommerce Stripe Gateway', '<strong>Your shop requires a security update to address a vulnerability in the WooCommerce Stripe Gateway</strong>. The fix for this vulnerability was released on October 17. Please update immediately.', '{}', 'pending', 'woocommerce.com', '2024-03-06 09:10:35', NULL, 0, 'plain', '', 0, 0, 'info'),
(61, 'amazon-mcf-reviews-2023-12-07', 'marketing', 'en_US', 'Enjoying Amazon MCF for WooCommerce?', 'We\'re Never Settle, the developers behind Amazon MCF for WooCommerce, and would be deeply honored to have your review. Reviews help immensely as other users can learn how MCF can solve their needs too! Not happy or need help? Please reach out for support and we’d love to make things right!', '{}', 'pending', 'woocommerce.com', '2024-03-06 09:10:35', NULL, 0, 'plain', '', 0, 0, 'info'),
(62, 'amazon_pay_reactivate_q1-24', 'marketing', 'en_US', 'Special offer: Activate 0% promo rate for Amazon Pay', 'For a limited time, Woo merchants who register with Amazon Pay can enjoy a promotional rate of 0% on all transaction fees for 30 days. Valid for businesses based in the United Kingdom. Terms and conditions apply.', '{}', 'pending', 'woocommerce.com', '2024-03-06 09:10:35', NULL, 0, 'plain', '', 0, 0, 'info'),
(63, 'remove_estimated_deposits_2024', 'marketing', 'en_US', 'Estimated deposits are going away', 'To provide more accurate deposit information and support the expansion of instant deposits, estimated deposit details will no longer be available in WooPayments. We recommend upgrading to the latest version of WooPayments for more detailed balance status information.', '{}', 'pending', 'woocommerce.com', '2024-03-06 09:10:35', NULL, 0, 'plain', '', 0, 0, 'info'),
(64, 'wc_admin_UKpricingchange_WCPay_Q1_2024', 'marketing', 'en_US', 'Fee Changes for WooPayments in the EEA and UK', 'WooPayments fees for transactions between the EEA and UK will change as of 1st March, 2024. Transactions between the UK and EEA are now deemed by card networks to be cross-border, thus international payment fees will be applicable. This also changes base processing fees.', '{}', 'pending', 'woocommerce.com', '2024-03-06 09:10:35', NULL, 0, 'plain', '', 0, 0, 'info'),
(65, 'airwallex_q1_2024', 'marketing', 'en_US', 'Save big on foreign exchange (FX) fees', 'Boost your international sales by offering Apple Pay, Google Pay, and 60+ local payment methods with Airwallex. Save time and money by settling payments directly in USD, EUR, HKD, SGD, AUD, and more — without the extra FX fees. Simple, cost-effective, fast.', '{}', 'pending', 'woocommerce.com', '2024-03-06 09:10:35', NULL, 0, 'plain', '', 0, 0, 'info'),
(66, 'wc-admin-wc-helper-connection', 'info', 'en_US', 'Connect to Woo.com', 'Connect to get important product notifications and updates.', '{}', 'unactioned', 'woocommerce-admin', '2024-03-06 09:10:36', NULL, 0, 'plain', '', 0, 0, 'info'),
(68, 'wc-admin-choosing-a-theme', 'marketing', 'en_US', 'Choosing a theme?', 'Check out the themes that are compatible with WooCommerce and choose one aligned with your brand and business needs.', '{}', 'unactioned', 'woocommerce-admin', '2024-03-07 09:11:46', NULL, 0, 'plain', '', 0, 0, 'info'),
(69, 'wc-admin-launch-checklist', 'info', 'en_US', 'Ready to launch your store?', 'To make sure you never get that sinking \"what did I forget\" feeling, we\'ve put together the essential pre-launch checklist.', '{}', 'unactioned', 'woocommerce-admin', '2024-03-07 09:11:46', NULL, 0, 'plain', '', 0, 0, 'info'),
(70, 'wc-admin-customizing-product-catalog', 'info', 'en_US', 'How to customize your product catalog', 'You want your product catalog and images to look great and align with your brand. This guide will give you all the tips you need to get your products looking great in your store.', '{}', 'unactioned', 'woocommerce-admin', '2024-03-08 19:23:15', NULL, 0, 'plain', '', 0, 0, 'info'),
(71, 'wc-admin-mobile-app', 'info', 'en_US', 'Install Woo mobile app', 'Install the WooCommerce mobile app to manage orders, receive sales notifications, and view key metrics — wherever you are.', '{}', 'unactioned', 'woocommerce-admin', '2024-03-08 19:23:15', NULL, 0, 'plain', '', 0, 0, 'info'),
(72, 'wc-admin-marketing-jetpack-backup', 'marketing', 'en_US', 'Protect your WooCommerce Store with Jetpack Backup.', 'Store downtime means lost sales. One-click restores get you back online quickly if something goes wrong.', '{}', 'unactioned', 'woocommerce-admin-notes', '2024-03-09 16:53:53', NULL, 0, 'thumbnail', 'https://demo.mentor.in/wp-content/plugins/woocommerce/assets/images/admin_notes/marketing-jetpack-2x.png', 0, 0, 'info'),
(73, 'wc-update-db-reminder', 'update', 'en_US', 'WooCommerce database update done', 'WooCommerce database update complete. Thank you for updating to the latest version!', '{}', 'actioned', 'woocommerce-core', '2024-03-10 04:09:17', NULL, 0, 'plain', '', 0, 1, 'info'),
(75, 'wc-admin-usage-tracking-opt-in', 'info', 'en_US', 'Help WooCommerce improve with usage tracking', 'Gathering usage data allows us to improve WooCommerce. Your store will be considered as we evaluate new features, judge the quality of an update, or determine if an improvement makes sense. You can always visit the <a href=\"https://demo.mentor.in/wp-admin/admin.php?page=wc-settings&#038;tab=advanced&#038;section=woocommerce_com\" target=\"_blank\">Settings</a> and choose to stop sharing data. <a href=\"https://woo.com/usage-tracking?utm_medium=product\" target=\"_blank\">Read more</a> about what data we collect.', '{}', 'unactioned', 'woocommerce-admin', '2024-03-14 04:51:45', NULL, 0, 'plain', '', 0, 0, 'info'),
(76, 'wc-admin-orders-milestone', 'info', 'en_US', 'Congratulations on processing 10 orders!', 'You\'ve hit the 10 orders milestone! Look at you go. Browse some WooCommerce success stories for inspiration.', '{\"current_milestone\":10}', 'unactioned', 'woocommerce-admin', '2024-03-15 07:55:51', NULL, 0, 'plain', '', 0, 0, 'info'),
(77, 'wc-admin-new-sales-record', 'info', 'en_US', 'New sales record!', 'Woohoo, March 22nd was your record day for sales! Net sales was ₹81.00 beating the previous record of ₹56.97 set on March 10th.', '{\"old_record_date\":\"2024-03-10\",\"old_record_amt\":56.97,\"new_record_date\":\"2024-03-22\",\"new_record_amt\":81}', 'unactioned', 'woocommerce-admin', '2024-03-23 13:58:28', NULL, 0, 'plain', '', 0, 0, 'info');

-- --------------------------------------------------------

--
-- Table structure for table `mentorwc_admin_note_actions`
--

CREATE TABLE `mentorwc_admin_note_actions` (
  `action_id` bigint(20) UNSIGNED NOT NULL,
  `note_id` bigint(20) UNSIGNED NOT NULL,
  `name` varchar(255) COLLATE utf8mb4_unicode_520_ci NOT NULL,
  `label` varchar(255) COLLATE utf8mb4_unicode_520_ci NOT NULL,
  `query` longtext COLLATE utf8mb4_unicode_520_ci NOT NULL,
  `status` varchar(255) COLLATE utf8mb4_unicode_520_ci NOT NULL,
  `actioned_text` varchar(255) COLLATE utf8mb4_unicode_520_ci NOT NULL,
  `nonce_action` varchar(255) COLLATE utf8mb4_unicode_520_ci DEFAULT NULL,
  `nonce_name` varchar(255) COLLATE utf8mb4_unicode_520_ci DEFAULT NULL
) ENGINE=InnoDB DEFAULT CHARSET=utf8mb4 COLLATE=utf8mb4_unicode_520_ci;

--
-- Dumping data for table `mentorwc_admin_note_actions`
--

INSERT INTO `mentorwc_admin_note_actions` (`action_id`, `note_id`, `name`, `label`, `query`, `status`, `actioned_text`, `nonce_action`, `nonce_name`) VALUES
(64, 44, 'notify-refund-returns-page', 'Edit page', 'https://demo.mentor.in/wp-admin/post.php?post=2222&action=edit', 'actioned', '', NULL, NULL),
(98, 66, 'connect', 'Connect', '?page=wc-addons&section=helper', 'unactioned', '', NULL, NULL),
(680, 72, 'jetpack-backup-woocommerce', 'Get backups', 'https://jetpack.com/upgrade/backup-woocommerce/?utm_source=inbox&#038;utm_medium=automattic_referred&#038;utm_campaign=jp_backup_to_woo', 'actioned', '', NULL, NULL),
(1170, 68, 'visit-the-theme-marketplace', 'Visit the theme marketplace', 'https://woo.com/product-category/themes/?utm_source=inbox&utm_medium=product', 'actioned', '', NULL, NULL),
(1171, 70, 'day-after-first-product', 'Learn more', 'https://woo.com/document/woocommerce-customizer/?utm_source=inbox&utm_medium=product', 'actioned', '', NULL, NULL),
(1172, 69, 'learn-more', 'Learn more', 'https://woo.com/posts/pre-launch-checklist-the-essentials/?utm_source=inbox&utm_medium=product', 'actioned', '', NULL, NULL),
(1173, 71, 'learn-more', 'Learn more', 'https://woo.com/mobile/?utm_medium=product', 'actioned', '', NULL, NULL),
(1201, 24, 'learn-more', 'Find out more', 'https://developer.woocommerce.com/2022/08/09/woocommerce-payments-3-9-4-4-5-1-security-releases/', 'unactioned', '', NULL, NULL),
(1202, 24, 'dismiss', 'Dismiss', '', 'actioned', '', NULL, NULL),
(1203, 25, 'learn-more', 'Find out more', 'https://developer.woocommerce.com/2022/08/09/woocommerce-payments-3-9-4-4-5-1-security-releases/', 'unactioned', '', NULL, NULL),
(1204, 25, 'dismiss', 'Dismiss', '', 'actioned', '', NULL, NULL),
(1762, 75, 'tracking-opt-in', 'Activate usage tracking', '', 'actioned', '', NULL, NULL),
(1855, 76, 'browse', 'Browse', 'https://woo.com/success-stories/?utm_source=inbox&utm_medium=product', 'actioned', '', NULL, NULL),
(2526, 64, 'wc_admin_UKpricingchange_WCPay_Q1_2024', 'See related fees for each country', 'https://woo.com/document/woopayments/fees-and-debits/fees/?utm_source=inbox_note&utm_medium=product&utm_campaign=wc_admin_UKpricingchange_WCPay_Q1_2024#countries-in-europe', 'actioned', '', NULL, NULL),
(2651, 77, 'view-report', 'View report', '?page=wc-admin&path=/analytics/revenue&period=custom&compare=previous_year&after=2024-03-22&before=2024-03-22', 'actioned', '', NULL, NULL),
(2922, 62, 'amazon_pay_ext-link_q1-24', 'Register your account now', 'https://eu.amazonpayments.com/2024-uk-woopricepromoregistration?utm_campaign=woo_price_promo&utm_medium=EM&utm_source=direct&utm_content=cta&utm_creative=&ld=EMUKAPA-woo_price_promo-direct-24Q1', 'actioned', '', NULL, NULL),
(4026, 73, 'update-db_done', 'Thanks!', 'https://demo.mentor.in/wp-admin/?sucuriscan_lastlogin=1&wc-hide-notice=update', 'actioned', 'woocommerce_hide_notices_nonce', 'woocommerce_hide_notices_nonce', '_wc_notice_nonce'),
(5737, 1, 'wayflyer_bnpl_q4_2021', 'Level up with funding', 'https://woocommerce.com/products/wayflyer/?utm_source=inbox_note&utm_medium=product&utm_campaign=wayflyer_bnpl_q4_2021', 'actioned', '', NULL, NULL),
(5738, 2, 'wc_shipping_mobile_app_usps_q4_2021', 'Get WooCommerce Shipping', 'https://woocommerce.com/woocommerce-shipping/?utm_source=inbox_note&utm_medium=product&utm_campaign=wc_shipping_mobile_app_usps_q4_2021', 'actioned', '', NULL, NULL),
(5739, 3, 'learn-more', 'Learn more', 'https://docs.woocommerce.com/document/woocommerce-shipping-and-tax/?utm_source=inbox', 'unactioned', '', NULL, NULL),
(5740, 4, 'learn-more', 'Learn more', 'https://woocommerce.com/posts/ecommerce-shipping-solutions-guide/?utm_source=inbox_note&utm_medium=product&utm_campaign=learn-more', 'actioned', '', NULL, NULL),
(5741, 5, 'optimizing-the-checkout-flow', 'Learn more', 'https://woocommerce.com/posts/optimizing-woocommerce-checkout?utm_source=inbox_note&utm_medium=product&utm_campaign=optimizing-the-checkout-flow', 'actioned', '', NULL, NULL),
(5742, 6, 'qualitative-feedback-from-new-users', 'Share feedback', 'https://automattic.survey.fm/wc-pay-new', 'actioned', '', NULL, NULL),
(5743, 7, 'share-feedback', 'Share feedback', 'http://automattic.survey.fm/paypal-feedback', 'unactioned', '', NULL, NULL),
(5744, 8, 'get-started', 'Get started', 'https://woocommerce.com/products/google-listings-and-ads?utm_source=inbox_note&utm_medium=product&utm_campaign=get-started', 'actioned', '', NULL, NULL),
(5745, 9, 'update-wc-subscriptions-3-0-15', 'View latest version', 'https://demo.mentor.in/wp-admin/&page=wc-addons&section=helper', 'actioned', '', NULL, NULL),
(5746, 10, 'update-wc-core-5-4-0', 'How to update WooCommerce', 'https://docs.woocommerce.com/document/how-to-update-woocommerce/', 'actioned', '', NULL, NULL),
(5747, 13, 'ppxo-pps-install-paypal-payments-1', 'View upgrade guide', 'https://docs.woocommerce.com/document/woocommerce-paypal-payments/paypal-payments-upgrade-guide/', 'actioned', '', NULL, NULL),
(5748, 14, 'ppxo-pps-install-paypal-payments-2', 'View upgrade guide', 'https://docs.woocommerce.com/document/woocommerce-paypal-payments/paypal-payments-upgrade-guide/', 'actioned', '', NULL, NULL),
(5749, 15, 'learn-more', 'Learn more', 'https://woocommerce.com/posts/critical-vulnerability-detected-july-2021/?utm_source=inbox_note&utm_medium=product&utm_campaign=learn-more', 'unactioned', '', NULL, NULL),
(5750, 15, 'dismiss', 'Dismiss', '', 'actioned', '', NULL, NULL),
(5751, 16, 'learn-more', 'Learn more', 'https://woocommerce.com/posts/critical-vulnerability-detected-july-2021/?utm_source=inbox_note&utm_medium=product&utm_campaign=learn-more', 'unactioned', '', NULL, NULL),
(5752, 16, 'dismiss', 'Dismiss', '', 'actioned', '', NULL, NULL),
(5753, 17, 'learn-more', 'Learn more', 'https://woocommerce.com/posts/critical-vulnerability-detected-july-2021/?utm_source=inbox_note&utm_medium=product&utm_campaign=learn-more', 'unactioned', '', NULL, NULL),
(5754, 17, 'dismiss', 'Dismiss', '', 'actioned', '', NULL, NULL),
(5755, 18, 'learn-more', 'Learn more', 'https://woocommerce.com/posts/critical-vulnerability-detected-july-2021/?utm_source=inbox_note&utm_medium=product&utm_campaign=learn-more', 'unactioned', '', NULL, NULL),
(5756, 18, 'dismiss', 'Dismiss', '', 'actioned', '', NULL, NULL),
(5757, 19, 'share-feedback', 'Share feedback', 'https://automattic.survey.fm/store-management', 'unactioned', '', NULL, NULL),
(5758, 20, 'learn-more', 'Learn more', 'https://developer.woocommerce.com/2022/03/10/woocommerce-3-5-10-6-3-1-security-releases/', 'unactioned', '', NULL, NULL),
(5759, 20, 'woocommerce-core-paypal-march-2022-dismiss', 'Dismiss', '', 'actioned', '', NULL, NULL),
(5760, 21, 'learn-more', 'Learn more', 'https://developer.woocommerce.com/2022/03/10/woocommerce-3-5-10-6-3-1-security-releases/', 'unactioned', '', NULL, NULL),
(5761, 21, 'dismiss', 'Dismiss', '', 'actioned', '', NULL, NULL),
(5762, 22, 'pinterest_03_2022_update', 'Update Instructions', 'https://woocommerce.com/document/pinterest-for-woocommerce/?utm_source=inbox_note&utm_medium=product&utm_campaign=pinterest_03_2022_update#section-3', 'actioned', '', NULL, NULL),
(5763, 23, 'store_setup_survey_survey_q2_2022_share_your_thoughts', 'Tell us how it’s going', 'https://automattic.survey.fm/store-setup-survey-2022', 'actioned', '', NULL, NULL),
(5764, 26, 'needs-update-eway-payment-gateway-rin-action-button-2022-12-20', 'See available updates', 'https://demo.mentor.in/wp-admin/update-core.php', 'unactioned', '', NULL, NULL),
(5765, 26, 'needs-update-eway-payment-gateway-rin-dismiss-button-2022-12-20', 'Dismiss', '#', 'actioned', '', NULL, NULL),
(5766, 27, 'updated-eway-payment-gateway-rin-action-button-2022-12-20', 'See all updates', 'https://demo.mentor.in/wp-admin/update-core.php', 'unactioned', '', NULL, NULL),
(5767, 27, 'updated-eway-payment-gateway-rin-dismiss-button-2022-12-20', 'Dismiss', '#', 'actioned', '', NULL, NULL),
(5768, 28, 'share-navigation-survey-feedback', 'Share feedback', 'https://automattic.survey.fm/new-ecommerce-plan-navigation', 'actioned', '', NULL, NULL),
(5769, 29, 'woopay-beta-merchantrecruitment-activate-04MAY23', 'Activate WooPay', 'https://demo.mentor.in/wp-admin/admin.php?page=wc-settings&tab=checkout&section=woocommerce_payments&method=platform_checkout', 'actioned', '', NULL, NULL),
(5770, 29, 'woopay-beta-merchantrecruitment-activate-learnmore-04MAY23', 'Learn More', 'https://woocommerce.com/woopay-businesses/?utm_source=inbox_note&utm_medium=product&utm_campaign=woopay-beta-merchantrecruitment-activate-learnmore-04MAY23', 'unactioned', '', NULL, NULL),
(5771, 30, 'woocommerce-wcpay-march-2023-update-needed-button', 'See Blog Post', 'https://developer.woocommerce.com/2023/03/23/critical-vulnerability-detected-in-woocommerce-payments-what-you-need-to-know', 'unactioned', '', NULL, NULL),
(5772, 30, 'woocommerce-wcpay-march-2023-update-needed-dismiss-button', 'Dismiss', '#', 'actioned', '', NULL, NULL),
(5773, 31, 'tap_to_pay_iphone_q2_2023_no_wcpay', 'Simplify my payments', 'https://woocommerce.com/products/woocommerce-payments/?utm_source=inbox_note&utm_medium=product&utm_campaign=tap_to_pay_iphone_q2_2023_no_wcpay', 'actioned', '', NULL, NULL),
(5774, 32, 'extension-settings', 'See available updates', 'https://demo.mentor.in/wp-admin/update-core.php', 'unactioned', '', NULL, NULL),
(5775, 32, 'dismiss', 'Dismiss', '#', 'actioned', '', NULL, NULL),
(5776, 33, 'woopay-beta-merchantrecruitment-update-WCPay-04MAY23', 'Update WooCommerce Payments', 'https://demo.mentor.in/wp-admin/plugins.php?plugin_status=all', 'unactioned', '', NULL, NULL),
(5777, 33, 'woopay-beta-merchantrecruitment-update-activate-04MAY23', 'Activate WooPay', 'https://demo.mentor.in/wp-admin/admin.php?page=wc-settings&tab=checkout&section=woocommerce_payments&method=platform_checkout', 'actioned', '', NULL, NULL),
(5778, 34, 'woopay-beta-existingmerchants-noaction-documentation-27APR23', 'Documentation', 'https://woocommerce.com/document/woopay-merchant-documentation/?utm_source=inbox_note&utm_medium=product&utm_campaign=woopay-beta-existingmerchants-noaction-documentation-27APR23', 'actioned', '', NULL, NULL),
(5779, 35, 'woopay-beta-existingmerchants-update-WCPay-27APR23', 'Update WooCommerce Payments', 'https://demo.mentor.in/wp-admin/plugins.php?plugin_status=all', 'actioned', '', NULL, NULL),
(5780, 36, 'woopay-beta-merchantrecruitment-short-activate-04MAY23', 'Activate WooPay', 'https://demo.mentor.in/wp-admin/admin.php?page=wc-settings&tab=checkout&section=woocommerce_payments&method=platform_checkout', 'actioned', '', NULL, NULL),
(5781, 36, 'woopay-beta-merchantrecruitment-short-activate-learnmore-04MAY23', 'Learn More', 'https://woocommerce.com/woopay-businesses/?utm_source=inbox_note&utm_medium=product&utm_campaign=woopay-beta-merchantrecruitment-short-activate-learnmore-04MAY23', 'actioned', '', NULL, NULL),
(5782, 37, 'woopay-beta-merchantrecruitment-short-update-WCPay-04MAY23', 'Update WooCommerce Payments', 'https://demo.mentor.in/wp-admin/plugins.php?plugin_status=all', 'unactioned', '', NULL, NULL),
(5783, 37, 'woopay-beta-merchantrecruitment-short-update-activate-04MAY23', 'Activate WooPay', 'https://demo.mentor.in/wp-admin/admin.php?page=wc-settings&tab=checkout&section=woocommerce_payments&method=platform_checkout', 'actioned', '', NULL, NULL),
(5784, 38, 'woopay-beta-merchantrecruitment-short-activate-06MAY23-TESTA', 'Activate WooPay Test A', 'https://demo.mentor.in/wp-admin/admin.php?page=wc-settings&tab=checkout&section=woocommerce_payments&method=platform_checkout', 'unactioned', '', NULL, NULL),
(5785, 38, 'woopay-beta-merchantrecruitment-short-activate-learnmore-06MAY23-TESTA', 'Learn More', 'https://woocommerce.com/woopay-businesses/?utm_source=inbox_note&utm_medium=product&utm_campaign=woopay-beta-merchantrecruitment-short-activate-learnmore-06MAY23-TESTA', 'unactioned', '', NULL, NULL),
(5786, 39, 'woopay-beta-merchantrecruitment-short-activate-06MAY23-TESTB', 'Activate WooPay Test B', 'https://demo.mentor.in/wp-admin/admin.php?page=wc-settings&tab=checkout&section=woocommerce_payments&method=platform_checkout', 'unactioned', '', NULL, NULL),
(5787, 39, 'woopay-beta-merchantrecruitment-short-activate-learnmore-06MAY23-TESTA', 'Learn More', 'https://woocommerce.com/woopay-businesses/?utm_source=inbox_note&utm_medium=product&utm_campaign=woopay-beta-merchantrecruitment-short-activate-learnmore-06MAY23-TESTA', 'unactioned', '', NULL, NULL),
(5788, 40, 'woopay-beta-merchantrecruitment-short-activate-06MAY23-TESTC', 'Activate WooPay Test C', 'https://demo.mentor.in/wp-admin/admin.php?page=wc-settings&tab=checkout&section=woocommerce_payments&method=platform_checkout', 'unactioned', '', NULL, NULL),
(5789, 40, 'woopay-beta-merchantrecruitment-short-activate-learnmore-06MAY23-TESTC', 'Learn More', 'https://woocommerce.com/woopay-businesses/?utm_source=inbox_note&utm_medium=product&utm_campaign=woopay-beta-merchantrecruitment-short-activate-learnmore-06MAY23-TESTC', 'unactioned', '', NULL, NULL),
(5790, 41, 'woopay-beta-merchantrecruitment-short-activate-06MAY23-TESTD', 'Activate WooPay Test D', 'https://demo.mentor.in/wp-admin/admin.php?page=wc-settings&tab=checkout&section=woocommerce_payments&method=platform_checkout', 'unactioned', '', NULL, NULL),
(5791, 41, 'woopay-beta-merchantrecruitment-short-activate-learnmore-06MAY23-TESTD', 'Learn More', 'https://woocommerce.com/woopay-businesses/?utm_source=inbox_note&utm_medium=product&utm_campaign=woopay-beta-merchantrecruitment-short-activate-learnmore-06MAY23-TESTD', 'unactioned', '', NULL, NULL),
(5792, 42, 'woopay-beta-merchantrecruitment-short-activate-button-09MAY23', 'Activate WooPay', 'https://demo.mentor.in/wp-admin/admin.php?page=wc-settings&tab=checkout&section=woocommerce_payments&method=platform_checkout', 'unactioned', '', NULL, NULL),
(5793, 42, 'woopay-beta-merchantrecruitment-short-activate-learnmore-button2-09MAY23', 'Learn More', 'https://woocommerce.com/woopay-businesses/?utm_source=inbox_note&utm_medium=product&utm_campaign=woopay-beta-merchantrecruitment-short-activate-learnmore-button2-09MAY23', 'unactioned', '', NULL, NULL),
(5794, 43, 'woopay-beta-merchantrecruitment-short-update-WCPay-09MAY23', 'Update WooCommerce Payments', 'https://demo.mentor.in/wp-admin/plugins.php?plugin_status=all', 'unactioned', '', NULL, NULL),
(5795, 43, 'woopay-beta-merchantrecruitment-short-update-activate-09MAY23', 'Activate WooPay', 'https://demo.mentor.in/wp-admin/admin.php?page=wc-settings&tab=checkout&section=woocommerce_payments&method=platform_checkout', 'unactioned', '', NULL, NULL),
(5796, 45, 'woocommerce-WCStripe-May-2023-updated-needed-Plugin-Settings', 'See available updates', 'https://demo.mentor.in/wp-admin/plugins.php?plugin_status=all', 'unactioned', '', NULL, NULL),
(5797, 45, 'woocommerce-WCStripe-May-2023-updated-needed-Plugin-Settings-dismiss', 'Dismiss', '#', 'actioned', '', NULL, NULL),
(5798, 46, 'woocommerce-WCPayments-June-2023-updated-needed-Plugin-Settings', 'See available updates', 'https://demo.mentor.in/wp-admin/plugins.php?plugin_status=all', 'unactioned', '', NULL, NULL),
(5799, 46, 'woocommerce-WCPayments-June-2023-updated-needed-Dismiss', 'Dismiss', '#', 'actioned', '', NULL, NULL),
(5800, 47, 'woocommerce-WCSubscriptions-June-2023-updated-needed-Plugin-Settings', 'See available updates', 'https://demo.mentor.in/wp-admin/plugins.php?plugin_status=all', 'unactioned', '', NULL, NULL),
(5801, 47, 'woocommerce-WCSubscriptions-June-2023-updated-needed-dismiss', 'Dismiss', '#', 'actioned', '', NULL, NULL),
(5802, 48, 'woocommerce-WCReturnsWarranty-June-2023-updated-needed', 'See available updates', 'https://demo.mentor.in/wp-admin/plugins.php?plugin_status=all', 'unactioned', '', NULL, NULL),
(5803, 48, 'woocommerce-WCReturnsWarranty-June-2023-updated-needed', 'Dismiss', '#', 'actioned', '', NULL, NULL),
(5804, 49, 'woocommerce-WCOPC-June-2023-updated-needed', 'See available updates', 'https://demo.mentor.in/wp-admin/plugins.php?plugin_status=all', 'actioned', '', NULL, NULL),
(5805, 49, 'woocommerce-WCOPC-June-2023-updated-needed', 'Dismiss', 'https://demo.mentor.in/wp-admin/#', 'actioned', '', NULL, NULL),
(5806, 50, 'woocommerce-WCGC-July-2023-update-needed', 'See available updates', 'https://demo.mentor.in/wp-admin/plugins.php?plugin_status=all', 'unactioned', '', NULL, NULL),
(5807, 50, 'woocommerce-WCGC-July-2023-update-needed', 'Dismiss', '#', 'actioned', '', NULL, NULL),
(5808, 51, 'learn-more', 'Learn more', 'https://woocommerce.com/document/fedex/?utm_medium=product&utm_source=inbox_note&utm_campaign=learn-more#july-2023-api-outage', 'unactioned', '', NULL, NULL),
(5809, 52, 'plugin-list', 'See available updates', 'https://demo.mentor.in/wp-admin/plugins.php?plugin_status=all', 'unactioned', '', NULL, NULL),
(5810, 52, 'dismiss', 'Dismiss', 'https://demo.mentor.in/wp-admin/admin.php?page=wc-admin', 'actioned', '', NULL, NULL),
(5811, 53, 'woocommerce-WCStripe-Aug-2023-update-needed', 'See available updates', 'https://demo.mentor.in/wp-admin/update-core.php?', 'unactioned', '', NULL, NULL),
(5812, 53, 'dismiss', 'Dismiss', '#', 'actioned', '', NULL, NULL),
(5813, 54, 'dismiss', 'Dismiss', '#', 'actioned', '', NULL, NULL),
(5814, 55, 'woocommerce-WooPayments-Aug-2023-update-needed', 'See available updates', 'https://demo.mentor.in/wp-admin/update-core.php?', 'unactioned', '', NULL, NULL),
(5815, 55, 'dismiss', 'Dismiss', '#', 'actioned', '', NULL, NULL),
(5816, 56, 'dismiss', 'Dismiss', '#', 'actioned', '', NULL, NULL),
(5817, 57, 'avalara_q3-2023_noAvaTax', 'Automate my sales tax', 'https://woocommerce.com/products/woocommerce-avatax/?utm_source=inbox_note&utm_medium=product&utm_campaign=avalara_q3-2023_noAvaTax', 'unactioned', '', NULL, NULL),
(5818, 58, 'woo-activation-survey-blockers-survey-button-22AUG23', 'Take our short survey', 'https://woocommerce.survey.fm/getting-started-with-woo', 'unactioned', '', NULL, NULL),
(5819, 59, 'woocommerce-usermeta-Sept2023-productvendors', 'See available updates', 'https://demo.mentor.in/wp-admin/plugins.php', 'unactioned', '', NULL, NULL),
(5820, 59, 'dismiss', 'Dismiss', 'https://demo.mentor.in/wp-admin/#', 'actioned', '', NULL, NULL),
(5821, 60, 'woocommerce-STRIPE-Oct-2023-update-needed', 'See available updates', 'https://demo.mentor.in/wp-admin/update-core.php', 'unactioned', '', NULL, NULL),
(5822, 60, 'dismiss', 'Dismiss', '#', 'actioned', '', NULL, NULL),
(5823, 61, 'amazon-mcf-review-button-2023-12-07', 'Leave a review', 'https://woocommerce.com/products/woocommerce-amazon-fulfillment/?review&utm_source=inbox_note&utm_medium=product&utm_campaign=amazon-mcf-review-button-2023-12-07', 'actioned', '', NULL, NULL),
(5824, 61, 'amazon-mcf-support-button-2023-12-07', 'Request support', 'https://woocommerce.com/my-account/contact-support/?utm_source=inbox_note&utm_medium=product&utm_campaign=amazon-mcf-support-button-2023-12-07', 'actioned', '', NULL, NULL),
(5825, 63, 'view_docs', 'Learn about Deposit schedules', 'https://woocommerce.com/document/woopayments/deposits/deposit-schedule/?utm_source=inbox_note&utm_medium=product&utm_campaign=view_docs#available-funds', 'unactioned', '', NULL, NULL),
(5826, 65, 'airwallex_q1_2024', 'Get started with Airwallex', 'https://woocommerce.com/products/airwallexpayments/?utm_source=inbox_note&utm_medium=product&utm_campaign=airwallex_q1_2024', 'actioned', '', NULL, NULL);

-- --------------------------------------------------------

--
-- Table structure for table `mentorwc_category_lookup`
--

CREATE TABLE `mentorwc_category_lookup` (
  `category_tree_id` bigint(20) UNSIGNED NOT NULL,
  `category_id` bigint(20) UNSIGNED NOT NULL
) ENGINE=InnoDB DEFAULT CHARSET=utf8mb4 COLLATE=utf8mb4_unicode_520_ci;

--
-- Dumping data for table `mentorwc_category_lookup`
--

INSERT INTO `mentorwc_category_lookup` (`category_tree_id`, `category_id`) VALUES
(25, 25);

-- --------------------------------------------------------

--
-- Table structure for table `mentorwc_customer_lookup`
--

CREATE TABLE `mentorwc_customer_lookup` (
  `customer_id` bigint(20) UNSIGNED NOT NULL,
  `user_id` bigint(20) UNSIGNED DEFAULT NULL,
  `username` varchar(60) COLLATE utf8mb4_unicode_520_ci NOT NULL DEFAULT '',
  `first_name` varchar(255) COLLATE utf8mb4_unicode_520_ci NOT NULL,
  `last_name` varchar(255) COLLATE utf8mb4_unicode_520_ci NOT NULL,
  `email` varchar(100) COLLATE utf8mb4_unicode_520_ci DEFAULT NULL,
  `date_last_active` timestamp NULL DEFAULT NULL,
  `date_registered` timestamp NULL DEFAULT NULL,
  `country` char(2) COLLATE utf8mb4_unicode_520_ci NOT NULL DEFAULT '',
  `postcode` varchar(20) COLLATE utf8mb4_unicode_520_ci NOT NULL DEFAULT '',
  `city` varchar(100) COLLATE utf8mb4_unicode_520_ci NOT NULL DEFAULT '',
  `state` varchar(100) COLLATE utf8mb4_unicode_520_ci NOT NULL DEFAULT ''
) ENGINE=InnoDB DEFAULT CHARSET=utf8mb4 COLLATE=utf8mb4_unicode_520_ci;

--
-- Dumping data for table `mentorwc_customer_lookup`
--

INSERT INTO `mentorwc_customer_lookup` (`customer_id`, `user_id`, `username`, `first_name`, `last_name`, `email`, `date_last_active`, `date_registered`, `country`, `postcode`, `city`, `state`) VALUES
(2, NULL, '', 'Joseph', 'Raja', 'yesjosephraja@gmail.com', '2024-03-06 05:35:29', NULL, 'IN', '', 'Tiruche', 'TN'),
(3, 2, 'yesjosephraja', 'Joseph', 'Raja', 'yesjosephraja@gmail.com', '2024-03-05 18:30:00', '2024-03-06 05:36:56', 'IN', '628216', 'Tiruchendur', 'TN'),
(4, 3, 'mktest', 'MK', 'Rhytha', 'mk@rhytha.org', '2024-03-07 18:30:00', '2024-03-07 22:00:55', '', '', '', ''),
(5, 1, 'admin', 'Mentor', 'Learning', 'kbgiriprasad@gmail.com', '2024-04-18 00:39:42', '2015-08-13 01:24:29', 'IN', '628215', 'Tiruchendur', 'TN'),
(6, NULL, '', 'JosephAsir', 'Raja', 'josephs@atomlines.com', '2024-03-09 22:40:33', NULL, 'IN', '628215', 'Tiruchendur', 'TN'),
(7, 4, 'josephs', 'JosephAsir', 'Raja', 'josephs@atomlines.com', '2024-03-11 18:30:00', '2024-03-09 22:40:53', 'IN', '628215', 'Tiruchendur', 'TN'),
(9, NULL, '', '', '', '', '2024-03-12 01:49:39', NULL, 'IN', '', '', 'TN'),
(11, 6, 'muthukumarp', 'Muthu', 'Kumar', 'muthukumarp@atomlines.com', '2024-03-11 18:30:00', '2024-03-12 05:13:59', '', '', '', ''),
(13, NULL, '', 'GG', 'Prasad', 'giri@mentor.in', '2024-03-13 06:42:15', NULL, 'IN', '600042', 'chennai', 'TN'),
(14, NULL, '', 'JosephAsir', 'Raja', 'support@mentor.in', '2024-03-13 10:46:38', NULL, 'IN', '628215', 'Tiruchendur', 'TN'),
(16, NULL, '', '', '', '', '2024-03-14 04:23:52', NULL, 'IN', '', '', 'TN'),
(17, NULL, '', '', '', '', '2024-03-14 04:23:55', NULL, 'IN', '', '', 'TN'),
(18, NULL, '', 'GOPALADESIKAN', 'DESIKAMANI', 'accounts@mentor.in', '2024-03-14 04:24:00', NULL, 'IN', '600042', 'DIRECTOR', 'TN'),
(19, 9, 'accounts', 'GOPALADESIKAN', 'DESIKAMANI', 'accounts@mentor.in', '2024-03-22 03:06:00', '2024-03-14 04:24:41', 'IN', '600042', 'DIRECTOR', 'TN'),
(22, 10, 'mani', '', '', 'mani@mentor.in', NULL, '2024-03-22 02:09:09', '', '', '', ''),
(23, 11, 'hema', '', '', 'hema@mentor.in', '2024-03-22 02:52:51', '2024-03-22 02:45:51', 'IN', '600033', 'Chennai', 'TN'),
(24, 12, 'vidhya', '', '', 'vidhya@mentor.in', '2024-03-22 03:05:09', '2024-03-22 03:05:03', 'IN', '600042', 'Chennai', 'TN'),
(25, 13, 'sumithra47', '', '', 'sumithra47@gmail.com', '2024-03-22 05:16:41', '2024-03-22 05:10:15', 'IN', '600042', 'chennai', 'TN'),
(26, 14, 'sarathyvatsan', '', '', 'sarathyvatsan@gmail.com', '2024-03-26 23:53:29', '2024-03-26 23:47:45', 'IN', '600064', 'chennai', 'TN'),
(28, 16, 'yesjosephraja1', '', '', 'yesjosephraja1@gmail.com', '2024-04-11 18:30:00', '2024-04-12 04:06:56', '', '', '', ''),
(30, 18, 'atomlines.com', '', '', 'contact@atomlines.com', '2024-04-11 18:30:00', '2024-04-12 04:49:16', '', '', '', ''),
(31, 19, 'kbgiriprasad', '', '', 'kbgiriprasad@gmail.com', '2024-04-18 00:44:38', '2024-04-18 00:44:04', 'IN', '600099', 'Chennai', 'TN');

-- --------------------------------------------------------

--
-- Table structure for table `mentorwc_download_log`
--

CREATE TABLE `mentorwc_download_log` (
  `download_log_id` bigint(20) UNSIGNED NOT NULL,
  `timestamp` datetime NOT NULL,
  `permission_id` bigint(20) UNSIGNED NOT NULL,
  `user_id` bigint(20) UNSIGNED DEFAULT NULL,
  `user_ip_address` varchar(100) COLLATE utf8mb4_unicode_520_ci DEFAULT ''
) ENGINE=InnoDB DEFAULT CHARSET=utf8mb4 COLLATE=utf8mb4_unicode_520_ci;

-- --------------------------------------------------------

--
-- Table structure for table `mentorwc_orders`
--

CREATE TABLE `mentorwc_orders` (
  `id` bigint(20) UNSIGNED NOT NULL,
  `status` varchar(20) COLLATE utf8mb4_unicode_520_ci DEFAULT NULL,
  `currency` varchar(10) COLLATE utf8mb4_unicode_520_ci DEFAULT NULL,
  `type` varchar(20) COLLATE utf8mb4_unicode_520_ci DEFAULT NULL,
  `tax_amount` decimal(26,8) DEFAULT NULL,
  `total_amount` decimal(26,8) DEFAULT NULL,
  `customer_id` bigint(20) UNSIGNED DEFAULT NULL,
  `billing_email` varchar(320) COLLATE utf8mb4_unicode_520_ci DEFAULT NULL,
  `date_created_gmt` datetime DEFAULT NULL,
  `date_updated_gmt` datetime DEFAULT NULL,
  `parent_order_id` bigint(20) UNSIGNED DEFAULT NULL,
  `payment_method` varchar(100) COLLATE utf8mb4_unicode_520_ci DEFAULT NULL,
  `payment_method_title` text COLLATE utf8mb4_unicode_520_ci DEFAULT NULL,
  `transaction_id` varchar(100) COLLATE utf8mb4_unicode_520_ci DEFAULT NULL,
  `ip_address` varchar(100) COLLATE utf8mb4_unicode_520_ci DEFAULT NULL,
  `user_agent` text COLLATE utf8mb4_unicode_520_ci DEFAULT NULL,
  `customer_note` text COLLATE utf8mb4_unicode_520_ci DEFAULT NULL
) ENGINE=InnoDB DEFAULT CHARSET=utf8mb4 COLLATE=utf8mb4_unicode_520_ci;

--
-- Dumping data for table `mentorwc_orders`
--

INSERT INTO `mentorwc_orders` (`id`, `status`, `currency`, `type`, `tax_amount`, `total_amount`, `customer_id`, `billing_email`, `date_created_gmt`, `date_updated_gmt`, `parent_order_id`, `payment_method`, `payment_method_title`, `transaction_id`, `ip_address`, `user_agent`, `customer_note`) VALUES
(2229, 'wc-processing', 'INR', 'shop_order', '0.00000000', '27.99000000', 2, 'yesjosephraja@gmail.com', '2024-03-06 11:05:29', '2024-03-06 11:09:03', 0, 'razorpay', 'Credit Card/Debit Card/NetBanking', 'pay_Nj30saPpHndIyI', '49.37.192.154', 'Mozilla/5.0 (Macintosh; Intel Mac OS X 10_15_7) AppleWebKit/537.36 (KHTML, like Gecko) Chrome/122.0.0.0 Safari/537.36', ''),
(2233, 'wc-processing', 'INR', 'shop_order', '0.00000000', '28.98000000', 1, 'josephs@atomlines.com', '2024-03-10 04:09:49', '2024-03-10 07:19:59', 0, 'razorpay', 'Credit Card/Debit Card/NetBanking', 'pay_NkZFhpNLRCxBTk', '117.202.142.223', 'Mozilla/5.0 (Macintosh; Intel Mac OS X 10_15_7) AppleWebKit/537.36 (KHTML, like Gecko) Chrome/122.0.0.0 Safari/537.36', ''),
(2234, 'wc-processing', 'INR', 'shop_order', '0.00000000', '9.00000000', 4, 'josephs@atomlines.com', '2024-03-10 04:10:33', '2024-03-10 04:11:27', 0, 'razorpay', 'Credit Card/Debit Card/NetBanking', 'pay_NkW2Xr0fmXmnsQ', '117.193.201.22', 'Mozilla/5.0 (Macintosh; Intel Mac OS X 10_15_7) AppleWebKit/537.36 (KHTML, like Gecko) Chrome/122.0.0.0 Safari/537.36', ''),
(2235, 'wc-processing', 'INR', 'shop_order', '0.00000000', '9.99000000', 4, 'josephs@atomlines.com', '2024-03-10 04:12:44', '2024-03-10 04:13:16', 0, 'razorpay', 'Credit Card/Debit Card/NetBanking', 'pay_NkW4TmAIhj66AP', '117.193.201.22', 'Mozilla/5.0 (Macintosh; Intel Mac OS X 10_15_7) AppleWebKit/537.36 (KHTML, like Gecko) Chrome/122.0.0.0 Safari/537.36', ''),
(2239, 'wc-processing', 'INR', 'shop_order', '0.00000000', '27.99000000', 0, 'josephs@atomlines.com', '2024-03-12 07:19:39', '2024-04-12 09:40:08', 0, 'razorpay', 'Credit Card/Debit Card/NetBanking', 'pay_NlPaMBsULILPTR', '49.37.193.6', 'Mozilla/5.0 (Macintosh; Intel Mac OS X 10_15_7) AppleWebKit/537.36 (KHTML, like Gecko) Chrome/122.0.0.0 Safari/537.36', ''),
(2241, 'wc-pending', 'INR', 'shop_order', '0.00000000', '9.99000000', 0, 'giri@mentor.in', '2024-03-13 12:12:15', '2024-03-13 12:13:35', 0, 'razorpay', 'Credit Card/Debit Card/NetBanking', '', '122.164.87.30', 'Mozilla/5.0 (Windows NT 10.0; Win64; x64; rv:123.0) Gecko/20100101 Firefox/123.0', ''),
(2244, 'wc-processing', 'INR', 'shop_order', '0.00000000', '8.00000000', 0, 'support@mentor.in', '2024-03-13 16:16:38', '2024-04-18 06:12:10', 0, 'razorpay', 'Credit Card/Debit Card/NetBanking', 'pay_Nlu4UCUx1SeY8Q', '117.193.66.53', 'Mozilla/5.0 (Macintosh; Intel Mac OS X 10_15_7) AppleWebKit/537.36 (KHTML, like Gecko) Chrome/122.0.0.0 Safari/537.36', ''),
(2246, 'wc-processing', 'INR', 'shop_order', '0.00000000', '17.99000000', 1, 'josephs@atomlines.com', '2024-03-13 17:11:06', '2024-03-13 17:12:00', 0, 'razorpay', 'Credit Card/Debit Card/NetBanking', 'pay_NluwOPANuajyQd', '117.193.66.53', 'Mozilla/5.0 (Macintosh; Intel Mac OS X 10_15_7) AppleWebKit/537.36 (KHTML, like Gecko) Chrome/122.0.0.0 Safari/537.36', ''),
(2247, 'wc-processing', 'INR', 'shop_order', '0.00000000', '9.99000000', 0, NULL, '2024-03-14 09:53:52', '2024-03-14 16:09:15', 0, '', '', 'pay_NmI3g4nvt8qZ7R', '122.164.87.30', 'Mozilla/5.0 (Windows NT 10.0; Win64; x64) AppleWebKit/537.36 (KHTML, like Gecko) Chrome/122.0.0.0 Safari/537.36 Edg/122.0.0.0', ''),
(2248, 'wc-processing', 'INR', 'shop_order', '0.00000000', '9.99000000', 0, NULL, '2024-03-14 09:53:55', '2024-03-15 08:04:28', 0, '', '', 'pay_NmYXENSvSIPQlf', '122.164.87.30', 'Mozilla/5.0 (Windows NT 10.0; Win64; x64) AppleWebKit/537.36 (KHTML, like Gecko) Chrome/122.0.0.0 Safari/537.36 Edg/122.0.0.0', ''),
(2249, 'wc-processing', 'INR', 'shop_order', '0.00000000', '9.99000000', 9, 'accounts@mentor.in', '2024-03-14 09:54:00', '2024-03-14 09:56:30', 0, 'razorpay', 'Credit Card/Debit Card/NetBanking', 'pay_NmC3NDLp3MRLfb', '122.164.87.30', 'Mozilla/5.0 (Windows NT 10.0; Win64; x64) AppleWebKit/537.36 (KHTML, like Gecko) Chrome/122.0.0.0 Safari/537.36 Edg/122.0.0.0', ''),
(2255, 'wc-processing', 'INR', 'shop_order', '0.00000000', '18.00000000', 1, 'josephs@atomlines.com', '2024-03-15 09:26:51', '2024-03-15 09:36:11', 0, 'razorpay', 'Credit Card/Debit Card/NetBanking', 'pay_NmaF2oKjqBbZfz', '122.164.86.169', 'Mozilla/5.0 (Windows NT 10.0; Win64; x64) AppleWebKit/537.36 (KHTML, like Gecko) Chrome/122.0.0.0 Safari/537.36', ''),
(2257, 'wc-pending', 'INR', 'shop_order', '0.00000000', '9.00000000', 0, 'kbgiriprasad@gmail.com', '2024-03-16 04:14:12', '2024-04-18 06:12:09', 0, 'razorpay', 'Credit Card/Debit Card/NetBanking', '', '106.222.196.143', 'Mozilla/5.0 (Windows NT 10.0; Win64; x64; rv:123.0) Gecko/20100101 Firefox/123.0', ''),
(2266, 'wc-processing', 'INR', 'shop_order', '0.00000000', '9.00000000', 11, 'hema@mentor.in', '2024-03-22 08:15:58', '2024-03-22 08:19:29', 0, 'razorpay', 'Credit Card/Debit Card/NetBanking', 'pay_NpKeTnsbqihabM', '122.164.87.114', 'Mozilla/5.0 (Windows NT 10.0; Win64; x64) AppleWebKit/537.36 (KHTML, like Gecko) Chrome/122.0.0.0 Safari/537.36 Edg/122.0.0.0', ''),
(2267, 'wc-failed', 'INR', 'shop_order', '0.00000000', '9.00000000', 11, 'hema@mentor.in', '2024-03-22 08:22:51', '2024-03-22 08:25:59', 0, 'razorpay', 'Credit Card/Debit Card/NetBanking', '', '122.164.87.114', 'Mozilla/5.0 (Windows NT 10.0; Win64; x64) AppleWebKit/537.36 (KHTML, like Gecko) Chrome/122.0.0.0 Safari/537.36 Edg/122.0.0.0', ''),
(2268, 'wc-processing', 'INR', 'shop_order', '0.00000000', '18.00000000', 12, 'vidhya@mentor.in', '2024-03-22 08:35:09', '2024-03-22 08:37:55', 0, 'razorpay', 'Credit Card/Debit Card/NetBanking', 'pay_NpKzWF5X6abKIv', '49.37.212.91', 'Mozilla/5.0 (Windows NT 10.0; Win64; x64) AppleWebKit/537.36 (KHTML, like Gecko) Chrome/123.0.0.0 Safari/537.36', ''),
(2269, 'wc-processing', 'INR', 'shop_order', '0.00000000', '27.00000000', 9, 'accounts@mentor.in', '2024-03-22 08:36:00', '2024-03-22 08:38:19', 0, 'razorpay', 'Credit Card/Debit Card/NetBanking', 'pay_NpKzenYshyLtwk', '49.37.212.91', 'Mozilla/5.0 (Windows NT 10.0; Win64; x64) AppleWebKit/537.36 (KHTML, like Gecko) Chrome/123.0.0.0 Safari/537.36', ''),
(2270, 'wc-processing', 'INR', 'shop_order', '0.00000000', '9.00000000', 13, 'sumithra47@gmail.com', '2024-03-22 10:40:21', '2024-03-22 10:45:22', 0, 'razorpay', 'Credit Card/Debit Card/NetBanking', 'pay_NpN9xbxuIEwNUP', '122.164.87.114', 'Mozilla/5.0 (Windows NT 10.0; Win64; x64) AppleWebKit/537.36 (KHTML, like Gecko) Chrome/122.0.0.0 Safari/537.36', ''),
(2271, 'wc-failed', 'INR', 'shop_order', '0.00000000', '9.00000000', 13, 'sumithra47@gmail.com', '2024-03-22 10:46:41', '2024-03-22 10:47:23', 0, 'razorpay', 'Credit Card/Debit Card/NetBanking', '', '122.164.87.114', 'Mozilla/5.0 (Windows NT 10.0; Win64; x64) AppleWebKit/537.36 (KHTML, like Gecko) Chrome/122.0.0.0 Safari/537.36', ''),
(2274, 'wc-processing', 'INR', 'shop_order', '0.00000000', '9.00000000', 14, 'sarathyvatsan@gmail.com', '2024-03-27 05:23:29', '2024-03-27 05:27:48', 0, 'razorpay', 'Credit Card/Debit Card/NetBanking', 'pay_NrGQ9mThTagAuD', '49.37.210.173', 'Mozilla/5.0 (Windows NT 10.0; Win64; x64) AppleWebKit/537.36 (KHTML, like Gecko) Chrome/122.0.0.0 Safari/537.36', ''),
(2278, 'wc-processing', 'INR', 'shop_order', '0.00000000', '9.00000000', 0, 'kbgiriprasad@gmail.com', '2024-04-02 07:40:50', '2024-04-18 06:12:09', 0, 'razorpay', 'Credit Card/Debit Card/NetBanking', 'pay_NtfuaTcM4Gir99', '106.222.196.111', 'Mozilla/5.0 (Windows NT 10.0; Win64; x64; rv:124.0) Gecko/20100101 Firefox/124.0', ''),
(2284, 'wc-completed', 'INR', 'shop_order', '0.00000000', '18.00000000', 1, 'josephs@atomlines.com', '2024-04-11 05:46:59', '2024-04-11 07:11:56', 0, 'razorpay', 'Credit Card/Debit Card/NetBanking', 'pay_NxCodX5qugkafE', '120.60.160.200', 'Mozilla/5.0 (Windows NT 10.0; Win64; x64) AppleWebKit/537.36 (KHTML, like Gecko) Chrome/123.0.0.0 Safari/537.36', ''),
(2286, 'wc-completed', 'INR', 'shop_order', '0.00000000', '9.00000000', 1, 'josephs@atomlines.com', '2024-04-17 15:50:40', '2024-04-17 16:08:14', 0, 'razorpay', 'Credit Card/Debit Card/NetBanking', 'pay_NzkMPaZ8uKBI4k', '120.56.47.249', 'Mozilla/5.0 (Windows NT 10.0; Win64; x64) AppleWebKit/537.36 (KHTML, like Gecko) Chrome/123.0.0.0 Safari/537.36', ''),
(2288, 'wc-processing', 'INR', 'shop_order', '0.00000000', '9.00000000', 1, 'josephs@atomlines.com', '2024-04-17 16:14:45', '2024-04-17 16:18:00', 0, 'razorpay', 'Credit Card/Debit Card/NetBanking', 'pay_NzkiW7HNea6gRp', '120.56.47.249', 'Mozilla/5.0 (Windows NT 10.0; Win64; x64) AppleWebKit/537.36 (KHTML, like Gecko) Chrome/123.0.0.0 Safari/537.36', ''),
(2289, 'wc-processing', 'INR', 'shop_order', '0.00000000', '9.00000000', 1, 'josephs@atomlines.com', '2024-04-17 16:24:44', '2024-04-17 16:25:42', 0, 'razorpay', 'Credit Card/Debit Card/NetBanking', 'pay_NzkqezCKOwbMcl', '120.56.47.249', 'Mozilla/5.0 (Windows NT 10.0; Win64; x64) AppleWebKit/537.36 (KHTML, like Gecko) Chrome/123.0.0.0 Safari/537.36', ''),
(2290, 'wc-completed', 'INR', 'shop_order', '0.00000000', '9.00000000', 1, 'josephs@atomlines.com', '2024-04-17 17:02:15', '2024-04-17 17:06:39', 0, 'razorpay', 'Credit Card/Debit Card/NetBanking', 'pay_NzlUTWqWHdimCf', '120.56.47.249', 'Mozilla/5.0 (Windows NT 10.0; Win64; x64) AppleWebKit/537.36 (KHTML, like Gecko) Chrome/123.0.0.0 Safari/537.36', ''),
(2291, 'wc-checkout-draft', 'INR', 'shop_order', '0.00000000', '18.00000000', 1, 'kbgiriprasad@gmail.com', '2024-04-18 06:09:42', '2024-04-18 06:10:00', 0, '', '', '', '122.164.82.97', 'Mozilla/5.0 (Windows NT 10.0; Win64; x64) AppleWebKit/537.36 (KHTML, like Gecko) Chrome/123.0.0.0 Safari/537.36', ''),
(2292, 'wc-processing', 'INR', 'shop_order', '0.00000000', '9.00000000', 19, 'kbgiriprasad@gmail.com', '2024-04-18 06:14:38', '2024-04-18 06:16:06', 0, 'razorpay', 'Credit Card/Debit Card/NetBanking', 'pay_NzyzrH4JAzeZft', '122.164.82.97', 'Mozilla/5.0 (Windows NT 10.0; Win64; x64) AppleWebKit/537.36 (KHTML, like Gecko) Chrome/123.0.0.0 Safari/537.36', '');

-- --------------------------------------------------------

--
-- Table structure for table `mentorwc_orders_meta`
--

CREATE TABLE `mentorwc_orders_meta` (
  `id` bigint(20) UNSIGNED NOT NULL,
  `order_id` bigint(20) UNSIGNED DEFAULT NULL,
  `meta_key` varchar(255) COLLATE utf8mb4_unicode_520_ci DEFAULT NULL,
  `meta_value` text COLLATE utf8mb4_unicode_520_ci DEFAULT NULL
) ENGINE=InnoDB DEFAULT CHARSET=utf8mb4 COLLATE=utf8mb4_unicode_520_ci;

--
-- Dumping data for table `mentorwc_orders_meta`
--

INSERT INTO `mentorwc_orders_meta` (`id`, `order_id`, `meta_key`, `meta_value`) VALUES
(8, 2229, '_shipping_hash', '9d4568c009d203ab10e33ea9953a0264'),
(9, 2229, '_coupons_hash', 'd751713988987e9331980363e24189ce'),
(10, 2229, '_fees_hash', 'd751713988987e9331980363e24189ce'),
(11, 2229, '_taxes_hash', 'd751713988987e9331980363e24189ce'),
(12, 2229, 'is_vat_exempt', 'no'),
(13, 2229, '_billing_address_index', 'Joseph Raja  1/134 Kalaiyarangam Street  Tiruchendur TN 628216 IN yesjosephraja@gmail.com '),
(14, 2229, '_shipping_address_index', 'Joseph Raja  1/134 Kalaiyarangam Street  Tiruchendur TN 628216 IN '),
(15, 2229, '_wc_order_attribution_source_type', 'typein'),
(16, 2229, '_wc_order_attribution_utm_source', '(direct)'),
(17, 2229, '_wc_order_attribution_session_entry', 'https://demo.mentor.in/index.php/shop/'),
(18, 2229, '_wc_order_attribution_session_start_time', '2024-03-06 09:35:23'),
(19, 2229, '_wc_order_attribution_session_pages', '5'),
(20, 2229, '_wc_order_attribution_session_count', '2'),
(21, 2229, '_wc_order_attribution_user_agent', 'Mozilla/5.0 (Macintosh; Intel Mac OS X 10_15_7) AppleWebKit/537.36 (KHTML, like Gecko) Chrome/122.0.0.0 Safari/537.36'),
(22, 2229, '_wc_order_attribution_device_type', 'Desktop'),
(23, 2229, 'is_magic_checkout_order', 'no'),
(24, 2229, 'rzp_webhook_notified_at', '1709723337'),
(25, 2233, '_shipping_hash', '9d4568c009d203ab10e33ea9953a0264'),
(26, 2233, '_coupons_hash', 'd751713988987e9331980363e24189ce'),
(27, 2233, '_fees_hash', 'd751713988987e9331980363e24189ce'),
(28, 2233, '_taxes_hash', 'd751713988987e9331980363e24189ce'),
(29, 2233, 'is_vat_exempt', 'no'),
(30, 2233, '_billing_address_index', 'JosephAsir Raja  180 Veeraragavapuram Streat  Tiruchendur TN 628215 IN josephs@atomlines.com 08148770155'),
(31, 2233, '_shipping_address_index', 'JosephAsir Raja  180 Veeraragavapuram Streat  Tiruchendur TN 628215 IN 08148770155'),
(32, 2234, '_shipping_hash', '9d4568c009d203ab10e33ea9953a0264'),
(33, 2234, '_coupons_hash', 'd751713988987e9331980363e24189ce'),
(34, 2234, '_fees_hash', 'd751713988987e9331980363e24189ce'),
(35, 2234, '_taxes_hash', 'd751713988987e9331980363e24189ce'),
(36, 2234, 'is_vat_exempt', 'no'),
(37, 2234, '_billing_address_index', 'JosephAsir Raja  180 Veeraragavapuram Streat  Tiruchendur TN 628215 IN josephs@atomlines.com 08148770155'),
(38, 2234, '_shipping_address_index', 'JosephAsir Raja  180 Veeraragavapuram Streat  Tiruchendur TN 628215 IN 08148770155'),
(39, 2234, '_wc_order_attribution_source_type', 'typein'),
(40, 2234, '_wc_order_attribution_utm_source', '(direct)'),
(41, 2234, '_wc_order_attribution_session_entry', 'https://demo.mentor.in/index.php/cart/'),
(42, 2234, '_wc_order_attribution_session_start_time', '2024-03-10 03:40:20'),
(43, 2234, '_wc_order_attribution_session_pages', '3'),
(44, 2234, '_wc_order_attribution_session_count', '1'),
(45, 2234, '_wc_order_attribution_user_agent', 'Mozilla/5.0 (Macintosh; Intel Mac OS X 10_15_7) AppleWebKit/537.36 (KHTML, like Gecko) Chrome/122.0.0.0 Safari/537.36'),
(46, 2234, '_wc_order_attribution_device_type', 'Desktop'),
(47, 2234, 'is_magic_checkout_order', 'no'),
(48, 2234, 'rzp_webhook_notified_at', '1710043881'),
(49, 2235, '_shipping_hash', '9d4568c009d203ab10e33ea9953a0264'),
(50, 2235, '_coupons_hash', 'd751713988987e9331980363e24189ce'),
(51, 2235, '_fees_hash', 'd751713988987e9331980363e24189ce'),
(52, 2235, '_taxes_hash', 'd751713988987e9331980363e24189ce'),
(53, 2235, 'is_vat_exempt', 'no'),
(54, 2235, '_billing_address_index', 'JosephAsir Raja  180 Veeraragavapuram Streat  Tiruchendur TN 628215 IN josephs@atomlines.com 08148770155'),
(55, 2235, '_shipping_address_index', 'JosephAsir Raja  180 Veeraragavapuram Streat  Tiruchendur TN 628215 IN 08148770155'),
(56, 2235, '_wc_order_attribution_source_type', 'typein'),
(57, 2235, '_wc_order_attribution_utm_source', '(direct)'),
(58, 2235, '_wc_order_attribution_session_entry', 'https://demo.mentor.in/index.php/cart/'),
(59, 2235, '_wc_order_attribution_session_start_time', '2024-03-10 03:40:20'),
(60, 2235, '_wc_order_attribution_session_pages', '11'),
(61, 2235, '_wc_order_attribution_session_count', '1'),
(62, 2235, '_wc_order_attribution_user_agent', 'Mozilla/5.0 (Macintosh; Intel Mac OS X 10_15_7) AppleWebKit/537.36 (KHTML, like Gecko) Chrome/122.0.0.0 Safari/537.36'),
(63, 2235, '_wc_order_attribution_device_type', 'Desktop'),
(64, 2235, 'is_magic_checkout_order', 'no'),
(65, 2235, 'rzp_webhook_notified_at', '1710043988'),
(66, 2233, '_wc_order_attribution_source_type', 'referral'),
(67, 2233, '_wc_order_attribution_referrer', 'https://demo.beta.atomlines.com/'),
(68, 2233, '_wc_order_attribution_utm_source', 'demo.beta.atomlines.com'),
(69, 2233, '_wc_order_attribution_utm_medium', 'referral'),
(70, 2233, '_wc_order_attribution_utm_content', '/'),
(71, 2233, '_wc_order_attribution_session_entry', 'https://demo.mentor.in/index.php/checkout/'),
(72, 2233, '_wc_order_attribution_session_start_time', '2024-03-10 06:49:15'),
(73, 2233, '_wc_order_attribution_session_pages', '1'),
(74, 2233, '_wc_order_attribution_session_count', '6'),
(75, 2233, '_wc_order_attribution_user_agent', 'Mozilla/5.0 (Macintosh; Intel Mac OS X 10_15_7) AppleWebKit/537.36 (KHTML, like Gecko) Chrome/122.0.0.0 Safari/537.36'),
(76, 2233, '_wc_order_attribution_device_type', 'Desktop'),
(77, 2233, 'is_magic_checkout_order', 'no'),
(92, 2239, '_shipping_hash', '9d4568c009d203ab10e33ea9953a0264'),
(93, 2239, '_coupons_hash', 'd751713988987e9331980363e24189ce'),
(94, 2239, '_fees_hash', 'd751713988987e9331980363e24189ce'),
(95, 2239, '_taxes_hash', 'd751713988987e9331980363e24189ce'),
(96, 2239, 'is_vat_exempt', 'no'),
(97, 2239, '_billing_address_index', 'JosephAsir Raja  180 Veeraragavapuram Streat  Tiruchendur TN 628215 IN josephs@atomlines.com 08148770155'),
(98, 2239, '_shipping_address_index', 'JosephAsir Raja  180 Veeraragavapuram Streat  Tiruchendur TN 628215 IN 08148770155'),
(99, 2239, '_wc_order_attribution_source_type', 'typein'),
(100, 2239, '_wc_order_attribution_utm_source', '(direct)'),
(101, 2239, '_wc_order_attribution_session_entry', 'https://demo.mentor.in/index.php/my-account/'),
(102, 2239, '_wc_order_attribution_session_start_time', '2024-03-12 06:08:52'),
(103, 2239, '_wc_order_attribution_session_pages', '13'),
(104, 2239, '_wc_order_attribution_session_count', '2'),
(105, 2239, '_wc_order_attribution_user_agent', 'Mozilla/5.0 (Macintosh; Intel Mac OS X 10_15_7) AppleWebKit/537.36 (KHTML, like Gecko) Chrome/122.0.0.0 Safari/537.36'),
(106, 2239, '_wc_order_attribution_device_type', 'Desktop'),
(107, 2239, 'is_magic_checkout_order', 'no'),
(108, 2239, 'rzp_webhook_notified_at', '1710239487'),
(109, 2241, '_shipping_hash', '9d4568c009d203ab10e33ea9953a0264'),
(110, 2241, '_coupons_hash', 'd751713988987e9331980363e24189ce'),
(111, 2241, '_fees_hash', 'd751713988987e9331980363e24189ce'),
(112, 2241, '_taxes_hash', 'd751713988987e9331980363e24189ce'),
(113, 2241, 'is_vat_exempt', 'no'),
(114, 2241, '_billing_address_index', 'GG Prasad  test  chennai TN 600042 IN giri@mentor.in '),
(115, 2241, '_shipping_address_index', 'GG Prasad  test  chennai TN 600042 IN '),
(116, 2241, '_wc_order_attribution_source_type', 'typein'),
(117, 2241, '_wc_order_attribution_utm_source', '(direct)'),
(118, 2241, '_wc_order_attribution_session_entry', 'https://demo.mentor.in/'),
(119, 2241, '_wc_order_attribution_session_start_time', '2024-03-13 11:39:53'),
(120, 2241, '_wc_order_attribution_session_pages', '7'),
(121, 2241, '_wc_order_attribution_session_count', '1'),
(122, 2241, '_wc_order_attribution_user_agent', 'Mozilla/5.0 (Windows NT 10.0; Win64; x64; rv:123.0) Gecko/20100101 Firefox/123.0'),
(123, 2241, '_wc_order_attribution_device_type', 'Desktop'),
(124, 2241, 'is_magic_checkout_order', 'no'),
(132, 2244, '_shipping_hash', '9d4568c009d203ab10e33ea9953a0264'),
(133, 2244, '_coupons_hash', 'd751713988987e9331980363e24189ce'),
(134, 2244, '_fees_hash', 'd751713988987e9331980363e24189ce'),
(135, 2244, '_taxes_hash', 'd751713988987e9331980363e24189ce'),
(136, 2244, 'is_vat_exempt', 'no'),
(137, 2244, '_billing_address_index', 'JosephAsir Raja  180 Veeraragavapuram Streat  Tiruchendur TN 628215 IN support@mentor.in 08148770155'),
(138, 2244, '_shipping_address_index', 'JosephAsir Raja  180 Veeraragavapuram Streat  Tiruchendur TN 628215 IN 08148770155'),
(139, 2244, '_wc_order_attribution_source_type', 'referral'),
(140, 2244, '_wc_order_attribution_referrer', 'https://demo.beta.atomlines.com/'),
(141, 2244, '_wc_order_attribution_utm_source', 'demo.beta.atomlines.com'),
(142, 2244, '_wc_order_attribution_utm_medium', 'referral'),
(143, 2244, '_wc_order_attribution_utm_content', '/'),
(144, 2244, '_wc_order_attribution_session_entry', 'https://demo.mentor.in/index.php/checkout/'),
(145, 2244, '_wc_order_attribution_session_start_time', '2024-03-10 06:49:15'),
(146, 2244, '_wc_order_attribution_session_pages', '11'),
(147, 2244, '_wc_order_attribution_session_count', '10'),
(148, 2244, '_wc_order_attribution_user_agent', 'Mozilla/5.0 (Macintosh; Intel Mac OS X 10_15_7) AppleWebKit/537.36 (KHTML, like Gecko) Chrome/122.0.0.0 Safari/537.36'),
(149, 2244, '_wc_order_attribution_device_type', 'Desktop'),
(150, 2244, 'is_magic_checkout_order', 'no'),
(151, 2244, 'rzp_webhook_notified_at', '1710346849'),
(152, 2246, '_shipping_hash', '9d4568c009d203ab10e33ea9953a0264'),
(153, 2246, '_coupons_hash', 'd751713988987e9331980363e24189ce'),
(154, 2246, '_fees_hash', 'd751713988987e9331980363e24189ce'),
(155, 2246, '_taxes_hash', 'd751713988987e9331980363e24189ce'),
(156, 2246, 'is_vat_exempt', 'no'),
(157, 2246, '_billing_address_index', 'JosephAsir Raja  180 Veeraragavapuram Streat  Tiruchendur TN 628215 IN josephs@atomlines.com 08148770155'),
(158, 2246, '_shipping_address_index', 'JosephAsir Raja  180 Veeraragavapuram Streat  Tiruchendur TN 628215 IN 08148770155'),
(159, 2246, '_wc_order_attribution_source_type', 'referral'),
(160, 2246, '_wc_order_attribution_referrer', 'https://demo.beta.atomlines.com/'),
(161, 2246, '_wc_order_attribution_utm_source', 'demo.beta.atomlines.com'),
(162, 2246, '_wc_order_attribution_utm_medium', 'referral'),
(163, 2246, '_wc_order_attribution_utm_content', '/'),
(164, 2246, '_wc_order_attribution_session_entry', 'https://demo.mentor.in/index.php/checkout/'),
(165, 2246, '_wc_order_attribution_session_start_time', '2024-03-10 06:49:15'),
(166, 2246, '_wc_order_attribution_session_pages', '7'),
(167, 2246, '_wc_order_attribution_session_count', '11'),
(168, 2246, '_wc_order_attribution_user_agent', 'Mozilla/5.0 (Macintosh; Intel Mac OS X 10_15_7) AppleWebKit/537.36 (KHTML, like Gecko) Chrome/122.0.0.0 Safari/537.36'),
(169, 2246, '_wc_order_attribution_device_type', 'Desktop'),
(170, 2246, 'is_magic_checkout_order', 'no'),
(171, 2246, 'rzp_webhook_notified_at', '1710349910'),
(172, 2247, '_shipping_hash', '9d4568c009d203ab10e33ea9953a0264'),
(173, 2247, '_coupons_hash', 'd751713988987e9331980363e24189ce'),
(174, 2247, '_fees_hash', 'd751713988987e9331980363e24189ce'),
(175, 2247, '_taxes_hash', 'd751713988987e9331980363e24189ce'),
(176, 2247, 'is_vat_exempt', 'no'),
(177, 2247, '_billing_address_index', '      TN  IN  '),
(178, 2247, '_shipping_address_index', '      TN  IN '),
(179, 2248, '_shipping_hash', '9d4568c009d203ab10e33ea9953a0264'),
(180, 2248, '_coupons_hash', 'd751713988987e9331980363e24189ce'),
(181, 2248, '_fees_hash', 'd751713988987e9331980363e24189ce'),
(182, 2248, '_taxes_hash', 'd751713988987e9331980363e24189ce'),
(183, 2248, 'is_vat_exempt', 'no'),
(184, 2248, '_billing_address_index', '      TN  IN  '),
(185, 2248, '_shipping_address_index', '      TN  IN '),
(186, 2249, '_shipping_hash', '9d4568c009d203ab10e33ea9953a0264'),
(187, 2249, '_coupons_hash', 'd751713988987e9331980363e24189ce'),
(188, 2249, '_fees_hash', 'd751713988987e9331980363e24189ce'),
(189, 2249, '_taxes_hash', 'd751713988987e9331980363e24189ce'),
(190, 2249, 'is_vat_exempt', 'no'),
(191, 2249, '_billing_address_index', 'GOPALADESIKAN DESIKAMANI  NO 4, DHANDEESWARAR NAGAR  DIRECTOR TN 600042 IN accounts@mentor.in 09940055987'),
(192, 2249, '_shipping_address_index', 'GOPALADESIKAN DESIKAMANI  NO 4, DHANDEESWARAR NAGAR  DIRECTOR TN 600042 IN 09940055987'),
(193, 2249, '_wc_order_attribution_source_type', 'typein'),
(194, 2249, '_wc_order_attribution_utm_source', '(direct)'),
(195, 2249, '_wc_order_attribution_session_entry', 'https://demo.mentor.in/'),
(196, 2249, '_wc_order_attribution_session_start_time', '2024-03-14 09:23:31'),
(197, 2249, '_wc_order_attribution_session_pages', '4'),
(198, 2249, '_wc_order_attribution_session_count', '1'),
(199, 2249, '_wc_order_attribution_user_agent', 'Mozilla/5.0 (Windows NT 10.0; Win64; x64) AppleWebKit/537.36 (KHTML, like Gecko) Chrome/122.0.0.0 Safari/537.36 Edg/122.0.0.0'),
(200, 2249, '_wc_order_attribution_device_type', 'Desktop'),
(201, 2249, 'is_magic_checkout_order', 'no'),
(202, 2249, 'rzp_webhook_notified_at', '1710410181'),
(203, 2247, 'rzp_webhook_notified_at', '1710431324'),
(204, 2248, 'rzp_webhook_notified_at', '1710489441'),
(205, 2255, '_shipping_hash', '9d4568c009d203ab10e33ea9953a0264'),
(206, 2255, '_coupons_hash', 'd751713988987e9331980363e24189ce'),
(207, 2255, '_fees_hash', 'd751713988987e9331980363e24189ce'),
(208, 2255, '_taxes_hash', 'd751713988987e9331980363e24189ce'),
(209, 2255, 'is_vat_exempt', 'no'),
(210, 2255, '_billing_address_index', 'JosephAsir Raja  180 Veeraragavapuram Streat  Tiruchendur TN 628215 IN josephs@atomlines.com 08148770155'),
(211, 2255, '_shipping_address_index', 'JosephAsir Raja  180 Veeraragavapuram Streat  Tiruchendur TN 628215 IN 08148770155'),
(212, 2255, '_wc_order_attribution_source_type', 'typein'),
(213, 2255, '_wc_order_attribution_utm_source', '(direct)'),
(214, 2255, '_wc_order_attribution_session_entry', 'https://demo.mentor.in/index.php/my-account/'),
(215, 2255, '_wc_order_attribution_session_start_time', '2024-03-13 10:30:10'),
(216, 2255, '_wc_order_attribution_session_pages', '4'),
(217, 2255, '_wc_order_attribution_session_count', '4'),
(218, 2255, '_wc_order_attribution_user_agent', 'Mozilla/5.0 (Windows NT 10.0; Win64; x64) AppleWebKit/537.36 (KHTML, like Gecko) Chrome/122.0.0.0 Safari/537.36'),
(219, 2255, '_wc_order_attribution_device_type', 'Desktop'),
(220, 2255, 'is_magic_checkout_order', 'no'),
(221, 2255, 'rzp_webhook_notified_at', '1710495359'),
(229, 2257, '_shipping_hash', '9d4568c009d203ab10e33ea9953a0264'),
(230, 2257, '_coupons_hash', 'd751713988987e9331980363e24189ce'),
(231, 2257, '_fees_hash', 'd751713988987e9331980363e24189ce'),
(232, 2257, '_taxes_hash', 'd751713988987e9331980363e24189ce'),
(233, 2257, 'is_vat_exempt', 'no'),
(234, 2257, '_billing_address_index', 'Prasad KB  22  Chennai TN 660099 IN kbgiriprasad@gmail.com '),
(235, 2257, '_shipping_address_index', 'Prasad KB  22  Chennai TN 660099 IN '),
(236, 2257, '_wc_order_attribution_source_type', 'typein'),
(237, 2257, '_wc_order_attribution_utm_source', '(direct)'),
(238, 2257, '_wc_order_attribution_session_entry', 'https://demo.mentor.in/'),
(239, 2257, '_wc_order_attribution_session_start_time', '2024-03-13 11:39:53'),
(240, 2257, '_wc_order_attribution_session_pages', '21'),
(241, 2257, '_wc_order_attribution_session_count', '3'),
(242, 2257, '_wc_order_attribution_user_agent', 'Mozilla/5.0 (Windows NT 10.0; Win64; x64; rv:123.0) Gecko/20100101 Firefox/123.0'),
(243, 2257, '_wc_order_attribution_device_type', 'Desktop'),
(244, 2257, 'is_magic_checkout_order', 'no'),
(259, 2266, '_shipping_hash', '9d4568c009d203ab10e33ea9953a0264'),
(260, 2266, '_coupons_hash', 'd751713988987e9331980363e24189ce'),
(261, 2266, '_fees_hash', 'd751713988987e9331980363e24189ce'),
(262, 2266, '_taxes_hash', 'd751713988987e9331980363e24189ce'),
(263, 2266, 'is_vat_exempt', 'no'),
(264, 2266, '_billing_address_index', 'First Name Last Name  Chennai  Chennai TN 600033 IN hema@mentor.in '),
(265, 2266, '_shipping_address_index', 'First Name Last Name  Chennai  Chennai TN 600033 IN '),
(266, 2266, '_wc_order_attribution_source_type', 'typein'),
(267, 2266, '_wc_order_attribution_utm_source', '(direct)'),
(268, 2266, '_wc_order_attribution_session_entry', 'https://demo.mentor.in/index.php/behaviour-mirror/'),
(269, 2266, '_wc_order_attribution_session_start_time', '2024-03-22 07:45:04'),
(270, 2266, '_wc_order_attribution_session_pages', '3'),
(271, 2266, '_wc_order_attribution_session_count', '1'),
(272, 2266, '_wc_order_attribution_user_agent', 'Mozilla/5.0 (Windows NT 10.0; Win64; x64) AppleWebKit/537.36 (KHTML, like Gecko) Chrome/122.0.0.0 Safari/537.36 Edg/122.0.0.0'),
(273, 2266, '_wc_order_attribution_device_type', 'Desktop'),
(274, 2266, 'is_magic_checkout_order', 'no'),
(275, 2266, 'rzp_webhook_notified_at', '1711095559'),
(276, 2267, '_shipping_hash', '9d4568c009d203ab10e33ea9953a0264'),
(277, 2267, '_coupons_hash', 'd751713988987e9331980363e24189ce'),
(278, 2267, '_fees_hash', 'd751713988987e9331980363e24189ce'),
(279, 2267, '_taxes_hash', 'd751713988987e9331980363e24189ce'),
(280, 2267, 'is_vat_exempt', 'no'),
(281, 2267, '_billing_address_index', 'First Name Last Name  Chennai  Chennai TN 600033 IN hema@mentor.in '),
(282, 2267, '_shipping_address_index', 'First Name Last Name  Chennai  Chennai TN 600033 IN '),
(283, 2267, '_wc_order_attribution_source_type', 'typein'),
(284, 2267, '_wc_order_attribution_utm_source', '(direct)'),
(285, 2267, '_wc_order_attribution_session_entry', 'https://demo.mentor.in/index.php/behaviour-mirror/'),
(286, 2267, '_wc_order_attribution_session_start_time', '2024-03-22 07:45:04'),
(287, 2267, '_wc_order_attribution_session_pages', '11'),
(288, 2267, '_wc_order_attribution_session_count', '1'),
(289, 2267, '_wc_order_attribution_user_agent', 'Mozilla/5.0 (Windows NT 10.0; Win64; x64) AppleWebKit/537.36 (KHTML, like Gecko) Chrome/122.0.0.0 Safari/537.36 Edg/122.0.0.0'),
(290, 2267, '_wc_order_attribution_device_type', 'Desktop'),
(291, 2267, 'is_magic_checkout_order', 'no'),
(292, 2266, '_edit_lock', '1711096094:1'),
(293, 2268, '_shipping_hash', '9d4568c009d203ab10e33ea9953a0264'),
(294, 2268, '_coupons_hash', 'd751713988987e9331980363e24189ce'),
(295, 2268, '_fees_hash', 'd751713988987e9331980363e24189ce'),
(296, 2268, '_taxes_hash', 'd751713988987e9331980363e24189ce'),
(297, 2268, 'is_vat_exempt', 'no'),
(298, 2268, '_billing_address_index', 'Vidhya Lakshmi  Block 1, Flat 3, Sai Gardens, 10th Cross Street, Dandeeswaram Nagar, Velachery Dandeeswaram Nagar, Velachery Chennai TN 600042 IN vidhya@mentor.in +919841980610'),
(299, 2268, '_shipping_address_index', 'Vidhya Lakshmi  Block 1, Flat 3, Sai Gardens, 10th Cross Street, Dandeeswaram Nagar, Velachery Dandeeswaram Nagar, Velachery Chennai TN 600042 IN +919841980610'),
(300, 2268, '_wc_order_attribution_source_type', 'typein'),
(301, 2268, '_wc_order_attribution_utm_source', '(direct)'),
(302, 2268, '_wc_order_attribution_session_entry', 'https://demo.mentor.in/index.php/behaviour-mirror/'),
(303, 2268, '_wc_order_attribution_session_start_time', '2024-03-22 08:03:36'),
(304, 2268, '_wc_order_attribution_session_pages', '5'),
(305, 2268, '_wc_order_attribution_session_count', '1'),
(306, 2268, '_wc_order_attribution_user_agent', 'Mozilla/5.0 (Windows NT 10.0; Win64; x64) AppleWebKit/537.36 (KHTML, like Gecko) Chrome/123.0.0.0 Safari/537.36'),
(307, 2268, '_wc_order_attribution_device_type', 'Desktop'),
(308, 2268, 'is_magic_checkout_order', 'no'),
(309, 2269, '_shipping_hash', '9d4568c009d203ab10e33ea9953a0264'),
(310, 2269, '_coupons_hash', 'd751713988987e9331980363e24189ce'),
(311, 2269, '_fees_hash', 'd751713988987e9331980363e24189ce'),
(312, 2269, '_taxes_hash', 'd751713988987e9331980363e24189ce'),
(313, 2269, 'is_vat_exempt', 'no'),
(314, 2269, '_billing_address_index', 'Malathy V  NO 4, DHANDEESWARAR NAGAR  DIRECTOR TN 600042 IN accounts@mentor.in 09940055987'),
(315, 2269, '_shipping_address_index', 'Malathy V  NO 4, DHANDEESWARAR NAGAR  DIRECTOR TN 600042 IN 09940055987'),
(316, 2269, '_wc_order_attribution_source_type', 'typein'),
(317, 2269, '_wc_order_attribution_utm_source', '(direct)'),
(318, 2269, '_wc_order_attribution_session_entry', 'https://demo.mentor.in/index.php/behaviour-mirror/'),
(319, 2269, '_wc_order_attribution_session_start_time', '2024-03-22 07:37:56'),
(320, 2269, '_wc_order_attribution_session_pages', '15'),
(321, 2269, '_wc_order_attribution_session_count', '1'),
(322, 2269, '_wc_order_attribution_user_agent', 'Mozilla/5.0 (Windows NT 10.0; Win64; x64) AppleWebKit/537.36 (KHTML, like Gecko) Chrome/123.0.0.0 Safari/537.36'),
(323, 2269, '_wc_order_attribution_device_type', 'Desktop'),
(324, 2269, 'is_magic_checkout_order', 'no'),
(325, 2268, 'rzp_webhook_notified_at', '1711096664'),
(326, 2269, 'rzp_webhook_notified_at', '1711096689'),
(327, 2270, '_shipping_hash', '9d4568c009d203ab10e33ea9953a0264'),
(328, 2270, '_coupons_hash', 'd751713988987e9331980363e24189ce'),
(329, 2270, '_fees_hash', 'd751713988987e9331980363e24189ce'),
(330, 2270, '_taxes_hash', 'd751713988987e9331980363e24189ce'),
(331, 2270, 'is_vat_exempt', 'no'),
(332, 2270, '_billing_address_index', 'Sumithra D  adsfd  chennai TN 600042 IN sumithra47@gmail.com '),
(333, 2270, '_shipping_address_index', 'Sumithra D  adsfd  chennai TN 600042 IN '),
(334, 2270, '_wc_order_attribution_source_type', 'typein'),
(335, 2270, '_wc_order_attribution_utm_source', '(direct)'),
(336, 2270, '_wc_order_attribution_session_entry', 'https://demo.mentor.in/index.php/behaviour-mirror/'),
(337, 2270, '_wc_order_attribution_session_start_time', '2024-03-22 09:27:32'),
(338, 2270, '_wc_order_attribution_session_pages', '3'),
(339, 2270, '_wc_order_attribution_session_count', '2'),
(340, 2270, '_wc_order_attribution_user_agent', 'Mozilla/5.0 (Windows NT 10.0; Win64; x64) AppleWebKit/537.36 (KHTML, like Gecko) Chrome/122.0.0.0 Safari/537.36'),
(341, 2270, '_wc_order_attribution_device_type', 'Desktop'),
(342, 2270, 'is_magic_checkout_order', 'no'),
(343, 2270, 'rzp_webhook_notified_at', '1711104311'),
(344, 2271, '_shipping_hash', '9d4568c009d203ab10e33ea9953a0264'),
(345, 2271, '_coupons_hash', 'd751713988987e9331980363e24189ce'),
(346, 2271, '_fees_hash', 'd751713988987e9331980363e24189ce'),
(347, 2271, '_taxes_hash', 'd751713988987e9331980363e24189ce'),
(348, 2271, 'is_vat_exempt', 'no'),
(349, 2271, '_billing_address_index', 'Sumithra D  adsfd  chennai TN 600042 IN sumithra47@gmail.com '),
(350, 2271, '_shipping_address_index', 'Sumithra D  adsfd  chennai TN 600042 IN '),
(351, 2271, '_wc_order_attribution_source_type', 'typein'),
(352, 2271, '_wc_order_attribution_utm_source', '(direct)'),
(353, 2271, '_wc_order_attribution_session_entry', 'https://demo.mentor.in/index.php/behaviour-mirror/'),
(354, 2271, '_wc_order_attribution_session_start_time', '2024-03-22 09:27:32'),
(355, 2271, '_wc_order_attribution_session_pages', '8'),
(356, 2271, '_wc_order_attribution_session_count', '2'),
(357, 2271, '_wc_order_attribution_user_agent', 'Mozilla/5.0 (Windows NT 10.0; Win64; x64) AppleWebKit/537.36 (KHTML, like Gecko) Chrome/122.0.0.0 Safari/537.36'),
(358, 2271, '_wc_order_attribution_device_type', 'Desktop'),
(359, 2271, 'is_magic_checkout_order', 'no'),
(374, 2274, '_shipping_hash', '9d4568c009d203ab10e33ea9953a0264'),
(375, 2274, '_coupons_hash', 'd751713988987e9331980363e24189ce'),
(376, 2274, '_fees_hash', 'd751713988987e9331980363e24189ce'),
(377, 2274, '_taxes_hash', 'd751713988987e9331980363e24189ce'),
(378, 2274, 'is_vat_exempt', 'no'),
(379, 2274, '_billing_address_index', 'Srivatsan P  No 14/25, Amirtham Flats, Balaraman street, Hasthinapuram, Chromepet, Chennai 64.  chennai TN 600064 IN sarathyvatsan@gmail.com '),
(380, 2274, '_shipping_address_index', 'Srivatsan P  No 14/25, Amirtham Flats, Balaraman street, Hasthinapuram, Chromepet, Chennai 64.  chennai TN 600064 IN '),
(381, 2274, '_wc_order_attribution_source_type', 'typein'),
(382, 2274, '_wc_order_attribution_utm_source', '(direct)'),
(383, 2274, '_wc_order_attribution_session_entry', 'https://demo.mentor.in/index.php/my-account/'),
(384, 2274, '_wc_order_attribution_session_start_time', '2024-03-27 04:50:07'),
(385, 2274, '_wc_order_attribution_session_pages', '19'),
(386, 2274, '_wc_order_attribution_session_count', '1'),
(387, 2274, '_wc_order_attribution_user_agent', 'Mozilla/5.0 (Windows NT 10.0; Win64; x64) AppleWebKit/537.36 (KHTML, like Gecko) Chrome/122.0.0.0 Safari/537.36'),
(388, 2274, '_wc_order_attribution_device_type', 'Desktop'),
(389, 2274, 'is_magic_checkout_order', 'no'),
(390, 2274, 'rzp_webhook_notified_at', '1711517258'),
(398, 2278, '_shipping_hash', '9d4568c009d203ab10e33ea9953a0264'),
(399, 2278, '_coupons_hash', 'd751713988987e9331980363e24189ce'),
(400, 2278, '_fees_hash', 'd751713988987e9331980363e24189ce'),
(401, 2278, '_taxes_hash', 'd751713988987e9331980363e24189ce'),
(402, 2278, 'is_vat_exempt', 'no'),
(403, 2278, '_billing_address_index', 'Prasad KB  22  Chennai TN 660099 IN kbgiriprasad@gmail.com '),
(404, 2278, '_shipping_address_index', 'Prasad KB  22  Chennai TN 660099 IN '),
(405, 2278, '_wc_order_attribution_source_type', 'typein'),
(406, 2278, '_wc_order_attribution_utm_source', '(direct)'),
(407, 2278, '_wc_order_attribution_session_entry', 'https://demo.mentor.in/'),
(408, 2278, '_wc_order_attribution_session_start_time', '2024-04-02 04:56:49'),
(409, 2278, '_wc_order_attribution_session_pages', '9'),
(410, 2278, '_wc_order_attribution_session_count', '2'),
(411, 2278, '_wc_order_attribution_user_agent', 'Mozilla/5.0 (Windows NT 10.0; Win64; x64; rv:124.0) Gecko/20100101 Firefox/124.0'),
(412, 2278, '_wc_order_attribution_device_type', 'Desktop'),
(413, 2278, 'is_magic_checkout_order', 'no'),
(414, 2278, 'rzp_webhook_notified_at', '1712043715'),
(415, 2278, '_edit_lock', '1712296177:1'),
(430, 2284, '_shipping_hash', '9d4568c009d203ab10e33ea9953a0264'),
(431, 2284, '_coupons_hash', 'd751713988987e9331980363e24189ce'),
(432, 2284, '_fees_hash', 'd751713988987e9331980363e24189ce'),
(433, 2284, '_taxes_hash', 'd751713988987e9331980363e24189ce'),
(434, 2284, 'is_vat_exempt', 'no'),
(435, 2284, '_billing_address_index', 'JosephAsir Raja  180 Veeraragavapuram Streat  Tiruchendur TN 628215 IN josephs@atomlines.com 08148770155'),
(436, 2284, '_shipping_address_index', 'JosephAsir Raja  180 Veeraragavapuram Streat  Tiruchendur TN 628215 IN 08148770155'),
(437, 2284, '_wc_order_attribution_source_type', 'typein'),
(438, 2284, '_wc_order_attribution_utm_source', '(direct)'),
(439, 2284, '_wc_order_attribution_session_entry', 'https://www.mentor.in/'),
(440, 2284, '_wc_order_attribution_session_start_time', '2024-04-11 04:29:44'),
(441, 2284, '_wc_order_attribution_session_pages', '6'),
(442, 2284, '_wc_order_attribution_session_count', '1'),
(443, 2284, '_wc_order_attribution_user_agent', 'Mozilla/5.0 (Windows NT 10.0; Win64; x64) AppleWebKit/537.36 (KHTML, like Gecko) Chrome/123.0.0.0 Safari/537.36'),
(444, 2284, '_wc_order_attribution_device_type', 'Desktop'),
(445, 2284, 'is_magic_checkout_order', 'no'),
(446, 2284, '_wc_order_attribution_source_type', 'typein'),
(447, 2284, '_wc_order_attribution_utm_source', '(direct)'),
(448, 2284, '_wc_order_attribution_session_entry', 'https://www.mentor.in/'),
(449, 2284, '_wc_order_attribution_session_start_time', '2024-04-11 04:29:44'),
(450, 2284, '_wc_order_attribution_session_pages', '8'),
(451, 2284, '_wc_order_attribution_session_count', '1'),
(452, 2284, '_wc_order_attribution_user_agent', 'Mozilla/5.0 (Windows NT 10.0; Win64; x64) AppleWebKit/537.36 (KHTML, like Gecko) Chrome/123.0.0.0 Safari/537.36'),
(453, 2284, '_wc_order_attribution_device_type', 'Desktop'),
(454, 2284, 'rzp_webhook_notified_at', '1712814605'),
(455, 2284, '_edit_lock', '1712826209:1'),
(456, 2286, '_shipping_hash', '9d4568c009d203ab10e33ea9953a0264'),
(457, 2286, '_coupons_hash', 'd751713988987e9331980363e24189ce'),
(458, 2286, '_fees_hash', 'd751713988987e9331980363e24189ce'),
(459, 2286, '_taxes_hash', 'd751713988987e9331980363e24189ce'),
(460, 2286, 'is_vat_exempt', 'no'),
(461, 2286, '_billing_address_index', 'JosephAsir Raja  180 Veeraragavapuram Streat  Tiruchendur TN 628215 IN josephs@atomlines.com 08148770155'),
(462, 2286, '_shipping_address_index', 'JosephAsir Raja  180 Veeraragavapuram Streat  Tiruchendur TN 628215 IN 08148770155'),
(463, 2286, '_wc_order_attribution_source_type', 'typein'),
(464, 2286, '_wc_order_attribution_utm_source', '(direct)'),
(465, 2286, '_wc_order_attribution_session_entry', 'https://www.mentor.in/'),
(466, 2286, '_wc_order_attribution_session_start_time', '2024-04-06 09:45:19'),
(467, 2286, '_wc_order_attribution_session_pages', '5'),
(468, 2286, '_wc_order_attribution_session_count', '2'),
(469, 2286, '_wc_order_attribution_user_agent', 'Mozilla/5.0 (Windows NT 10.0; Win64; x64) AppleWebKit/537.36 (KHTML, like Gecko) Chrome/123.0.0.0 Safari/537.36'),
(470, 2286, '_wc_order_attribution_device_type', 'Desktop'),
(471, 2286, 'is_magic_checkout_order', 'no'),
(472, 2286, 'rzp_webhook_notified_at', '1713369414'),
(473, 2286, '_edit_lock', '1713373572:1'),
(474, 2288, '_shipping_hash', '9d4568c009d203ab10e33ea9953a0264'),
(475, 2288, '_coupons_hash', 'd751713988987e9331980363e24189ce'),
(476, 2288, '_fees_hash', 'd751713988987e9331980363e24189ce'),
(477, 2288, '_taxes_hash', 'd751713988987e9331980363e24189ce'),
(478, 2288, 'is_vat_exempt', 'no'),
(479, 2288, '_billing_address_index', 'JosephAsir Raja  180 Veeraragavapuram Streat  Tiruchendur TN 628215 IN josephs@atomlines.com 08148770155'),
(480, 2288, '_shipping_address_index', 'JosephAsir Raja  180 Veeraragavapuram Streat  Tiruchendur TN 628215 IN 08148770155'),
(481, 2288, '_wc_order_attribution_source_type', 'typein'),
(482, 2288, '_wc_order_attribution_utm_source', '(direct)'),
(483, 2288, '_wc_order_attribution_session_entry', 'https://www.mentor.in/'),
(484, 2288, '_wc_order_attribution_session_start_time', '2024-04-06 09:45:19'),
(485, 2288, '_wc_order_attribution_session_pages', '12'),
(486, 2288, '_wc_order_attribution_session_count', '2'),
(487, 2288, '_wc_order_attribution_user_agent', 'Mozilla/5.0 (Windows NT 10.0; Win64; x64) AppleWebKit/537.36 (KHTML, like Gecko) Chrome/123.0.0.0 Safari/537.36'),
(488, 2288, '_wc_order_attribution_device_type', 'Desktop'),
(489, 2288, 'is_magic_checkout_order', 'no'),
(490, 2288, 'rzp_webhook_notified_at', '1713370670'),
(491, 2289, '_shipping_hash', '9d4568c009d203ab10e33ea9953a0264'),
(492, 2289, '_coupons_hash', 'd751713988987e9331980363e24189ce'),
(493, 2289, '_fees_hash', 'd751713988987e9331980363e24189ce'),
(494, 2289, '_taxes_hash', 'd751713988987e9331980363e24189ce'),
(495, 2289, 'is_vat_exempt', 'no'),
(496, 2289, '_billing_address_index', 'JosephAsir Raja  180 Veeraragavapuram Streat  Tiruchendur TN 628215 IN josephs@atomlines.com 08148770155'),
(497, 2289, '_shipping_address_index', 'JosephAsir Raja  180 Veeraragavapuram Streat  Tiruchendur TN 628215 IN 08148770155'),
(498, 2289, '_wc_order_attribution_source_type', 'typein'),
(499, 2289, '_wc_order_attribution_utm_source', '(direct)'),
(500, 2289, '_wc_order_attribution_session_entry', 'https://www.mentor.in/'),
(501, 2289, '_wc_order_attribution_session_start_time', '2024-04-06 09:45:19'),
(502, 2289, '_wc_order_attribution_session_pages', '16'),
(503, 2289, '_wc_order_attribution_session_count', '2'),
(504, 2289, '_wc_order_attribution_user_agent', 'Mozilla/5.0 (Windows NT 10.0; Win64; x64) AppleWebKit/537.36 (KHTML, like Gecko) Chrome/123.0.0.0 Safari/537.36'),
(505, 2289, '_wc_order_attribution_device_type', 'Desktop'),
(506, 2289, 'is_magic_checkout_order', 'no'),
(507, 2289, 'rzp_webhook_notified_at', '1713371129'),
(508, 2290, '_shipping_hash', '9d4568c009d203ab10e33ea9953a0264'),
(509, 2290, '_coupons_hash', 'd751713988987e9331980363e24189ce'),
(510, 2290, '_fees_hash', 'd751713988987e9331980363e24189ce'),
(511, 2290, '_taxes_hash', 'd751713988987e9331980363e24189ce'),
(512, 2290, 'is_vat_exempt', 'no'),
(513, 2290, '_billing_address_index', 'JosephAsir Raja  180 Veeraragavapuram Streat  Tiruchendur TN 628215 IN josephs@atomlines.com 08148770155'),
(514, 2290, '_shipping_address_index', 'JosephAsir Raja  180 Veeraragavapuram Streat  Tiruchendur TN 628215 IN 08148770155'),
(515, 2290, '_wc_order_attribution_source_type', 'typein'),
(516, 2290, '_wc_order_attribution_utm_source', '(direct)'),
(517, 2290, '_wc_order_attribution_session_entry', 'https://www.mentor.in/'),
(518, 2290, '_wc_order_attribution_session_start_time', '2024-04-06 09:45:19'),
(519, 2290, '_wc_order_attribution_session_pages', '2'),
(520, 2290, '_wc_order_attribution_session_count', '2'),
(521, 2290, '_wc_order_attribution_user_agent', 'Mozilla/5.0 (Windows NT 10.0; Win64; x64) AppleWebKit/537.36 (KHTML, like Gecko) Chrome/123.0.0.0 Safari/537.36'),
(522, 2290, '_wc_order_attribution_device_type', 'Desktop'),
(523, 2290, 'is_magic_checkout_order', 'no'),
(524, 2290, 'rzp_webhook_notified_at', '1713373392'),
(525, 2290, '_edit_lock', '1713375181:1'),
(526, 2291, '_shipping_hash', '9d4568c009d203ab10e33ea9953a0264'),
(527, 2291, '_coupons_hash', 'd751713988987e9331980363e24189ce'),
(528, 2291, '_fees_hash', 'd751713988987e9331980363e24189ce'),
(529, 2291, '_taxes_hash', 'd751713988987e9331980363e24189ce'),
(530, 2291, 'is_vat_exempt', 'no'),
(531, 2291, '_billing_address_index', 'JosephAsir Raja  180 Veeraragavapuram Streat  Tiruchendur TN 628215 IN kbgiriprasad@gmail.com 08148770155'),
(532, 2291, '_shipping_address_index', 'JosephAsir Raja  180 Veeraragavapuram Streat  Tiruchendur TN 628215 IN 08148770155'),
(533, 2292, '_shipping_hash', '9d4568c009d203ab10e33ea9953a0264'),
(534, 2292, '_coupons_hash', 'd751713988987e9331980363e24189ce'),
(535, 2292, '_fees_hash', 'd751713988987e9331980363e24189ce'),
(536, 2292, '_taxes_hash', 'd751713988987e9331980363e24189ce'),
(537, 2292, 'is_vat_exempt', 'no'),
(538, 2292, '_billing_address_index', 'Giri KB  22 Kolathur Chennai TN 600099 IN kbgiriprasad@gmail.com '),
(539, 2292, '_shipping_address_index', 'Giri KB  22 Kolathur Chennai TN 600099 IN '),
(540, 2292, '_wc_order_attribution_source_type', 'typein'),
(541, 2292, '_wc_order_attribution_utm_source', '(direct)'),
(542, 2292, '_wc_order_attribution_session_entry', 'https://demo.mentor.in/'),
(543, 2292, '_wc_order_attribution_session_start_time', '2024-03-28 04:30:51'),
(544, 2292, '_wc_order_attribution_session_pages', '16'),
(545, 2292, '_wc_order_attribution_session_count', '23'),
(546, 2292, '_wc_order_attribution_user_agent', 'Mozilla/5.0 (Windows NT 10.0; Win64; x64) AppleWebKit/537.36 (KHTML, like Gecko) Chrome/123.0.0.0 Safari/537.36'),
(547, 2292, '_wc_order_attribution_device_type', 'Desktop'),
(548, 2292, 'is_magic_checkout_order', 'no'),
(549, 2292, 'rzp_webhook_notified_at', '1713420956');

-- --------------------------------------------------------

--
-- Table structure for table `mentorwc_order_addresses`
--

CREATE TABLE `mentorwc_order_addresses` (
  `id` bigint(20) UNSIGNED NOT NULL,
  `order_id` bigint(20) UNSIGNED NOT NULL,
  `address_type` varchar(20) COLLATE utf8mb4_unicode_520_ci DEFAULT NULL,
  `first_name` text COLLATE utf8mb4_unicode_520_ci DEFAULT NULL,
  `last_name` text COLLATE utf8mb4_unicode_520_ci DEFAULT NULL,
  `company` text COLLATE utf8mb4_unicode_520_ci DEFAULT NULL,
  `address_1` text COLLATE utf8mb4_unicode_520_ci DEFAULT NULL,
  `address_2` text COLLATE utf8mb4_unicode_520_ci DEFAULT NULL,
  `city` text COLLATE utf8mb4_unicode_520_ci DEFAULT NULL,
  `state` text COLLATE utf8mb4_unicode_520_ci DEFAULT NULL,
  `postcode` text COLLATE utf8mb4_unicode_520_ci DEFAULT NULL,
  `country` text COLLATE utf8mb4_unicode_520_ci DEFAULT NULL,
  `email` varchar(320) COLLATE utf8mb4_unicode_520_ci DEFAULT NULL,
  `phone` varchar(100) COLLATE utf8mb4_unicode_520_ci DEFAULT NULL
) ENGINE=InnoDB DEFAULT CHARSET=utf8mb4 COLLATE=utf8mb4_unicode_520_ci;

--
-- Dumping data for table `mentorwc_order_addresses`
--

INSERT INTO `mentorwc_order_addresses` (`id`, `order_id`, `address_type`, `first_name`, `last_name`, `company`, `address_1`, `address_2`, `city`, `state`, `postcode`, `country`, `email`, `phone`) VALUES
(3, 2229, 'billing', 'Joseph', 'Raja', NULL, '1/134 Kalaiyarangam Street', NULL, 'Tiruchendur', 'TN', '628216', 'IN', 'yesjosephraja@gmail.com', ''),
(4, 2229, 'shipping', 'Joseph', 'Raja', NULL, '1/134 Kalaiyarangam Street', NULL, 'Tiruchendur', 'TN', '628216', 'IN', NULL, ''),
(31, 2233, 'billing', 'JosephAsir', 'Raja', NULL, '180 Veeraragavapuram Streat', NULL, 'Tiruchendur', 'TN', '628215', 'IN', 'josephs@atomlines.com', '08148770155'),
(32, 2233, 'shipping', 'JosephAsir', 'Raja', NULL, '180 Veeraragavapuram Streat', NULL, 'Tiruchendur', 'TN', '628215', 'IN', NULL, '08148770155'),
(33, 2234, 'billing', 'JosephAsir', 'Raja', NULL, '180 Veeraragavapuram Streat', NULL, 'Tiruchendur', 'TN', '628215', 'IN', 'josephs@atomlines.com', '08148770155'),
(34, 2234, 'shipping', 'JosephAsir', 'Raja', NULL, '180 Veeraragavapuram Streat', NULL, 'Tiruchendur', 'TN', '628215', 'IN', NULL, '08148770155'),
(37, 2235, 'billing', 'JosephAsir', 'Raja', NULL, '180 Veeraragavapuram Streat', NULL, 'Tiruchendur', 'TN', '628215', 'IN', 'josephs@atomlines.com', '08148770155'),
(38, 2235, 'shipping', 'JosephAsir', 'Raja', NULL, '180 Veeraragavapuram Streat', NULL, 'Tiruchendur', 'TN', '628215', 'IN', NULL, '08148770155'),
(45, 2239, 'billing', 'JosephAsir', 'Raja', NULL, '180 Veeraragavapuram Streat', NULL, 'Tiruchendur', 'TN', '628215', 'IN', 'josephs@atomlines.com', '08148770155'),
(46, 2239, 'shipping', 'JosephAsir', 'Raja', NULL, '180 Veeraragavapuram Streat', NULL, 'Tiruchendur', 'TN', '628215', 'IN', NULL, '08148770155'),
(50, 2241, 'billing', 'GG', 'Prasad', NULL, 'test', NULL, 'chennai', 'TN', '600042', 'IN', 'giri@mentor.in', NULL),
(51, 2241, 'shipping', 'GG', 'Prasad', NULL, 'test', NULL, 'chennai', 'TN', '600042', 'IN', NULL, NULL),
(65, 2244, 'billing', 'JosephAsir', 'Raja', NULL, '180 Veeraragavapuram Streat', NULL, 'Tiruchendur', 'TN', '628215', 'IN', 'support@mentor.in', '08148770155'),
(66, 2244, 'shipping', 'JosephAsir', 'Raja', NULL, '180 Veeraragavapuram Streat', NULL, 'Tiruchendur', 'TN', '628215', 'IN', NULL, '08148770155'),
(71, 2246, 'billing', 'JosephAsir', 'Raja', NULL, '180 Veeraragavapuram Streat', NULL, 'Tiruchendur', 'TN', '628215', 'IN', 'josephs@atomlines.com', '08148770155'),
(72, 2246, 'shipping', 'JosephAsir', 'Raja', NULL, '180 Veeraragavapuram Streat', NULL, 'Tiruchendur', 'TN', '628215', 'IN', NULL, '08148770155'),
(73, 2247, 'billing', NULL, NULL, NULL, NULL, NULL, NULL, 'TN', NULL, 'IN', NULL, NULL),
(74, 2247, 'shipping', NULL, NULL, NULL, NULL, NULL, NULL, 'TN', NULL, 'IN', NULL, NULL),
(75, 2248, 'billing', NULL, NULL, NULL, NULL, NULL, NULL, 'TN', NULL, 'IN', NULL, NULL),
(76, 2248, 'shipping', NULL, NULL, NULL, NULL, NULL, NULL, 'TN', NULL, 'IN', NULL, NULL),
(77, 2249, 'billing', 'GOPALADESIKAN', 'DESIKAMANI', NULL, 'NO 4, DHANDEESWARAR NAGAR', NULL, 'DIRECTOR', 'TN', '600042', 'IN', 'accounts@mentor.in', '09940055987'),
(78, 2249, 'shipping', 'GOPALADESIKAN', 'DESIKAMANI', NULL, 'NO 4, DHANDEESWARAR NAGAR', NULL, 'DIRECTOR', 'TN', '600042', 'IN', NULL, '09940055987'),
(81, 2255, 'billing', 'JosephAsir', 'Raja', NULL, '180 Veeraragavapuram Streat', NULL, 'Tiruchendur', 'TN', '628215', 'IN', 'josephs@atomlines.com', '08148770155'),
(82, 2255, 'shipping', 'JosephAsir', 'Raja', NULL, '180 Veeraragavapuram Streat', NULL, 'Tiruchendur', 'TN', '628215', 'IN', NULL, '08148770155'),
(85, 2257, 'billing', 'Prasad', 'KB', NULL, '22', NULL, 'Chennai', 'TN', '660099', 'IN', 'kbgiriprasad@gmail.com', NULL),
(86, 2257, 'shipping', 'Prasad', 'KB', NULL, '22', NULL, 'Chennai', 'TN', '660099', 'IN', NULL, NULL),
(101, 2266, 'billing', 'First Name', 'Last Name', NULL, 'Chennai', NULL, 'Chennai', 'TN', '600033', 'IN', 'hema@mentor.in', NULL),
(102, 2266, 'shipping', 'First Name', 'Last Name', NULL, 'Chennai', NULL, 'Chennai', 'TN', '600033', 'IN', NULL, NULL),
(113, 2267, 'billing', 'First Name', 'Last Name', NULL, 'Chennai', NULL, 'Chennai', 'TN', '600033', 'IN', 'hema@mentor.in', NULL),
(114, 2267, 'shipping', 'First Name', 'Last Name', NULL, 'Chennai', NULL, 'Chennai', 'TN', '600033', 'IN', NULL, NULL),
(115, 2268, 'billing', 'Vidhya', 'Lakshmi', NULL, 'Block 1, Flat 3, Sai Gardens, 10th Cross Street, Dandeeswaram Nagar, Velachery', 'Dandeeswaram Nagar, Velachery', 'Chennai', 'TN', '600042', 'IN', 'vidhya@mentor.in', '+919841980610'),
(116, 2268, 'shipping', 'Vidhya', 'Lakshmi', NULL, 'Block 1, Flat 3, Sai Gardens, 10th Cross Street, Dandeeswaram Nagar, Velachery', 'Dandeeswaram Nagar, Velachery', 'Chennai', 'TN', '600042', 'IN', NULL, '+919841980610'),
(123, 2269, 'billing', 'Malathy', 'V', NULL, 'NO 4, DHANDEESWARAR NAGAR', NULL, 'DIRECTOR', 'TN', '600042', 'IN', 'accounts@mentor.in', '09940055987'),
(124, 2269, 'shipping', 'Malathy', 'V', NULL, 'NO 4, DHANDEESWARAR NAGAR', NULL, 'DIRECTOR', 'TN', '600042', 'IN', NULL, '09940055987'),
(129, 2270, 'billing', 'Sumithra', 'D', NULL, 'adsfd', NULL, 'chennai', 'TN', '600042', 'IN', 'sumithra47@gmail.com', NULL),
(130, 2270, 'shipping', 'Sumithra', 'D', NULL, 'adsfd', NULL, 'chennai', 'TN', '600042', 'IN', NULL, NULL),
(141, 2271, 'billing', 'Sumithra', 'D', NULL, 'adsfd', NULL, 'chennai', 'TN', '600042', 'IN', 'sumithra47@gmail.com', NULL),
(142, 2271, 'shipping', 'Sumithra', 'D', NULL, 'adsfd', NULL, 'chennai', 'TN', '600042', 'IN', NULL, NULL),
(147, 2274, 'billing', 'Srivatsan', 'P', NULL, 'No 14/25, Amirtham Flats, Balaraman street, Hasthinapuram, Chromepet, Chennai 64.', NULL, 'chennai', 'TN', '600064', 'IN', 'sarathyvatsan@gmail.com', NULL),
(148, 2274, 'shipping', 'Srivatsan', 'P', NULL, 'No 14/25, Amirtham Flats, Balaraman street, Hasthinapuram, Chromepet, Chennai 64.', NULL, 'chennai', 'TN', '600064', 'IN', NULL, NULL),
(171, 2278, 'billing', 'Prasad', 'KB', NULL, '22', NULL, 'Chennai', 'TN', '660099', 'IN', 'kbgiriprasad@gmail.com', NULL),
(172, 2278, 'shipping', 'Prasad', 'KB', NULL, '22', NULL, 'Chennai', 'TN', '660099', 'IN', NULL, NULL),
(177, 2284, 'billing', 'JosephAsir', 'Raja', NULL, '180 Veeraragavapuram Streat', NULL, 'Tiruchendur', 'TN', '628215', 'IN', 'josephs@atomlines.com', '08148770155'),
(178, 2284, 'shipping', 'JosephAsir', 'Raja', NULL, '180 Veeraragavapuram Streat', NULL, 'Tiruchendur', 'TN', '628215', 'IN', NULL, '08148770155'),
(179, 2286, 'billing', 'JosephAsir', 'Raja', NULL, '180 Veeraragavapuram Streat', NULL, 'Tiruchendur', 'TN', '628215', 'IN', 'josephs@atomlines.com', '08148770155'),
(180, 2286, 'shipping', 'JosephAsir', 'Raja', NULL, '180 Veeraragavapuram Streat', NULL, 'Tiruchendur', 'TN', '628215', 'IN', NULL, '08148770155'),
(181, 2288, 'billing', 'JosephAsir', 'Raja', NULL, '180 Veeraragavapuram Streat', NULL, 'Tiruchendur', 'TN', '628215', 'IN', 'josephs@atomlines.com', '08148770155'),
(182, 2288, 'shipping', 'JosephAsir', 'Raja', NULL, '180 Veeraragavapuram Streat', NULL, 'Tiruchendur', 'TN', '628215', 'IN', NULL, '08148770155'),
(183, 2289, 'billing', 'JosephAsir', 'Raja', NULL, '180 Veeraragavapuram Streat', NULL, 'Tiruchendur', 'TN', '628215', 'IN', 'josephs@atomlines.com', '08148770155'),
(184, 2289, 'shipping', 'JosephAsir', 'Raja', NULL, '180 Veeraragavapuram Streat', NULL, 'Tiruchendur', 'TN', '628215', 'IN', NULL, '08148770155'),
(185, 2290, 'billing', 'JosephAsir', 'Raja', NULL, '180 Veeraragavapuram Streat', NULL, 'Tiruchendur', 'TN', '628215', 'IN', 'josephs@atomlines.com', '08148770155'),
(186, 2290, 'shipping', 'JosephAsir', 'Raja', NULL, '180 Veeraragavapuram Streat', NULL, 'Tiruchendur', 'TN', '628215', 'IN', NULL, '08148770155'),
(187, 2291, 'billing', 'JosephAsir', 'Raja', NULL, '180 Veeraragavapuram Streat', NULL, 'Tiruchendur', 'TN', '628215', 'IN', 'kbgiriprasad@gmail.com', '08148770155'),
(188, 2291, 'shipping', 'JosephAsir', 'Raja', NULL, '180 Veeraragavapuram Streat', NULL, 'Tiruchendur', 'TN', '628215', 'IN', NULL, '08148770155'),
(190, 2292, 'billing', 'Giri', 'KB', NULL, '22', 'Kolathur', 'Chennai', 'TN', '600099', 'IN', 'kbgiriprasad@gmail.com', NULL),
(191, 2292, 'shipping', 'Giri', 'KB', NULL, '22', 'Kolathur', 'Chennai', 'TN', '600099', 'IN', NULL, NULL);

-- --------------------------------------------------------

--
-- Table structure for table `mentorwc_order_coupon_lookup`
--

CREATE TABLE `mentorwc_order_coupon_lookup` (
  `order_id` bigint(20) UNSIGNED NOT NULL,
  `coupon_id` bigint(20) NOT NULL,
  `date_created` datetime NOT NULL DEFAULT '0000-00-00 00:00:00',
  `discount_amount` double NOT NULL DEFAULT 0
) ENGINE=InnoDB DEFAULT CHARSET=utf8mb4 COLLATE=utf8mb4_unicode_520_ci;

-- --------------------------------------------------------

--
-- Table structure for table `mentorwc_order_operational_data`
--

CREATE TABLE `mentorwc_order_operational_data` (
  `id` bigint(20) UNSIGNED NOT NULL,
  `order_id` bigint(20) UNSIGNED DEFAULT NULL,
  `created_via` varchar(100) COLLATE utf8mb4_unicode_520_ci DEFAULT NULL,
  `woocommerce_version` varchar(20) COLLATE utf8mb4_unicode_520_ci DEFAULT NULL,
  `prices_include_tax` tinyint(1) DEFAULT NULL,
  `coupon_usages_are_counted` tinyint(1) DEFAULT NULL,
  `download_permission_granted` tinyint(1) DEFAULT NULL,
  `cart_hash` varchar(100) COLLATE utf8mb4_unicode_520_ci DEFAULT NULL,
  `new_order_email_sent` tinyint(1) DEFAULT NULL,
  `order_key` varchar(100) COLLATE utf8mb4_unicode_520_ci DEFAULT NULL,
  `order_stock_reduced` tinyint(1) DEFAULT NULL,
  `date_paid_gmt` datetime DEFAULT NULL,
  `date_completed_gmt` datetime DEFAULT NULL,
  `shipping_tax_amount` decimal(26,8) DEFAULT NULL,
  `shipping_total_amount` decimal(26,8) DEFAULT NULL,
  `discount_tax_amount` decimal(26,8) DEFAULT NULL,
  `discount_total_amount` decimal(26,8) DEFAULT NULL,
  `recorded_sales` tinyint(1) DEFAULT NULL
) ENGINE=InnoDB DEFAULT CHARSET=utf8mb4 COLLATE=utf8mb4_unicode_520_ci;

--
-- Dumping data for table `mentorwc_order_operational_data`
--

INSERT INTO `mentorwc_order_operational_data` (`id`, `order_id`, `created_via`, `woocommerce_version`, `prices_include_tax`, `coupon_usages_are_counted`, `download_permission_granted`, `cart_hash`, `new_order_email_sent`, `order_key`, `order_stock_reduced`, `date_paid_gmt`, `date_completed_gmt`, `shipping_tax_amount`, `shipping_total_amount`, `discount_tax_amount`, `discount_total_amount`, `recorded_sales`) VALUES
(3, 2229, 'store-api', '8.6.1', 0, 1, 1, '410f8a5216cbd85fd67d3b25714cf7a6', 1, 'wc_order_q5z4744Die7bI', 1, '2024-03-06 11:09:03', NULL, '0.00000000', '0.00000000', '0.00000000', '0.00000000', 1),
(11, 2233, 'store-api', '8.6.1', 0, 1, 1, '05f5d6302d48f149a5f5866feca60c16', 1, 'wc_order_ww4g8nDPDFJJS', 1, '2024-03-10 07:19:59', NULL, '0.00000000', '0.00000000', '0.00000000', '0.00000000', 1),
(13, 2234, 'store-api', '8.6.1', 0, 1, 1, '009a980bac674d6d9abf44dd820b2ff7', 1, 'wc_order_9XD6YcYdR0Q7v', 1, '2024-03-10 04:11:27', NULL, '0.00000000', '0.00000000', '0.00000000', '0.00000000', 1),
(21, 2235, 'store-api', '8.6.1', 0, 1, 1, '19ce817980ca0bf281ca30727eca8a70', 1, 'wc_order_b5uJLWcuqMYTh', 1, '2024-03-10 04:13:16', NULL, '0.00000000', '0.00000000', '0.00000000', '0.00000000', 1),
(39, 2239, 'store-api', '8.6.1', 0, 1, 1, '2abd654126e2f7828466bce2265b6855', 1, 'wc_order_SrF0mtyU0adgn', 1, '2024-03-12 10:31:35', NULL, '0.00000000', '0.00000000', '0.00000000', '0.00000000', 1),
(49, 2241, 'store-api', '8.6.1', 0, 1, 0, '19ce817980ca0bf281ca30727eca8a70', 0, 'wc_order_FKKSFGnvta1k5', 0, NULL, NULL, '0.00000000', '0.00000000', '0.00000000', '0.00000000', 0),
(54, 2244, 'store-api', '8.6.1', 0, 1, 1, '9fc57178320d9272e8b251432762c772', 1, 'wc_order_CJPO0pOUCuLgY', 1, '2024-03-13 16:20:56', NULL, '0.00000000', '0.00000000', '0.00000000', '0.00000000', 1),
(62, 2246, 'store-api', '8.6.1', 0, 1, 1, 'a96e4921b3275b30ed3a53453d1e3cd2', 1, 'wc_order_bdMM6aQWZqdms', 1, '2024-03-13 17:11:57', NULL, '0.00000000', '0.00000000', '0.00000000', '0.00000000', 1),
(70, 2247, 'store-api', '8.6.1', 0, 1, 1, '19ce817980ca0bf281ca30727eca8a70', 0, 'wc_order_LtCcPDsxfaPwB', 1, '2024-03-14 16:09:15', NULL, '0.00000000', '0.00000000', '0.00000000', '0.00000000', 1),
(72, 2248, 'store-api', '8.6.1', 0, 1, 1, '19ce817980ca0bf281ca30727eca8a70', 0, 'wc_order_I89vaScAxDY3V', 1, '2024-03-15 08:04:28', NULL, '0.00000000', '0.00000000', '0.00000000', '0.00000000', 1),
(74, 2249, 'store-api', '8.6.1', 0, 1, 1, '19ce817980ca0bf281ca30727eca8a70', 1, 'wc_order_4VCYgUDJLa30J', 1, '2024-03-14 09:56:26', NULL, '0.00000000', '0.00000000', '0.00000000', '0.00000000', 1),
(92, 2255, 'store-api', '8.6.1', 0, 1, 1, '13a3f3da798698c85b7347a6a7d2a2fc', 1, 'wc_order_8WVWoDOYzDvZH', 1, '2024-03-15 09:36:07', NULL, '0.00000000', '0.00000000', '0.00000000', '0.00000000', 1),
(102, 2257, 'store-api', '8.6.1', 0, 1, 0, 'b10cc3615899f2608b8e7fb38f178ec0', 0, 'wc_order_iR2qYRy67Fulh', 0, NULL, NULL, '0.00000000', '0.00000000', '0.00000000', '0.00000000', 0),
(109, 2266, 'store-api', '8.6.1', 0, 1, 1, '23fe7b152f3f2404626ba338c1f22bea', 1, 'wc_order_nFWvtvXaPzMxu', 1, '2024-03-22 08:19:26', NULL, '0.00000000', '0.00000000', '0.00000000', '0.00000000', 1),
(117, 2267, 'store-api', '8.6.1', 0, 1, 0, '23fe7b152f3f2404626ba338c1f22bea', 0, 'wc_order_EGF2eumBr5orC', 0, NULL, NULL, '0.00000000', '0.00000000', '0.00000000', '0.00000000', 0),
(120, 2268, 'store-api', '8.6.1', 0, 1, 1, 'c64ec113175d85db7f90f53fe5ebcdd0', 1, 'wc_order_cFO9eKDpHcpJT', 1, '2024-03-22 08:37:52', NULL, '0.00000000', '0.00000000', '0.00000000', '0.00000000', 1),
(123, 2269, 'store-api', '8.6.1', 0, 1, 1, '430c4c0dd15d3faace56cb3a3083fdb7', 1, 'wc_order_dj8wL8cIIAJtU', 1, '2024-03-22 08:38:15', NULL, '0.00000000', '0.00000000', '0.00000000', '0.00000000', 1),
(136, 2270, 'store-api', '8.6.1', 0, 1, 1, 'b10cc3615899f2608b8e7fb38f178ec0', 1, 'wc_order_VIueeKV6bhUy2', 1, '2024-03-22 10:45:18', NULL, '0.00000000', '0.00000000', '0.00000000', '0.00000000', 1),
(144, 2271, 'store-api', '8.6.1', 0, 1, 0, 'f26e7b98fb4b0aa7861424a44cb04d94', 0, 'wc_order_CzCQ710DDz89P', 0, NULL, NULL, '0.00000000', '0.00000000', '0.00000000', '0.00000000', 0),
(151, 2274, 'store-api', '8.6.1', 0, 1, 1, '23fe7b152f3f2404626ba338c1f22bea', 1, 'wc_order_xrlP9EBpsLkHv', 1, '2024-03-27 05:27:45', NULL, '0.00000000', '0.00000000', '0.00000000', '0.00000000', 1),
(162, 2278, 'store-api', '8.6.1', 0, 1, 1, '23fe7b152f3f2404626ba338c1f22bea', 1, 'wc_order_5WC7pZdU853I2', 1, '2024-04-02 07:42:02', NULL, '0.00000000', '0.00000000', '0.00000000', '0.00000000', 1),
(187, 2284, 'store-api', '8.6.1', 0, 1, 1, '4923be333b4dcd1c8aba6ad998ffbfa8', 1, 'wc_order_czUhdCYv3UeGC', 1, '2024-04-11 05:50:13', '2024-04-11 06:45:28', '0.00000000', '0.00000000', '0.00000000', '0.00000000', 1),
(216, 2286, 'store-api', '8.6.1', 0, 1, 1, '5b731869342696a93dc108bd3ec0e04b', 1, 'wc_order_5VEDfNiZbhpEn', 1, '2024-04-17 15:57:00', '2024-04-17 16:08:14', '0.00000000', '0.00000000', '0.00000000', '0.00000000', 1),
(225, 2288, 'store-api', '8.6.1', 0, 1, 1, 'b10cc3615899f2608b8e7fb38f178ec0', 1, 'wc_order_ETG2oJebFwZil', 1, '2024-04-17 16:17:56', NULL, '0.00000000', '0.00000000', '0.00000000', '0.00000000', 1),
(233, 2289, 'store-api', '8.6.1', 0, 1, 1, '5b731869342696a93dc108bd3ec0e04b', 1, 'wc_order_NnFe1LnFBVpfS', 1, '2024-04-17 16:25:38', NULL, '0.00000000', '0.00000000', '0.00000000', '0.00000000', 1),
(241, 2290, 'store-api', '8.6.1', 0, 1, 1, '5b731869342696a93dc108bd3ec0e04b', 1, 'wc_order_adXcPAvoP8iK9', 1, '2024-04-17 17:03:21', '2024-04-17 17:06:39', '0.00000000', '0.00000000', '0.00000000', '0.00000000', 1),
(250, 2291, 'store-api', '8.6.1', 0, 0, 0, '4923be333b4dcd1c8aba6ad998ffbfa8', 0, 'wc_order_lAojsMkeYuSUP', 0, NULL, NULL, '0.00000000', '0.00000000', '0.00000000', '0.00000000', 0),
(252, 2292, 'store-api', '8.6.1', 0, 1, 1, 'b10cc3615899f2608b8e7fb38f178ec0', 1, 'wc_order_OMYJs5XUfjNpv', 1, '2024-04-18 06:16:02', NULL, '0.00000000', '0.00000000', '0.00000000', '0.00000000', 1);

-- --------------------------------------------------------

--
-- Table structure for table `mentorwc_order_product_lookup`
--

CREATE TABLE `mentorwc_order_product_lookup` (
  `order_item_id` bigint(20) UNSIGNED NOT NULL,
  `order_id` bigint(20) UNSIGNED NOT NULL,
  `product_id` bigint(20) UNSIGNED NOT NULL,
  `variation_id` bigint(20) UNSIGNED NOT NULL,
  `customer_id` bigint(20) UNSIGNED DEFAULT NULL,
  `date_created` datetime NOT NULL DEFAULT '0000-00-00 00:00:00',
  `product_qty` int(11) NOT NULL,
  `product_net_revenue` double NOT NULL DEFAULT 0,
  `product_gross_revenue` double NOT NULL DEFAULT 0,
  `coupon_amount` double NOT NULL DEFAULT 0,
  `tax_amount` double NOT NULL DEFAULT 0,
  `shipping_amount` double NOT NULL DEFAULT 0,
  `shipping_tax_amount` double NOT NULL DEFAULT 0
) ENGINE=InnoDB DEFAULT CHARSET=utf8mb4 COLLATE=utf8mb4_unicode_520_ci;

--
-- Dumping data for table `mentorwc_order_product_lookup`
--

INSERT INTO `mentorwc_order_product_lookup` (`order_item_id`, `order_id`, `product_id`, `variation_id`, `customer_id`, `date_created`, `product_qty`, `product_net_revenue`, `product_gross_revenue`, `coupon_amount`, `tax_amount`, `shipping_amount`, `shipping_tax_amount`) VALUES
(8, 2229, 2225, 0, 3, '2024-03-06 11:05:29', 1, 9.99, 9.99, 0, 0, 0, 0),
(9, 2229, 2223, 0, 3, '2024-03-06 11:05:29', 2, 18, 18, 0, 0, 0, 0),
(26, 2233, 2225, 0, 5, '2024-03-10 04:09:49', 2, 19.98, 19.98, 0, 0, 0, 0),
(27, 2233, 2223, 0, 5, '2024-03-10 04:09:49', 1, 9, 9, 0, 0, 0, 0),
(29, 2234, 2223, 0, 7, '2024-03-10 04:10:33', 1, 9, 9, 0, 0, 0, 0),
(34, 2235, 2225, 0, 7, '2024-03-10 04:12:44', 1, 9.99, 9.99, 0, 0, 0, 0),
(52, 2239, 2223, 0, 10, '2024-03-12 07:19:39', 2, 18, 18, 0, 0, 0, 0),
(53, 2239, 2225, 0, 10, '2024-03-12 07:19:39', 1, 9.99, 9.99, 0, 0, 0, 0),
(59, 2241, 2225, 0, 13, '2024-03-13 12:12:15', 1, 9.99, 9.99, 0, 0, 0, 0),
(73, 2244, 2240, 0, 15, '2024-03-13 16:16:38', 1, 8, 8, 0, 0, 0, 0),
(81, 2246, 2225, 0, 5, '2024-03-13 17:11:06', 1, 9.99, 9.99, 0, 0, 0, 0),
(82, 2246, 2240, 0, 5, '2024-03-13 17:11:06', 1, 8, 8, 0, 0, 0, 0),
(86, 2247, 2225, 0, 16, '2024-03-14 09:53:52', 1, 9.99, 9.99, 0, 0, 0, 0),
(88, 2248, 2225, 0, 17, '2024-03-14 09:53:55', 1, 9.99, 9.99, 0, 0, 0, 0),
(92, 2249, 2225, 0, 19, '2024-03-14 09:54:00', 1, 9.99, 9.99, 0, 0, 0, 0),
(97, 2255, 2252, 0, 5, '2024-03-15 09:26:51', 2, 18, 18, 0, 0, 0, 0),
(103, 2257, 2252, 0, 12, '2024-03-16 04:14:12', 1, 9, 9, 0, 0, 0, 0),
(115, 2266, 2252, 0, 23, '2024-03-22 08:15:58', 1, 9, 9, 0, 0, 0, 0),
(124, 2267, 2252, 0, 23, '2024-03-22 08:22:51', 1, 9, 9, 0, 0, 0, 0),
(129, 2268, 2264, 0, 24, '2024-03-22 08:35:09', 2, 18, 18, 0, 0, 0, 0),
(136, 2269, 2264, 0, 19, '2024-03-22 08:36:00', 2, 18, 18, 0, 0, 0, 0),
(137, 2269, 2252, 0, 19, '2024-03-22 08:36:00', 1, 9, 9, 0, 0, 0, 0),
(143, 2270, 2252, 0, 25, '2024-03-22 10:40:21', 1, 9, 9, 0, 0, 0, 0),
(152, 2271, 2264, 0, 25, '2024-03-22 10:46:41', 1, 9, 9, 0, 0, 0, 0),
(161, 2274, 2252, 0, 26, '2024-03-27 05:23:29', 1, 9, 9, 0, 0, 0, 0),
(180, 2278, 2252, 0, 12, '2024-04-02 07:40:50', 1, 9, 9, 0, 0, 0, 0),
(223, 2284, 2252, 0, 5, '2024-04-11 05:46:59', 1, 9, 9, 0, 0, 0, 0),
(224, 2284, 2264, 0, 5, '2024-04-11 05:46:59', 1, 9, 9, 0, 0, 0, 0),
(231, 2286, 2264, 0, 5, '2024-04-17 15:50:40', 1, 9, 9, 0, 0, 0, 0),
(236, 2288, 2252, 0, 5, '2024-04-17 16:14:45', 1, 9, 9, 0, 0, 0, 0),
(240, 2289, 2264, 0, 5, '2024-04-17 16:24:44', 1, 9, 9, 0, 0, 0, 0),
(244, 2290, 2264, 0, 5, '2024-04-17 17:02:15', 1, 9, 9, 0, 0, 0, 0),
(248, 2291, 2252, 0, 5, '2024-04-18 06:09:42', 1, 9, 9, 0, 0, 0, 0),
(249, 2291, 2264, 0, 5, '2024-04-18 06:09:42', 1, 9, 9, 0, 0, 0, 0),
(252, 2292, 2252, 0, 31, '2024-04-18 06:14:38', 1, 9, 9, 0, 0, 0, 0);

-- --------------------------------------------------------

--
-- Table structure for table `mentorwc_order_stats`
--

CREATE TABLE `mentorwc_order_stats` (
  `order_id` bigint(20) UNSIGNED NOT NULL,
  `parent_id` bigint(20) UNSIGNED NOT NULL DEFAULT 0,
  `date_created` datetime NOT NULL DEFAULT '0000-00-00 00:00:00',
  `date_created_gmt` datetime NOT NULL DEFAULT '0000-00-00 00:00:00',
  `date_paid` datetime DEFAULT '0000-00-00 00:00:00',
  `date_completed` datetime DEFAULT '0000-00-00 00:00:00',
  `num_items_sold` int(11) NOT NULL DEFAULT 0,
  `total_sales` double NOT NULL DEFAULT 0,
  `tax_total` double NOT NULL DEFAULT 0,
  `shipping_total` double NOT NULL DEFAULT 0,
  `net_total` double NOT NULL DEFAULT 0,
  `returning_customer` tinyint(1) DEFAULT NULL,
  `status` varchar(200) COLLATE utf8mb4_unicode_520_ci NOT NULL,
  `customer_id` bigint(20) UNSIGNED NOT NULL
) ENGINE=InnoDB DEFAULT CHARSET=utf8mb4 COLLATE=utf8mb4_unicode_520_ci;

--
-- Dumping data for table `mentorwc_order_stats`
--

INSERT INTO `mentorwc_order_stats` (`order_id`, `parent_id`, `date_created`, `date_created_gmt`, `date_paid`, `date_completed`, `num_items_sold`, `total_sales`, `tax_total`, `shipping_total`, `net_total`, `returning_customer`, `status`, `customer_id`) VALUES
(2229, 0, '2024-03-06 11:05:29', '2024-03-06 11:05:29', '2024-03-06 11:09:03', NULL, 3, 27.99, 0, 0, 27.99, 0, 'wc-processing', 3),
(2233, 0, '2024-03-10 04:09:49', '2024-03-10 04:09:49', '2024-03-10 07:19:59', NULL, 3, 28.98, 0, 0, 28.98, 0, 'wc-processing', 5),
(2234, 0, '2024-03-10 04:10:33', '2024-03-10 04:10:33', '2024-03-10 04:11:27', NULL, 1, 9, 0, 0, 9, 0, 'wc-processing', 7),
(2235, 0, '2024-03-10 04:12:44', '2024-03-10 04:12:44', '2024-03-10 04:13:16', NULL, 1, 9.99, 0, 0, 9.99, 1, 'wc-processing', 7),
(2239, 0, '2024-03-12 07:19:39', '2024-03-12 07:19:39', '2024-03-12 10:31:35', NULL, 3, 27.99, 0, 0, 27.99, 0, 'wc-processing', 10),
(2241, 0, '2024-03-13 12:12:15', '2024-03-13 12:12:15', NULL, NULL, 1, 9.99, 0, 0, 9.99, 0, 'wc-pending', 13),
(2244, 0, '2024-03-13 16:16:38', '2024-03-13 16:16:38', '2024-03-13 16:20:56', NULL, 1, 8, 0, 0, 8, 0, 'wc-processing', 15),
(2246, 0, '2024-03-13 17:11:06', '2024-03-13 17:11:06', '2024-03-13 17:11:57', NULL, 2, 17.99, 0, 0, 17.99, 1, 'wc-processing', 5),
(2247, 0, '2024-03-14 09:53:52', '2024-03-14 09:53:52', '2024-03-14 16:09:15', NULL, 1, 9.99, 0, 0, 9.99, 0, 'wc-processing', 16),
(2248, 0, '2024-03-14 09:53:55', '2024-03-14 09:53:55', '2024-03-15 08:04:28', NULL, 1, 9.99, 0, 0, 9.99, 0, 'wc-processing', 17),
(2249, 0, '2024-03-14 09:54:00', '2024-03-14 09:54:00', '2024-03-14 09:56:26', NULL, 1, 9.99, 0, 0, 9.99, 0, 'wc-processing', 19),
(2255, 0, '2024-03-15 09:26:51', '2024-03-15 09:26:51', '2024-03-15 09:36:07', NULL, 2, 18, 0, 0, 18, 1, 'wc-processing', 5),
(2257, 0, '2024-03-16 04:14:12', '2024-03-16 04:14:12', NULL, NULL, 1, 9, 0, 0, 9, 0, 'wc-pending', 12),
(2266, 0, '2024-03-22 08:15:58', '2024-03-22 08:15:58', '2024-03-22 08:19:26', NULL, 1, 9, 0, 0, 9, 0, 'wc-processing', 23),
(2267, 0, '2024-03-22 08:22:51', '2024-03-22 08:22:51', NULL, NULL, 1, 9, 0, 0, 9, 1, 'wc-failed', 23),
(2268, 0, '2024-03-22 08:35:09', '2024-03-22 08:35:09', '2024-03-22 08:37:52', NULL, 2, 18, 0, 0, 18, 0, 'wc-processing', 24),
(2269, 0, '2024-03-22 08:36:00', '2024-03-22 08:36:00', '2024-03-22 08:38:15', NULL, 3, 27, 0, 0, 27, 1, 'wc-processing', 19),
(2270, 0, '2024-03-22 10:40:21', '2024-03-22 10:40:21', '2024-03-22 10:45:18', NULL, 1, 9, 0, 0, 9, 0, 'wc-processing', 25),
(2271, 0, '2024-03-22 10:46:41', '2024-03-22 10:46:41', NULL, NULL, 1, 9, 0, 0, 9, 1, 'wc-failed', 25),
(2274, 0, '2024-03-27 05:23:29', '2024-03-27 05:23:29', '2024-03-27 05:27:45', NULL, 1, 9, 0, 0, 9, 0, 'wc-processing', 26),
(2278, 0, '2024-04-02 07:40:50', '2024-04-02 07:40:50', '2024-04-02 07:42:02', NULL, 1, 9, 0, 0, 9, 0, 'wc-processing', 12),
(2284, 0, '2024-04-11 05:46:59', '2024-04-11 05:46:59', '2024-04-11 05:50:13', '2024-04-11 06:45:28', 2, 18, 0, 0, 18, 1, 'wc-completed', 5),
(2286, 0, '2024-04-17 15:50:40', '2024-04-17 15:50:40', '2024-04-17 15:57:00', '2024-04-17 16:08:14', 1, 9, 0, 0, 9, 1, 'wc-completed', 5),
(2288, 0, '2024-04-17 16:14:45', '2024-04-17 16:14:45', '2024-04-17 16:17:56', NULL, 1, 9, 0, 0, 9, 1, 'wc-processing', 5),
(2289, 0, '2024-04-17 16:24:44', '2024-04-17 16:24:44', '2024-04-17 16:25:38', NULL, 1, 9, 0, 0, 9, 1, 'wc-processing', 5),
(2290, 0, '2024-04-17 17:02:15', '2024-04-17 17:02:15', '2024-04-17 17:03:21', '2024-04-17 17:06:39', 1, 9, 0, 0, 9, 1, 'wc-completed', 5),
(2291, 0, '2024-04-18 06:09:42', '2024-04-18 06:09:42', NULL, NULL, 2, 18, 0, 0, 18, 1, 'wc-checkout-draft', 5),
(2292, 0, '2024-04-18 06:14:38', '2024-04-18 06:14:38', '2024-04-18 06:16:02', NULL, 1, 9, 0, 0, 9, 0, 'wc-processing', 31);

-- --------------------------------------------------------

--
-- Table structure for table `mentorwc_order_tax_lookup`
--

CREATE TABLE `mentorwc_order_tax_lookup` (
  `order_id` bigint(20) UNSIGNED NOT NULL,
  `tax_rate_id` bigint(20) UNSIGNED NOT NULL,
  `date_created` datetime NOT NULL DEFAULT '0000-00-00 00:00:00',
  `shipping_tax` double NOT NULL DEFAULT 0,
  `order_tax` double NOT NULL DEFAULT 0,
  `total_tax` double NOT NULL DEFAULT 0
) ENGINE=InnoDB DEFAULT CHARSET=utf8mb4 COLLATE=utf8mb4_unicode_520_ci;

-- --------------------------------------------------------

--
-- Table structure for table `mentorwc_product_attributes_lookup`
--

CREATE TABLE `mentorwc_product_attributes_lookup` (
  `product_id` bigint(20) NOT NULL,
  `product_or_parent_id` bigint(20) NOT NULL,
  `taxonomy` varchar(32) COLLATE utf8mb4_unicode_520_ci NOT NULL,
  `term_id` bigint(20) NOT NULL,
  `is_variation_attribute` tinyint(1) NOT NULL,
  `in_stock` tinyint(1) NOT NULL
) ENGINE=InnoDB DEFAULT CHARSET=utf8mb4 COLLATE=utf8mb4_unicode_520_ci;

-- --------------------------------------------------------

--
-- Table structure for table `mentorwc_product_download_directories`
--

CREATE TABLE `mentorwc_product_download_directories` (
  `url_id` bigint(20) UNSIGNED NOT NULL,
  `url` varchar(256) COLLATE utf8mb4_unicode_520_ci NOT NULL,
  `enabled` tinyint(1) NOT NULL DEFAULT 0
) ENGINE=InnoDB DEFAULT CHARSET=utf8mb4 COLLATE=utf8mb4_unicode_520_ci;

--
-- Dumping data for table `mentorwc_product_download_directories`
--

INSERT INTO `mentorwc_product_download_directories` (`url_id`, `url`, `enabled`) VALUES
(1, 'file:///var/www/mentor-demo/wp-content/uploads/woocommerce_uploads/', 1),
(2, 'https://demo.mentor.in/wp-content/uploads/woocommerce_uploads/', 1);

-- --------------------------------------------------------

--
-- Table structure for table `mentorwc_product_meta_lookup`
--

CREATE TABLE `mentorwc_product_meta_lookup` (
  `product_id` bigint(20) NOT NULL,
  `sku` varchar(100) COLLATE utf8mb4_unicode_520_ci DEFAULT '',
  `virtual` tinyint(1) DEFAULT 0,
  `downloadable` tinyint(1) DEFAULT 0,
  `min_price` decimal(19,4) DEFAULT NULL,
  `max_price` decimal(19,4) DEFAULT NULL,
  `onsale` tinyint(1) DEFAULT 0,
  `stock_quantity` double DEFAULT NULL,
  `stock_status` varchar(100) COLLATE utf8mb4_unicode_520_ci DEFAULT 'instock',
  `rating_count` bigint(20) DEFAULT 0,
  `average_rating` decimal(3,2) DEFAULT 0.00,
  `total_sales` bigint(20) DEFAULT 0,
  `tax_status` varchar(100) COLLATE utf8mb4_unicode_520_ci DEFAULT 'taxable',
  `tax_class` varchar(100) COLLATE utf8mb4_unicode_520_ci DEFAULT ''
) ENGINE=InnoDB DEFAULT CHARSET=utf8mb4 COLLATE=utf8mb4_unicode_520_ci;

--
-- Dumping data for table `mentorwc_product_meta_lookup`
--

INSERT INTO `mentorwc_product_meta_lookup` (`product_id`, `sku`, `virtual`, `downloadable`, `min_price`, `max_price`, `onsale`, `stock_quantity`, `stock_status`, `rating_count`, `average_rating`, `total_sales`, `tax_status`, `tax_class`) VALUES
(2223, '', 0, 0, '9.0000', '9.0000', 1, NULL, 'instock', 0, '0.00', 6, 'taxable', ''),
(2225, '', 0, 0, '9.9900', '9.9900', 1, NULL, 'instock', 0, '0.00', 9, 'taxable', ''),
(2240, 'test-product-3', 0, 0, '8.0000', '8.0000', 0, NULL, 'instock', 0, '0.00', 2, 'taxable', ''),
(2252, '', 0, 0, '9.0000', '9.0000', 1, NULL, 'instock', 0, '0.00', 10, 'taxable', ''),
(2264, '', 0, 0, '9.0000', '9.0000', 1, NULL, 'instock', 0, '0.00', 8, 'taxable', '');

-- --------------------------------------------------------

--
-- Table structure for table `mentorwc_rate_limits`
--

CREATE TABLE `mentorwc_rate_limits` (
  `rate_limit_id` bigint(20) UNSIGNED NOT NULL,
  `rate_limit_key` varchar(200) COLLATE utf8mb4_unicode_520_ci NOT NULL,
  `rate_limit_expiry` bigint(20) UNSIGNED NOT NULL,
  `rate_limit_remaining` smallint(10) NOT NULL DEFAULT 0
) ENGINE=InnoDB DEFAULT CHARSET=utf8mb4 COLLATE=utf8mb4_unicode_520_ci;

-- --------------------------------------------------------

--
-- Table structure for table `mentorwc_reserved_stock`
--

CREATE TABLE `mentorwc_reserved_stock` (
  `order_id` bigint(20) NOT NULL,
  `product_id` bigint(20) NOT NULL,
  `stock_quantity` double NOT NULL DEFAULT 0,
  `timestamp` datetime NOT NULL DEFAULT '0000-00-00 00:00:00',
  `expires` datetime NOT NULL DEFAULT '0000-00-00 00:00:00'
) ENGINE=InnoDB DEFAULT CHARSET=utf8mb4 COLLATE=utf8mb4_unicode_520_ci;

-- --------------------------------------------------------

--
-- Table structure for table `mentorwc_tax_rate_classes`
--

CREATE TABLE `mentorwc_tax_rate_classes` (
  `tax_rate_class_id` bigint(20) UNSIGNED NOT NULL,
  `name` varchar(200) COLLATE utf8mb4_unicode_520_ci NOT NULL DEFAULT '',
  `slug` varchar(200) COLLATE utf8mb4_unicode_520_ci NOT NULL DEFAULT ''
) ENGINE=InnoDB DEFAULT CHARSET=utf8mb4 COLLATE=utf8mb4_unicode_520_ci;

--
-- Dumping data for table `mentorwc_tax_rate_classes`
--

INSERT INTO `mentorwc_tax_rate_classes` (`tax_rate_class_id`, `name`, `slug`) VALUES
(1, 'Reduced rate', 'reduced-rate'),
(2, 'Zero rate', 'zero-rate');

-- --------------------------------------------------------

--
-- Table structure for table `mentorwc_webhooks`
--

CREATE TABLE `mentorwc_webhooks` (
  `webhook_id` bigint(20) UNSIGNED NOT NULL,
  `status` varchar(200) COLLATE utf8mb4_unicode_520_ci NOT NULL,
  `name` text COLLATE utf8mb4_unicode_520_ci NOT NULL,
  `user_id` bigint(20) UNSIGNED NOT NULL,
  `delivery_url` text COLLATE utf8mb4_unicode_520_ci NOT NULL,
  `secret` text COLLATE utf8mb4_unicode_520_ci NOT NULL,
  `topic` varchar(200) COLLATE utf8mb4_unicode_520_ci NOT NULL,
  `date_created` datetime NOT NULL DEFAULT '0000-00-00 00:00:00',
  `date_created_gmt` datetime NOT NULL DEFAULT '0000-00-00 00:00:00',
  `date_modified` datetime NOT NULL DEFAULT '0000-00-00 00:00:00',
  `date_modified_gmt` datetime NOT NULL DEFAULT '0000-00-00 00:00:00',
  `api_version` smallint(4) NOT NULL,
  `failure_count` smallint(10) NOT NULL DEFAULT 0,
  `pending_delivery` tinyint(1) NOT NULL DEFAULT 0
) ENGINE=InnoDB DEFAULT CHARSET=utf8mb4 COLLATE=utf8mb4_unicode_520_ci;

-- --------------------------------------------------------

--
-- Table structure for table `mentorwfblockediplog`
--

CREATE TABLE `mentorwfblockediplog` (
  `IP` binary(16) NOT NULL DEFAULT '\0\0\0\0\0\0\0\0\0\0\0\0\0\0\0\0',
  `countryCode` varchar(2) NOT NULL,
  `blockCount` int(10) UNSIGNED NOT NULL DEFAULT 0,
  `unixday` int(10) UNSIGNED NOT NULL,
  `blockType` varchar(50) NOT NULL DEFAULT 'generic'
) ENGINE=InnoDB DEFAULT CHARSET=utf8;

-- --------------------------------------------------------

--
-- Table structure for table `mentorwfblocks7`
--

CREATE TABLE `mentorwfblocks7` (
  `id` bigint(20) UNSIGNED NOT NULL,
  `type` int(10) UNSIGNED NOT NULL DEFAULT 0,
  `IP` binary(16) NOT NULL DEFAULT '\0\0\0\0\0\0\0\0\0\0\0\0\0\0\0\0',
  `blockedTime` bigint(20) NOT NULL,
  `reason` varchar(255) NOT NULL,
  `lastAttempt` int(10) UNSIGNED DEFAULT 0,
  `blockedHits` int(10) UNSIGNED DEFAULT 0,
  `expiration` bigint(20) UNSIGNED NOT NULL DEFAULT 0,
  `parameters` text DEFAULT NULL
) ENGINE=InnoDB DEFAULT CHARSET=utf8;

-- --------------------------------------------------------

--
-- Table structure for table `mentorwfconfig`
--

CREATE TABLE `mentorwfconfig` (
  `name` varchar(100) NOT NULL,
  `val` longblob DEFAULT NULL,
  `autoload` enum('no','yes') NOT NULL DEFAULT 'yes'
) ENGINE=InnoDB DEFAULT CHARSET=utf8;

--
-- Dumping data for table `mentorwfconfig`
--

INSERT INTO `mentorwfconfig` (`name`, `val`, `autoload`) VALUES
('activatingIP', 0x3130332e3233342e3135372e3138, 'yes'),
('actUpdateInterval', 0x32, 'yes'),
('addCacheComment', 0x30, 'yes'),
('adminNoticeQueue', 0x613a303a7b7d, 'yes'),
('adminUserList', 0x613a313a7b693a313b693a313b7d, 'yes'),
('advancedCommentScanning', 0x31, 'yes'),
('ajaxWatcherDisabled_admin', 0x30, 'yes'),
('ajaxWatcherDisabled_front', 0x30, 'yes'),
('alertEmails', 0x72687974686140676d61696c2e636f6d, 'yes'),
('alertOn_adminLogin', 0x31, 'yes'),
('alertOn_block', 0x31, 'yes'),
('alertOn_breachLogin', 0x31, 'yes'),
('alertOn_firstAdminLoginOnly', 0x30, 'yes'),
('alertOn_firstNonAdminLoginOnly', 0x30, 'yes'),
('alertOn_loginLockout', 0x31, 'yes'),
('alertOn_lostPasswdForm', 0x31, 'yes'),
('alertOn_nonAdminLogin', 0x30, 'yes'),
('alertOn_scanIssues', 0x31, 'yes'),
('alertOn_severityLevel', 0x3235, 'yes'),
('alertOn_throttle', 0x30, 'yes'),
('alertOn_update', 0x30, 'yes'),
('alertOn_wafDeactivated', 0x31, 'yes'),
('alertOn_wordfenceDeactivated', 0x31, 'yes'),
('alert_maxHourly', 0x30, 'yes'),
('allowed404s', 0x2f66617669636f6e2e69636f0a2f6170706c652d746f7563682d69636f6e2a2e706e670a2f2a4032782e706e670a2f62726f77736572636f6e6669672e786d6c, 'yes'),
('allowed404s6116Migration', 0x31, 'yes'),
('allowHTTPSCaching', 0x30, 'yes'),
('allowLegacy2FA', 0x30, 'yes'),
('allowMySQLi', 0x31, 'yes'),
('allScansScheduled', 0x613a323a7b693a303b613a323a7b733a393a2274696d657374616d70223b693a313731333630303630303b733a343a2261726773223b613a313a7b693a303b693a313731333630303630303b7d7d693a313b613a323a7b733a393a2274696d657374616d70223b693a313731333835393830303b733a343a2261726773223b613a313a7b693a303b693a313731333835393830303b7d7d7d, 'yes'),
('apiKey', 0x6263363835623532343134356661303835363331653035386630333836356338363330653739373033353862663665623732633865303039316163313833326133646536353762333531663334313764313835393131333935303431636365626431393136626361366161386362646563363638363835353039353230373065, 'yes'),
('autoBlockScanners', 0x31, 'yes'),
('autoUpdate', 0x31, 'yes'),
('autoUpdateAttempts', 0x30, 'yes'),
('autoUpdateChoice', 0x31, 'yes'),
('bannedURLs', '', 'yes'),
('betaThreatDefenseFeed', 0x30, 'yes'),
('blockCustomText', '', 'yes'),
('blockedTime', 0x31383030, 'yes'),
('blockFakeBots', 0x31, 'yes'),
('blocks702Migration', 0x31, 'yes'),
('cacheType', 0x64697361626c6564, 'yes'),
('cbl_action', 0x626c6f636b, 'yes'),
('cbl_bypassRedirDest', '', 'yes'),
('cbl_bypassRedirURL', '', 'yes'),
('cbl_bypassViewURL', '', 'yes'),
('cbl_cookieVal', 0x35633939616335343632373337, 'yes'),
('cbl_loggedInBlocked', '', 'yes'),
('cbl_redirURL', '', 'yes'),
('cbl_restOfSiteBlocked', 0x31, 'yes'),
('checkSpamIP', 0x31, 'yes'),
('config701Migration', 0x31, 'yes'),
('config720Migration', 0x31, 'yes');
INSERT INTO `mentorwfconfig` (`name`, `val`, `autoload`) VALUES
('coreHashes', 0x[encoded data, 289082 characters], 'no');
